-- https://www.phpmyadmin.net/
--
-- Wersja serwera: 10.6.20-MariaDB
-- Wersja PHP: 8.3.15

START TRANSACTION;



--
-- Database: `pbciroko_ap_zdrojowa`
--

-- --------------------------------------------------------

--
-- Struktura tabeli dla tabeli `backend_access_log`
--

CREATE TABLE `backend_access_log` (
  `id` int(10) UNSIGNED NOT NULL,
  `user_id` int(10) UNSIGNED NOT NULL,
  `ip_address` varchar(191) DEFAULT NULL,
  `created_at` timestamp NULL DEFAULT NULL,
  `updated_at` timestamp NULL DEFAULT NULL
) ENGINE=InnoDB DEFAULT CHARSET=utf8mb4 COLLATE=utf8mb4_unicode_ci;

--
-- Dumping data for table `backend_access_log`
--

INSERT INTO `backend_access_log` (`id`, `user_id`, `ip_address`, `created_at`, `updated_at`) VALUES
(1, 1, '::1', '2019-11-12 11:58:23', '2019-11-12 11:58:23'),
(2, 1, '127.0.0.1', '2019-11-19 08:42:13', '2019-11-19 08:42:13'),
(3, 1, '127.0.0.1', '2019-11-19 08:46:11', '2019-11-19 08:46:11'),
(4, 1, '127.0.0.1', '2019-12-05 12:38:18', '2019-12-05 12:38:18'),
(5, 1, '127.0.0.1', '2019-12-05 12:40:23', '2019-12-05 12:40:23'),
(6, 1, '127.0.0.1', '2019-12-19 14:42:41', '2019-12-19 14:42:41'),
(7, 5, '127.0.0.1', '2020-01-16 15:29:43', '2020-01-16 15:29:43'),
(8, 1, '127.0.0.1', '2020-01-21 07:11:30', '2020-01-21 07:11:30'),
(9, 5, '127.0.0.1', '2020-01-24 07:54:13', '2020-01-24 07:54:13'),
(10, 5, '127.0.0.1', '2020-01-24 08:25:44', '2020-01-24 08:25:44'),
(11, 5, '127.0.0.1', '2020-02-05 11:41:12', '2020-02-05 11:41:12'),
(12, 5, '127.0.0.1', '2020-02-05 11:42:22', '2020-02-05 11:42:22'),
(13, 5, '127.0.0.1', '2020-02-11 10:58:59', '2020-02-11 10:58:59'),
(14, 5, '127.0.0.1', '2020-02-27 09:39:19', '2020-02-27 09:39:19'),
(15, 5, '127.0.0.1', '2020-02-27 13:39:54', '2020-02-27 13:39:54'),
(16, 1, '127.0.0.1', '2020-03-18 12:55:33', '2020-03-18 12:55:33'),
(17, 1, '127.0.0.1', '2020-03-18 15:29:08', '2020-03-18 15:29:08'),
(18, 1, '127.0.0.1', '2020-03-19 07:17:29', '2020-03-19 07:17:29'),
(19, 1, '127.0.0.1', '2020-03-23 13:45:16', '2020-03-23 13:45:16'),
(20, 1, '37.30.18.125', '2020-03-27 14:32:27', '2020-03-27 14:32:27'),
(21, 1, '127.0.0.1', '2020-03-31 11:13:12', '2020-03-31 11:13:12'),
(22, 3, '88.199.146.60', '2020-04-03 09:45:16', '2020-04-03 09:45:16'),
(23, 1, '127.0.0.1', '2020-04-09 08:39:48', '2020-04-09 08:39:48'),
(24, 1, '127.0.0.1', '2020-04-10 09:56:41', '2020-04-10 09:56:41'),
(25, 1, '127.0.0.1', '2020-04-15 07:01:29', '2020-04-15 07:01:29'),
(26, 1, '127.0.0.1', '2020-04-21 12:07:31', '2020-04-21 12:07:31'),
(27, 1, '127.0.0.1', '2020-04-23 09:15:23', '2020-04-23 09:15:23'),
(28, 1, '127.0.0.1', '2020-05-06 07:53:08', '2020-05-06 07:53:08'),
(29, 3, '88.199.146.60', '2020-05-11 12:31:46', '2020-05-11 12:31:46'),
(30, 1, '37.30.18.125', '2020-05-13 15:11:25', '2020-05-13 15:11:25'),
(31, 1, '37.30.18.125', '2020-05-14 09:35:19', '2020-05-14 09:35:19'),
(32, 1, '37.30.18.125', '2020-06-05 09:10:47', '2020-06-05 09:10:47'),
(33, 3, '88.199.146.60', '2020-06-05 13:43:31', '2020-06-05 13:43:31'),
(34, 6, '37.30.18.125', '2020-06-08 14:07:44', '2020-06-08 14:07:44'),
(35, 7, '37.30.18.125', '2020-06-08 14:08:41', '2020-06-08 14:08:41'),
(36, 8, '37.30.18.125', '2020-06-08 14:09:39', '2020-06-08 14:09:39'),
(37, 6, '79.175.252.49', '2020-06-09 15:09:46', '2020-06-09 15:09:46'),
(38, 1, '79.189.126.69', '2020-06-19 07:39:39', '2020-06-19 07:39:39'),
(39, 2, '79.189.126.69', '2020-07-06 08:09:49', '2020-07-06 08:09:49'),
(40, 1, '79.189.126.69', '2020-07-08 08:19:22', '2020-07-08 08:19:22'),
(41, 1, '79.189.126.69', '2020-07-08 08:19:37', '2020-07-08 08:19:37'),
(42, 6, '213.155.166.154', '2020-07-08 13:49:26', '2020-07-08 13:49:26'),
(43, 6, '213.155.166.154', '2020-07-10 15:40:31', '2020-07-10 15:40:31'),
(44, 1, '79.189.126.69', '2020-07-13 09:09:42', '2020-07-13 09:09:42'),
(45, 6, '213.155.166.154', '2020-07-13 10:26:33', '2020-07-13 10:26:33'),
(46, 3, '79.189.126.69', '2020-07-15 13:57:03', '2020-07-15 13:57:03'),
(47, 1, '79.189.126.69', '2020-07-16 12:36:20', '2020-07-16 12:36:20'),
(48, 1, '79.189.126.69', '2020-07-16 12:36:24', '2020-07-16 12:36:24'),
(49, 6, '213.155.166.154', '2020-08-27 11:48:56', '2020-08-27 11:48:56'),
(50, 3, '79.189.126.69', '2020-09-24 08:52:57', '2020-09-24 08:52:57'),
(51, 3, '79.189.126.69', '2020-09-28 13:15:44', '2020-09-28 13:15:44'),
(52, 3, '89.64.99.192', '2021-08-12 18:39:03', '2021-08-12 18:39:03'),
(53, 3, '79.189.126.69', '2021-08-13 12:34:02', '2021-08-13 12:34:02'),
(54, 3, '79.189.126.69', '2022-01-28 09:27:23', '2022-01-28 09:27:23'),
(55, 3, '79.189.126.69', '2022-03-25 09:14:47', '2022-03-25 09:14:47'),
(56, 3, '79.189.126.69', '2022-06-10 10:28:20', '2022-06-10 10:28:20'),
(57, 3, '79.189.126.69', '2022-10-03 11:44:57', '2022-10-03 11:44:57'),
(58, 6, '157.25.104.74', '2024-02-12 10:44:00', '2024-02-12 10:44:00'),
(59, 3, '79.189.126.69', '2024-03-28 10:22:52', '2024-03-28 10:22:52');

-- --------------------------------------------------------

--
-- Struktura tabeli dla tabeli `backend_users`
--

CREATE TABLE `backend_users` (
  `id` int(10) UNSIGNED NOT NULL,
  `first_name` varchar(191) DEFAULT NULL,
  `last_name` varchar(191) DEFAULT NULL,
  `login` varchar(191) NOT NULL,
  `email` varchar(191) NOT NULL,
  `password` varchar(191) NOT NULL,
  `activation_code` varchar(191) DEFAULT NULL,
  `persist_code` varchar(191) DEFAULT NULL,
  `reset_password_code` varchar(191) DEFAULT NULL,
  `permissions` text DEFAULT NULL,
  `is_activated` tinyint(1) NOT NULL DEFAULT 0,
  `role_id` int(10) UNSIGNED DEFAULT NULL,
  `activated_at` timestamp NULL DEFAULT NULL,
  `last_login` timestamp NULL DEFAULT NULL,
  `created_at` timestamp NULL DEFAULT NULL,
  `updated_at` timestamp NULL DEFAULT NULL,
  `deleted_at` timestamp NULL DEFAULT NULL,
  `is_superuser` tinyint(1) NOT NULL DEFAULT 0
) ENGINE=InnoDB DEFAULT CHARSET=utf8mb4 COLLATE=utf8mb4_unicode_ci;

--
-- Dumping data for table `backend_users`
--

INSERT INTO `backend_users` (`id`, `first_name`, `last_name`, `login`, `email`, `password`, `activation_code`, `persist_code`, `reset_password_code`, `permissions`, `is_activated`, `role_id`, `activated_at`, `last_login`, `created_at`, `updated_at`, `deleted_at`, `is_superuser`) VALUES
(1, 'Mateusz', 'Wysocki', 'mwysocki', 'mateuszw@ssi.com.pl', '$2y$10$/Vi7v8hzOJ4IDFgyQ8g32uNGzybZW0CE/Z5BJ/1FErTW8AysBJkeu', NULL, '$2y$10$ynUdcSi9jvs/58glOQbW2OWBTlurHzreL30TlH1UdnuD7PwTqfUcm', NULL, '', 1, 2, NULL, '2020-07-16 12:36:24', '2019-11-12 10:43:50', '2020-07-16 12:36:24', NULL, 1),
(2, 'Paweł', 'Tokarski', 'ptokarski', 'pawelt@ssi.com.pl', '$2y$10$VjKH3WOT6AiAhA1xNOamfOdBMfvp85fOo3DffP0lVJCZENGjSUOUK', NULL, '$2y$10$0.s8qKLTTNOptfuefq9bPuoSQbmy4a/OVD8w7mUS5vykGdX/BdsmW', NULL, '', 0, 2, NULL, '2020-07-06 08:09:49', '2019-11-19 08:44:36', '2020-07-06 08:09:49', NULL, 1),
(3, 'SSI', '', 'ssi', 'ssi@ssi.com.pl', '$2y$10$djzXF2gDKigaf6OxPxBJMeRBtrvmscR8SEdjtqJfrDLrc3HNhEBHi', NULL, '$2y$10$gtDdqHH67dTG3FyNyAycBuGGhZcIUi0O7NT2cljw4FE9zngnJoZ.W', NULL, '', 0, 2, NULL, '2024-03-28 10:22:51', '2019-11-19 08:48:20', '2024-03-28 10:22:51', NULL, 1),
(4, 'user', '', 'user', 'user@ssi.com.pl', '$2y$10$0CBF/Yr.VdEMknJAncyk4urtqevX0v9iF1dR1GRFUGaCTLOU/I0eW', NULL, NULL, NULL, '', 0, 3, NULL, NULL, '2019-11-19 08:49:57', '2019-11-19 09:22:24', NULL, 0),
(5, 'Kuba', 'Radtke', 'jradtke', 'kubar@ssi.com.pl', '$2y$10$aWNVnDfAvL3qOSu8YWW6cOXSk8zCkdm4DxYJ0WeHNC.7rcZcrMQWi', NULL, '$2y$10$UVbkbzQzV3HTd03F4ZIFqeoZMrnd4/lgdTs0suMOLAJFPj3QdTo12', NULL, '', 0, 2, NULL, '2020-02-27 13:39:54', '2019-11-19 10:13:26', '2020-02-27 13:39:54', NULL, 1),
(6, 'Marcin', '', 'Marcin', 'oska.m@ciroko.com.pl', '$2y$10$qDfhn51hvgltV0AVsTJfIuqmJX2Sag5a2Bzy7IAS2ddk1sfFfAh4O', NULL, NULL, NULL, '', 0, 3, NULL, '2024-02-12 10:43:57', '2020-06-08 14:06:31', '2024-02-12 10:49:45', NULL, 0),
(7, 'Anna', '', 'Anna', 'janiak.a@ciroko.com.pl', '$2y$10$QjXYUHsFxRTNUc7P6xYDz.o/Y/68mD50zLt3GlZbUo0SuFPLzB6fW', NULL, NULL, NULL, '', 0, 3, NULL, '2020-06-08 14:08:41', '2020-06-08 14:07:02', '2020-06-08 14:09:30', NULL, 0),
(8, 'Monika', '', 'Monika', 'halas.m@ciroko.com.pl', '$2y$10$46zjz00aypAwDWkfmWMIj.nSjYzaQ2GmXr0ychDnfneDHTzaYcBV2', NULL, NULL, NULL, '', 0, 3, NULL, '2020-06-08 14:09:39', '2020-06-08 14:07:26', '2020-06-08 14:10:37', NULL, 0);

-- --------------------------------------------------------

--
-- Struktura tabeli dla tabeli `backend_users_groups`
--

CREATE TABLE `backend_users_groups` (
  `user_id` int(10) UNSIGNED NOT NULL,
  `user_group_id` int(10) UNSIGNED NOT NULL
) ENGINE=InnoDB DEFAULT CHARSET=utf8mb4 COLLATE=utf8mb4_unicode_ci;

--
-- Dumping data for table `backend_users_groups`
--

INSERT INTO `backend_users_groups` (`user_id`, `user_group_id`) VALUES
(1, 1);

-- --------------------------------------------------------

--
-- Struktura tabeli dla tabeli `backend_user_groups`
--

CREATE TABLE `backend_user_groups` (
  `id` int(10) UNSIGNED NOT NULL,
  `name` varchar(191) NOT NULL,
  `created_at` timestamp NULL DEFAULT NULL,
  `updated_at` timestamp NULL DEFAULT NULL,
  `code` varchar(191) DEFAULT NULL,
  `description` text DEFAULT NULL,
  `is_new_user_default` tinyint(1) NOT NULL DEFAULT 0
) ENGINE=InnoDB DEFAULT CHARSET=utf8mb4 COLLATE=utf8mb4_unicode_ci;

--
-- Dumping data for table `backend_user_groups`
--

INSERT INTO `backend_user_groups` (`id`, `name`, `created_at`, `updated_at`, `code`, `description`, `is_new_user_default`) VALUES
(1, 'Owners', '2019-11-12 10:43:50', '2019-11-12 10:43:50', 'owners', 'Default group for website owners.', 0);

-- --------------------------------------------------------

--
-- Struktura tabeli dla tabeli `backend_user_preferences`
--

CREATE TABLE `backend_user_preferences` (
  `id` int(10) UNSIGNED NOT NULL,
  `user_id` int(10) UNSIGNED NOT NULL,
  `namespace` varchar(100) NOT NULL,
  `group` varchar(50) NOT NULL,
  `item` varchar(150) NOT NULL,
  `value` text DEFAULT NULL
) ENGINE=InnoDB DEFAULT CHARSET=utf8mb4 COLLATE=utf8mb4_unicode_ci;

--
-- Dumping data for table `backend_user_preferences`
--

INSERT INTO `backend_user_preferences` (`id`, `user_id`, `namespace`, `group`, `item`, `value`) VALUES
(1, 1, 'backend', 'reportwidgets', 'dashboard', '{\"welcome\":{\"class\":\"Backend\\\\ReportWidgets\\\\Welcome\",\"sortOrder\":50,\"configuration\":{\"ocWidgetWidth\":7}},\"systemStatus\":{\"class\":\"System\\\\ReportWidgets\\\\Status\",\"sortOrder\":60,\"configuration\":{\"title\":\"System status\",\"ocWidgetWidth\":7,\"ocWidgetNewRow\":null}},\"activeTheme\":{\"class\":\"Cms\\\\ReportWidgets\\\\ActiveTheme\",\"sortOrder\":70,\"configuration\":{\"title\":\"Website\",\"ocWidgetWidth\":5,\"ocWidgetNewRow\":null}},\"report_container_dashboard_4\":{\"class\":\"Indikator\\\\Backend\\\\ReportWidgets\\\\Cache\",\"configuration\":{\"title\":\"indikator.backend::lang.widgets.cache.label\",\"ocWidgetWidth\":\"6\"},\"sortOrder\":71}}'),
(2, 5, 'backend', 'reportwidgets', 'dashboard', '{\"welcome\":{\"class\":\"Backend\\\\ReportWidgets\\\\Welcome\",\"sortOrder\":50,\"configuration\":{\"ocWidgetWidth\":7}},\"systemStatus\":{\"class\":\"System\\\\ReportWidgets\\\\Status\",\"sortOrder\":60,\"configuration\":{\"ocWidgetWidth\":7}},\"activeTheme\":{\"class\":\"Cms\\\\ReportWidgets\\\\ActiveTheme\",\"sortOrder\":70,\"configuration\":{\"ocWidgetWidth\":5}},\"report_container_dashboard_4\":{\"class\":\"Indikator\\\\Backend\\\\ReportWidgets\\\\Cache\",\"configuration\":{\"title\":\"indikator.backend::lang.widgets.cache.label\",\"ocWidgetWidth\":\"12\"},\"sortOrder\":71}}'),
(3, 1, 'ssi_apartamenty', 'apartment', 'lists', '{\"visible\":[\"id\",\"name\",\"description\",\"price\",\"max_guests\"],\"per_page\":\"20\"}'),
(4, 1, 'ssi_pakietypobytowe', 'package', 'lists', '{\"visible\":[\"id\",\"name\",\"price\"],\"per_page\":\"20\"}'),
(5, 1, 'ssi_atrakcje', 'attraction', 'lists', '{\"visible\":[\"id\",\"name\",\"short_description\",\"on_main\"],\"per_page\":\"20\"}'),
(6, 6, 'backend', 'backend', 'preferences', '{\"locale\":\"pl\",\"fallback_locale\":\"en\",\"timezone\":\"Europe\\/Warsaw\",\"editor_font_size\":12,\"editor_word_wrap\":\"fluid\",\"editor_code_folding\":\"manual\",\"editor_tab_size\":4,\"editor_theme\":\"twilight\",\"editor_show_invisibles\":false,\"editor_highlight_active_line\":true,\"editor_use_hard_tabs\":false,\"editor_show_gutter\":true,\"editor_auto_closing\":false,\"editor_autocompletion\":\"manual\",\"editor_enable_snippets\":false,\"editor_display_indent_guides\":false,\"editor_show_print_margin\":false,\"rounded_avatar\":\"0\",\"topmenu_label\":\"0\",\"sidebar_description\":\"0\",\"sidebar_search\":\"0\",\"focus_searchfield\":\"0\",\"context_menu\":\"0\",\"virtual_keyboard\":\"0\",\"user_id\":6}'),
(7, 6, 'ssi_atrakcje', 'attraction', 'lists', '{\"visible\":[\"id\",\"name\",\"short_description\",\"slug\",\"on_main\"],\"per_page\":\"20\"}'),
(8, 6, 'ssi_pakietypobytowe', 'package', 'lists', '{\"visible\":[\"id\",\"name\",\"price\",\"on_main\"],\"per_page\":\"20\"}'),
(9, 7, 'backend', 'backend', 'preferences', '{\"locale\":\"en\",\"fallback_locale\":\"en\",\"timezone\":\"Europe\\/Warsaw\",\"editor_font_size\":12,\"editor_word_wrap\":\"fluid\",\"editor_code_folding\":\"manual\",\"editor_tab_size\":4,\"editor_theme\":\"twilight\",\"editor_show_invisibles\":false,\"editor_highlight_active_line\":true,\"editor_use_hard_tabs\":false,\"editor_show_gutter\":true,\"editor_auto_closing\":false,\"editor_autocompletion\":\"manual\",\"editor_enable_snippets\":false,\"editor_display_indent_guides\":false,\"editor_show_print_margin\":false,\"rounded_avatar\":\"0\",\"topmenu_label\":\"0\",\"sidebar_description\":\"0\",\"sidebar_search\":\"0\",\"focus_searchfield\":\"0\",\"context_menu\":\"0\",\"virtual_keyboard\":\"0\",\"user_id\":7}'),
(10, 7, 'ssi_atrakcje', 'attraction', 'lists', '{\"visible\":[\"id\",\"name\",\"short_description\",\"slug\",\"on_main\"],\"per_page\":\"20\"}'),
(11, 7, 'ssi_pakietypobytowe', 'package', 'lists', '{\"visible\":[\"id\",\"name\",\"price\",\"on_main\"],\"per_page\":\"20\"}'),
(12, 8, 'backend', 'backend', 'preferences', '{\"locale\":\"pl\",\"fallback_locale\":\"en\",\"timezone\":\"Europe\\/Warsaw\",\"editor_font_size\":12,\"editor_word_wrap\":\"fluid\",\"editor_code_folding\":\"manual\",\"editor_tab_size\":4,\"editor_theme\":\"twilight\",\"editor_show_invisibles\":false,\"editor_highlight_active_line\":true,\"editor_use_hard_tabs\":false,\"editor_show_gutter\":true,\"editor_auto_closing\":false,\"editor_autocompletion\":\"manual\",\"editor_enable_snippets\":false,\"editor_display_indent_guides\":false,\"editor_show_print_margin\":false,\"rounded_avatar\":\"0\",\"topmenu_label\":\"0\",\"sidebar_description\":\"0\",\"sidebar_search\":\"0\",\"focus_searchfield\":\"0\",\"context_menu\":\"0\",\"virtual_keyboard\":\"0\",\"user_id\":8}'),
(13, 8, 'ssi_pakietypobytowe', 'package', 'lists', '{\"visible\":[\"id\",\"name\",\"price\",\"on_main\"],\"per_page\":\"20\"}'),
(14, 8, 'ssi_atrakcje', 'attraction', 'lists', '{\"visible\":[\"id\",\"name\",\"short_description\",\"slug\",\"on_main\"],\"per_page\":\"20\"}'),
(15, 6, 'backend', 'reportwidgets', 'dashboard', '{\"welcome\":{\"class\":\"Backend\\\\ReportWidgets\\\\Welcome\",\"sortOrder\":\"50\",\"configuration\":{\"ocWidgetWidth\":7}},\"systemStatus\":{\"class\":\"System\\\\ReportWidgets\\\\Status\",\"sortOrder\":\"70\",\"configuration\":{\"title\":\"Status systemu\",\"ocWidgetWidth\":\"7\",\"ocWidgetNewRow\":null}},\"activeTheme\":{\"class\":\"Cms\\\\ReportWidgets\\\\ActiveTheme\",\"sortOrder\":\"60\",\"configuration\":{\"title\":\"Strona\",\"ocWidgetWidth\":5,\"ocWidgetNewRow\":null}}}'),
(16, 2, 'backend', 'reportwidgets', 'dashboard', '{\"welcome\":{\"class\":\"Backend\\\\ReportWidgets\\\\Welcome\",\"sortOrder\":50,\"configuration\":{\"ocWidgetWidth\":7}},\"systemStatus\":{\"class\":\"System\\\\ReportWidgets\\\\Status\",\"sortOrder\":60,\"configuration\":{\"ocWidgetWidth\":7}},\"activeTheme\":{\"class\":\"Cms\\\\ReportWidgets\\\\ActiveTheme\",\"sortOrder\":70,\"configuration\":{\"ocWidgetWidth\":5}},\"report_container_dashboard_4\":{\"class\":\"Indikator\\\\Backend\\\\ReportWidgets\\\\Cache\",\"configuration\":{\"title\":\"indikator.backend::lang.widgets.cache.label\",\"ocWidgetWidth\":\"12\"},\"sortOrder\":71}}'),
(17, 3, 'backend', 'backend', 'preferences', '{\"locale\":\"pl\",\"fallback_locale\":\"en\",\"timezone\":\"UTC\",\"editor_font_size\":\"12\",\"editor_word_wrap\":\"fluid\",\"editor_code_folding\":\"manual\",\"editor_tab_size\":\"4\",\"editor_theme\":\"twilight\",\"editor_show_invisibles\":\"0\",\"editor_highlight_active_line\":\"1\",\"editor_use_hard_tabs\":\"0\",\"editor_show_gutter\":\"1\",\"editor_auto_closing\":\"0\",\"editor_autocompletion\":\"manual\",\"editor_enable_snippets\":\"0\",\"editor_display_indent_guides\":\"0\",\"editor_show_print_margin\":\"0\",\"rounded_avatar\":\"0\",\"topmenu_label\":\"0\",\"sidebar_description\":\"0\",\"sidebar_search\":\"0\",\"focus_searchfield\":\"0\",\"context_menu\":\"0\",\"virtual_keyboard\":\"0\",\"user_id\":3}');

-- --------------------------------------------------------

--
-- Struktura tabeli dla tabeli `backend_user_roles`
--

CREATE TABLE `backend_user_roles` (
  `id` int(10) UNSIGNED NOT NULL,
  `name` varchar(191) NOT NULL,
  `code` varchar(191) DEFAULT NULL,
  `description` text DEFAULT NULL,
  `permissions` text DEFAULT NULL,
  `is_system` tinyint(1) NOT NULL DEFAULT 0,
  `created_at` timestamp NULL DEFAULT NULL,
  `updated_at` timestamp NULL DEFAULT NULL
) ENGINE=InnoDB DEFAULT CHARSET=utf8mb4 COLLATE=utf8mb4_unicode_ci;

--
-- Dumping data for table `backend_user_roles`
--

INSERT INTO `backend_user_roles` (`id`, `name`, `code`, `description`, `permissions`, `is_system`, `created_at`, `updated_at`) VALUES
(2, 'Developer', 'developer', 'Site administrator with access to developer tools.', '', 1, '2019-11-12 10:43:50', '2019-11-12 10:43:50'),
(3, 'User', 'user', '', '{\"cms.manage_theme_options\":\"1\",\"rainlab.pages.manage_pages\":\"1\",\"rainlab.pages.manage_content\":\"1\",\"apartments\":\"1\",\"attractions\":\"1\",\"gallery\":\"1\",\"packages\":\"1\",\"backend.access_dashboard\":\"1\",\"media.manage_media\":\"1\",\"backend.manage_preferences\":\"1\"}', 0, '2019-11-19 09:22:01', '2020-06-08 14:06:09');

-- --------------------------------------------------------

--
-- Struktura tabeli dla tabeli `backend_user_throttle`
--

CREATE TABLE `backend_user_throttle` (
  `id` int(10) UNSIGNED NOT NULL,
  `user_id` int(10) UNSIGNED DEFAULT NULL,
  `ip_address` varchar(191) DEFAULT NULL,
  `attempts` int(11) NOT NULL DEFAULT 0,
  `last_attempt_at` timestamp NULL DEFAULT NULL,
  `is_suspended` tinyint(1) NOT NULL DEFAULT 0,
  `suspended_at` timestamp NULL DEFAULT NULL,
  `is_banned` tinyint(1) NOT NULL DEFAULT 0,
  `banned_at` timestamp NULL DEFAULT NULL
) ENGINE=InnoDB DEFAULT CHARSET=utf8mb4 COLLATE=utf8mb4_unicode_ci;

--
-- Dumping data for table `backend_user_throttle`
--

INSERT INTO `backend_user_throttle` (`id`, `user_id`, `ip_address`, `attempts`, `last_attempt_at`, `is_suspended`, `suspended_at`, `is_banned`, `banned_at`) VALUES
(1, 1, '::1', 0, NULL, 0, NULL, 0, NULL),
(2, 1, '127.0.0.1', 0, NULL, 0, NULL, 0, NULL),
(3, 5, '127.0.0.1', 0, NULL, 0, NULL, 0, NULL),
(4, 1, '37.30.18.125', 0, NULL, 0, NULL, 0, NULL),
(5, 3, '88.199.146.60', 0, NULL, 0, NULL, 0, NULL),
(6, 6, '37.30.18.125', 0, NULL, 0, NULL, 0, NULL),
(7, 7, '37.30.18.125', 0, NULL, 0, NULL, 0, NULL),
(8, 8, '37.30.18.125', 0, NULL, 0, NULL, 0, NULL),
(9, 6, '79.175.252.49', 0, NULL, 0, NULL, 0, NULL),
(10, 6, '213.155.166.154', 0, NULL, 0, NULL, 0, NULL),
(11, 6, '31.0.87.4', 0, NULL, 0, NULL, 0, NULL),
(12, 1, '79.189.126.69', 0, NULL, 0, NULL, 0, NULL),
(13, 2, '79.189.126.69', 0, NULL, 0, NULL, 0, NULL),
(14, 3, '79.189.126.69', 0, NULL, 0, NULL, 0, NULL),
(15, 3, '89.64.99.192', 0, NULL, 0, NULL, 0, NULL),
(16, 6, '157.25.104.74', 0, NULL, 0, NULL, 0, NULL);

-- --------------------------------------------------------

--
-- Struktura tabeli dla tabeli `cache`
--

CREATE TABLE `cache` (
  `key` varchar(191) NOT NULL,
  `value` longtext NOT NULL,
  `expiration` int(11) NOT NULL
) ENGINE=InnoDB DEFAULT CHARSET=utf8mb4 COLLATE=utf8mb4_unicode_ci;

-- --------------------------------------------------------

--
-- Struktura tabeli dla tabeli `cms_theme_data`
--

CREATE TABLE `cms_theme_data` (
  `id` int(10) UNSIGNED NOT NULL,
  `theme` varchar(191) DEFAULT NULL,
  `data` mediumtext DEFAULT NULL,
  `created_at` timestamp NULL DEFAULT NULL,
  `updated_at` timestamp NULL DEFAULT NULL
) ENGINE=InnoDB DEFAULT CHARSET=utf8mb4 COLLATE=utf8mb4_unicode_ci;

--
-- Dumping data for table `cms_theme_data`
--

INSERT INTO `cms_theme_data` (`id`, `theme`, `data`, `created_at`, `updated_at`) VALUES
(1, 'default', '{\"site_name\":\"My Amazing Site!\",\"header_robots\":\"1\",\"header_sticky\":\"1\",\"header_sticky_subsites\":\"1\",\"footer_name\":\"Rondo\",\"footer_realization\":\"1\",\"slider\":\"[]\",\"contact_street\":\"Zdrojowa 20\\/3\",\"contact_city\":\"72-600 \\u015awinouj\\u015bcie\",\"contact_phone1\":\"+48 784 084 216\",\"contact_phone2\":\"+48 604 498 813\",\"contact_phone3\":\"\",\"contact_phone4\":\"\",\"contact_phone5\":\"\",\"contact_account_pl\":\"15 1050 1559 1000 0024 2467 9591\",\"contact_account_eu\":\"14 1050 1559 1000 0024 2467 9609\",\"contact_email\":\"rezerwacja@zdrojowa-apartamenty.pl\",\"contact_fb\":\"https:\\/\\/www.facebook.com\\/rondoapartamentyswinoujscie\\/\",\"contact_insta\":\"https:\\/\\/www.instagram.com\\/apartamentyciroko\\/\",\"contact_hours_week\":\"<p><strong>Zdrojowa Apartamenty \\u2013 masa\\u017ce<\\/strong>\\r\\n\\t<br>Poniedzia\\u0142ek \\u2013 Niedziela\\r\\n\\t<br>9:00 \\u2013 16:00<\\/p>\\r\\n\\r\\n<p>\\r\\n\\t<br>\\r\\n<\\/p>\\r\\n\\r\\n<p><strong>Godziny otwarcia<\\/strong><strong><u><br><\\/u><\\/strong>Niedziela \\u2013 Pi\\u0105tek \\u2013 8:00 \\u2013 16:00\\r\\n\\t<br>Sobota \\u2013 8:00 \\u2013 18:00<\\/p>\",\"contact_hours_weekend\":\"\",\"contact_hours_week_en\":\"<p><strong>Zdrojowa Apartments - Massages<\\/strong>\\r\\n\\t<br>Monday - Sunday\\r\\n\\t<br>9:00 \\u2013 16:00<\\/p>\\r\\n\\r\\n<p>\\r\\n\\t<br>\\r\\n<\\/p>\\r\\n\\r\\n<p><strong>Opening hours<\\/strong><strong><u><br><\\/u><\\/strong>Sunday - Friday \\u2013 8:00 \\u2013 16:00\\r\\n\\t<br>Saturday \\u2013 8:00 \\u2013 18:00<\\/p>\",\"contact_hours_week_de\":\"<p><strong>Zdrojowa Apartments - Massagen<\\/strong>\\r\\n\\t<br>Montag \\u2013 Sonntag 9:00 \\u2013 16:00<\\/p>\\r\\n\\r\\n<p>\\r\\n\\t<br>\\r\\n<\\/p>\\r\\n\\r\\n<p><strong>Godziny otwarcia<\\/strong><\\/p>\\r\\n\\r\\n<p><span lang=\\\"de\\\">Sonntag - Freitag<\\/span>\\u2013 8:00 \\u2013 16:00\\r\\n\\t<br><span lang=\\\"de\\\">Samstag<\\/span> \\u2013 8:00 \\u2013 18:00<\\/p>\"}', '2020-02-10 13:11:00', '2020-07-16 12:39:01'),
(2, 'standard-template', '{\"site_name\":\"My Amazing Site!\",\"slider\":\"My Amazing Site!\",\"sticky\":\"0\",\"top_section_header\":\"Test\",\"top_section_paragraph\":\"Test2\",\"contact_name\":\"testowa\",\"contact_address\":\"testowa 23\\/3\",\"contact_phone\":\"555555555\",\"contact_phone2\":\"555555555\",\"contact_email\":\"testowy@test.pl\",\"contact_fb\":\"test\",\"contact_insta\":\"test\",\"footer_name\":\"Testowa\",\"footer_realization\":\"1\",\"sections\":\"[{\\\"header\\\":\\\"test\\\",\\\"paragraph\\\":\\\"<p>Lorem ipsum dolor amet bushwick adaptogen truffaut actually wolf skateboard kombucha raclette XOXO tumblr edison bulb craft beer VHS. La croix gluten-free prism meggings. Salvia swag twee single-origin coffee taxidermy hammock, selvage retro +1 disrupt authentic neutra 3 wolf moon next level. Franzen wayfarers af jianbing marfa raclette green juice bicycle rights, mustache flexitarian beard truffaut. Vexillologist succulents street art tumeric live-edge knausgaard chambray four loko. Craft beer succulents williamsburg twee health goth typewriter roof party af letterpress shoreditch raw denim slow-carb.<\\\\\\/p>\\\\r\\\\n\\\\r\\\\n<p>Meh kitsch dreamcatcher air plant flannel, brunch viral vinyl messenger bag schlitz jean shorts hot chicken marfa activated charcoal. Chillwave typewriter heirloom celiac master cleanse. Taiyaki prism palo santo, XOXO enamel pin chillwave retro. Fanny pack butcher distillery four loko typewriter everyday carry. Cliche affogato skateboard unicorn taxidermy aesthetic chambray literally banjo slow-carb chia. Mixtape master cleanse cronut hell of, chillwave vape kombucha locavore.<\\\\\\/p>\\\",\\\"button\\\":\\\"reverse\\\",\\\"button_text\\\":\\\"Dowiedz si\\\\u0119 wi\\\\u0119cej\\\",\\\"button_link\\\":\\\"\\\\\\/test\\\",\\\"image\\\":\\\"\\\\\\/homepage-sek2\\\\\\/bella-huang-596578-unsplash.jpg\\\",\\\"position\\\":\\\"right\\\",\\\"_group\\\":\\\"textWithImage\\\"},{\\\"header\\\":\\\"test\\\",\\\"paragraph\\\":\\\"<ul>\\\\r\\\\n    <li>you probably haven\'t heard of them scenester actually&nbsp;<\\\\\\/li>\\\\r\\\\n    <li>jianbing green juice,&nbsp;<\\\\\\/li>\\\\r\\\\n    <li>four loko copper mug trust fund gluten-free cray retro&nbsp;<\\\\\\/li>\\\\r\\\\n    <li>synth schlitz waistcoat blue bottle palo santo kinfolk neutra waistcoat sriracha<\\\\\\/li>\\\\r\\\\n<\\\\\\/ul>\\\",\\\"border\\\":\\\"0\\\",\\\"position\\\":\\\"left\\\",\\\"button\\\":\\\"0\\\",\\\"button_version\\\":\\\"main\\\",\\\"button_text\\\":\\\"tekst\\\",\\\"button_link\\\":\\\"\\\\\\/test\\\",\\\"background_image\\\":\\\"\\\\\\/homepage-sek1\\\\\\/kal-visuals-aK4iPNYipnU-unsplash.jpg\\\",\\\"_group\\\":\\\"fullScreenImage\\\"},{\\\"header\\\":\\\"test2\\\",\\\"paragraph\\\":\\\"<p>Lorem ipsum dolor amet bushwick adaptogen truffaut actually wolf skateboard kombucha raclette XOXO tumblr edison bulb craft beer VHS. La croix gluten-free prism meggings. Salvia swag twee single-origin coffee taxidermy hammock, selvage retro +1 disrupt authentic neutra 3 wolf moon next level. Franzen wayfarers af jianbing marfa raclette green juice bicycle rights, mustache flexitarian beard truffaut. Vexillologist succulents street art tumeric live-edge knausgaard chambray four loko. Craft beer succulents williamsburg twee health goth typewriter roof party af letterpress shoreditch raw denim slow-carb.<\\\\\\/p>\\\\r\\\\n\\\\r\\\\n<p>Meh kitsch dreamcatcher air plant flannel, brunch viral vinyl messenger bag schlitz jean shorts hot chicken marfa activated charcoal. Chillwave typewriter heirloom celiac master cleanse. Taiyaki prism palo santo, XOXO enamel pin chillwave retro. Fanny pack butcher distillery four loko typewriter everyday carry. Cliche affogato skateboard unicorn taxidermy aesthetic chambray literally banjo slow-carb chia. Mixtape master cleanse cronut hell of, chillwave vape kombucha locavore.<\\\\\\/p>\\\",\\\"button\\\":\\\"main\\\",\\\"button_text\\\":\\\"Dowiedz si\\\\u0119 wi\\\\u0119cej\\\",\\\"button_link\\\":\\\"\\\",\\\"image\\\":\\\"\\\\\\/homepage-sek2\\\\\\/bella-huang-596578-unsplash.jpg\\\",\\\"position\\\":\\\"right\\\",\\\"_group\\\":\\\"textWithImage\\\"}]\",\"header_robots\":\"1\",\"header_sticky\":\"1\",\"contact_x\":\"12\",\"contact_y\":12,\"contact_z\":\"12\",\"top_section_position\":\"left\",\"contact_city\":\"789-12 Testowo\",\"contact_NIP\":\"NIP 64658468\",\"header_sticky_subsites\":\"1\",\"top_section_border\":\"0\",\"header_border\":\"1\",\"contact_border\":\"1\"}', '2020-02-10 15:44:59', '2020-03-10 10:25:50');

-- --------------------------------------------------------

--
-- Struktura tabeli dla tabeli `cms_theme_logs`
--

CREATE TABLE `cms_theme_logs` (
  `id` int(10) UNSIGNED NOT NULL,
  `type` varchar(20) NOT NULL,
  `theme` varchar(191) DEFAULT NULL,
  `template` varchar(191) DEFAULT NULL,
  `old_template` varchar(191) DEFAULT NULL,
  `content` longtext DEFAULT NULL,
  `old_content` longtext DEFAULT NULL,
  `user_id` int(11) DEFAULT NULL,
  `created_at` timestamp NULL DEFAULT NULL,
  `updated_at` timestamp NULL DEFAULT NULL
) ENGINE=InnoDB DEFAULT CHARSET=utf8mb4 COLLATE=utf8mb4_unicode_ci;

-- --------------------------------------------------------

--
-- Struktura tabeli dla tabeli `cms_theme_templates`
--

CREATE TABLE `cms_theme_templates` (
  `id` int(10) UNSIGNED NOT NULL,
  `source` varchar(191) NOT NULL,
  `path` varchar(191) NOT NULL,
  `content` longtext NOT NULL,
  `file_size` int(10) UNSIGNED NOT NULL,
  `updated_at` datetime DEFAULT NULL,
  `deleted_at` datetime DEFAULT NULL
) ENGINE=InnoDB DEFAULT CHARSET=utf8mb4 COLLATE=utf8mb4_unicode_ci;

-- --------------------------------------------------------

--
-- Struktura tabeli dla tabeli `deferred_bindings`
--

CREATE TABLE `deferred_bindings` (
  `id` int(10) UNSIGNED NOT NULL,
  `master_type` varchar(191) NOT NULL,
  `master_field` varchar(191) NOT NULL,
  `slave_type` varchar(191) NOT NULL,
  `slave_id` varchar(191) NOT NULL,
  `session_key` varchar(191) NOT NULL,
  `is_bind` tinyint(1) NOT NULL DEFAULT 1,
  `created_at` timestamp NULL DEFAULT NULL,
  `updated_at` timestamp NULL DEFAULT NULL
) ENGINE=InnoDB DEFAULT CHARSET=utf8mb4 COLLATE=utf8mb4_unicode_ci;

--
-- Dumping data for table `deferred_bindings`
--

INSERT INTO `deferred_bindings` (`id`, `master_type`, `master_field`, `slave_type`, `slave_id`, `session_key`, `is_bind`, `created_at`, `updated_at`) VALUES
(2, 'Cms\\Models\\ThemeData', 'slider', 'System\\Models\\File', '2', 'e8ijo1vAyBTLFhKpK8uIYLty4ejSnle6HHLlmIEI', 1, '2020-02-10 15:12:03', '2020-02-10 15:12:03'),
(4, 'Cms\\Models\\ThemeData', 'slider', 'System\\Models\\File', '1', 'AmpPnvU84SoZrMgTZ9ibi0zdy9Y2HXnsB9TlvxBe', 0, '2020-02-10 15:39:38', '2020-02-10 15:39:38'),
(5, 'Cms\\Models\\ThemeData', 'slider', 'System\\Models\\File', '1', '6j0FS5FdvC7V8NCmXGZ1BzjvndJqj6r3BQkFt9kb', 0, '2020-02-10 15:40:28', '2020-02-10 15:40:28'),
(6, 'Cms\\Models\\ThemeData', 'slider', 'System\\Models\\File', '1', 'O0y0ogjgthOEen9xeFzmIuFGbhV6VBm621LmcdT3', 0, '2020-02-10 15:41:01', '2020-02-10 15:41:01'),
(8, 'Cms\\Models\\ThemeData', 'avatar', 'System\\Models\\File', '4', 'K8eTYnkp96i88Qz6uccfALTobExEtmBZ8XE10X1x', 1, '2020-02-10 16:12:10', '2020-02-10 16:12:10'),
(9, 'Cms\\Models\\ThemeData', 'avatar', 'System\\Models\\File', '5', 'YAcow6QLAiXKiQMEweJL2vgHbaBIvLwp79fA5n1G', 1, '2020-02-10 16:17:30', '2020-02-10 16:17:30'),
(10, 'Cms\\Models\\ThemeData', 'images', 'System\\Models\\File', '6', 'RzMxLmorEmtwyYf4bCbg6PuVNh8hRMNQS08mBXtL', 1, '2020-02-11 12:44:36', '2020-02-11 12:44:36'),
(33, 'SSI\\Apartamenty\\Models\\Apartment', 'images', 'System\\Models\\File', '28', 'aeLktu1NPxtJQAnzU7XkOjd08KDmHjBqUVKmAdGX', 1, '2020-03-19 10:05:19', '2020-03-19 10:05:19'),
(225, 'SSI\\Galeria\\Models\\Galeria', 'images', 'System\\Models\\File', '378', '4kYee1J4RZSEMLamFPyYj22RIgOWeQwcfwa7soxw', 1, '2020-05-29 12:11:38', '2020-05-29 12:11:38');

-- --------------------------------------------------------

--
-- Struktura tabeli dla tabeli `failed_jobs`
--

CREATE TABLE `failed_jobs` (
  `id` int(10) UNSIGNED NOT NULL,
  `connection` text NOT NULL,
  `queue` text NOT NULL,
  `payload` text NOT NULL,
  `exception` longtext DEFAULT NULL,
  `failed_at` timestamp NULL DEFAULT NULL
) ENGINE=InnoDB DEFAULT CHARSET=utf8mb4 COLLATE=utf8mb4_unicode_ci;

-- --------------------------------------------------------

--
-- Struktura tabeli dla tabeli `indikator_backend_trash`
--

CREATE TABLE `indikator_backend_trash` (
  `id` int(10) UNSIGNED NOT NULL,
  `type` varchar(1) NOT NULL DEFAULT '1',
  `path` varchar(255) NOT NULL,
  `size` varchar(8) NOT NULL DEFAULT '0'
) ENGINE=InnoDB DEFAULT CHARSET=utf8mb4 COLLATE=utf8mb4_unicode_ci;

-- --------------------------------------------------------

--
-- Struktura tabeli dla tabeli `jobs`
--

CREATE TABLE `jobs` (
  `id` bigint(20) UNSIGNED NOT NULL,
  `queue` varchar(191) NOT NULL,
  `payload` text NOT NULL,
  `attempts` tinyint(3) UNSIGNED NOT NULL,
  `reserved_at` int(10) UNSIGNED DEFAULT NULL,
  `available_at` int(10) UNSIGNED NOT NULL,
  `created_at` int(10) UNSIGNED NOT NULL
) ENGINE=InnoDB DEFAULT CHARSET=utf8mb4 COLLATE=utf8mb4_unicode_ci;

-- --------------------------------------------------------

--
-- Struktura tabeli dla tabeli `martin_forms_records`
--

CREATE TABLE `martin_forms_records` (
  `id` int(10) UNSIGNED NOT NULL,
  `group` varchar(191) NOT NULL DEFAULT '(Empty)',
  `form_data` text DEFAULT NULL,
  `ip` varchar(191) DEFAULT NULL,
  `unread` tinyint(1) NOT NULL DEFAULT 1,
  `deleted_at` timestamp NULL DEFAULT NULL,
  `created_at` timestamp NULL DEFAULT NULL,
  `updated_at` timestamp NULL DEFAULT NULL
) ENGINE=InnoDB DEFAULT CHARSET=utf8mb4 COLLATE=utf8mb4_unicode_ci;

--
-- Dumping data for table `martin_forms_records`
--

INSERT INTO `martin_forms_records` (`id`, `group`, `form_data`, `ip`, `unread`, `deleted_at`, `created_at`, `updated_at`) VALUES
(1, '(Empty)', '{\"name\":\"dsa\",\"tel\":\"48555555555\",\"email\":\"dsa@asd.pl\",\"message\":\"dsa\",\"rodo\":\"on\"}', '127.0.0.1', 0, '2020-02-06 12:45:55', '2020-02-05 12:45:44', '2020-02-06 12:45:55'),
(2, '(Empty)', '{\"name\":\"dsa\",\"tel\":\"555555555\",\"email\":\"kubar@test.pl\",\"message\":\"asdasdasd\",\"rodo\":\"on\"}', '127.0.0.1', 1, '2020-02-06 12:45:55', '2020-02-06 11:32:00', '2020-02-06 12:45:55'),
(3, '(Empty)', '{\"name\":\"asdasd\",\"tel\":\"555555555\",\"email\":\"bob@bob.pl\",\"message\":\"asdasdasd\",\"rodo\":\"on\"}', '127.0.0.1', 1, '2020-02-06 12:45:55', '2020-02-06 11:39:36', '2020-02-06 12:45:55'),
(4, '(Empty)', '{\"name\":\"asdasd\",\"tel\":\"555555555\",\"email\":\"bob@bob.pl\",\"message\":\"asdasdasd\",\"rodo\":\"on\"}', '127.0.0.1', 0, '2020-02-06 12:45:55', '2020-02-06 11:59:16', '2020-02-06 12:45:55'),
(5, '(Empty)', '{\"name\":\"test\",\"tel\":\"555555555\",\"email\":\"test@test.pl\",\"message\":\"test\",\"rodo\":\"on\"}', '127.0.0.1', 1, '2020-02-06 12:45:55', '2020-02-06 12:11:48', '2020-02-06 12:45:55'),
(6, '(Empty)', '{\"name\":\"dsa\",\"tel\":\"555555555\",\"email\":\"test@test.pl\",\"message\":\"test@test.pl\",\"rodo\":\"on\"}', '127.0.0.1', 1, '2020-02-06 12:45:55', '2020-02-06 12:17:15', '2020-02-06 12:45:55'),
(7, '(Empty)', '{\"name\":\"test\",\"tel\":\"555555555\",\"email\":\"test@test.pl\",\"message\":\"test@test.pl\",\"rodo\":\"on\"}', '127.0.0.1', 1, '2020-02-06 12:45:55', '2020-02-06 12:18:26', '2020-02-06 12:45:55'),
(8, '(Empty)', '{\"name\":\"test\",\"tel\":\"555555555\",\"email\":\"test@test.pl\",\"message\":\"test@test.pl\",\"rodo\":\"on\"}', '127.0.0.1', 1, '2020-02-06 12:45:55', '2020-02-06 12:23:25', '2020-02-06 12:45:55'),
(9, '(Empty)', '{\"name\":\"test\",\"tel\":\"555555555\",\"email\":\"test@test.pl\",\"message\":\"test@test.pl\",\"rodo\":\"on\"}', '127.0.0.1', 1, '2020-02-06 12:45:55', '2020-02-06 12:26:26', '2020-02-06 12:45:55'),
(10, '(Empty)', '{\"name\":\"test\",\"tel\":\"555555555\",\"email\":\"test@test.pl\",\"message\":\"test@test.pl\",\"rodo\":\"on\"}', '127.0.0.1', 1, '2020-02-06 12:45:55', '2020-02-06 12:26:40', '2020-02-06 12:45:55'),
(11, '(Empty)', '{\"name\":\"test\",\"tel\":\"555555555\",\"email\":\"test@test.pl\",\"message\":\"test@test.pl\",\"rodo\":\"on\"}', '127.0.0.1', 1, '2020-02-06 12:45:55', '2020-02-06 12:26:55', '2020-02-06 12:45:55'),
(12, '(Empty)', '{\"name\":\"test\",\"tel\":\"555555555\",\"email\":\"test@test.pl\",\"message\":\"asd\",\"rodo\":\"on\"}', '127.0.0.1', 1, '2020-02-06 12:45:55', '2020-02-06 12:27:13', '2020-02-06 12:45:55'),
(13, '(Empty)', '{\"name\":\"test\",\"tel\":\"555555555\",\"email\":\"test@test.pl\",\"message\":\"test\",\"rodo\":\"on\"}', '127.0.0.1', 1, '2020-02-06 12:45:55', '2020-02-06 12:28:22', '2020-02-06 12:45:55'),
(14, '(Empty)', '{\"name\":\"test\",\"tel\":\"555555555\",\"email\":\"test@test.pl\",\"message\":\"test\",\"rodo\":\"on\"}', '127.0.0.1', 1, '2020-02-06 12:45:55', '2020-02-06 12:28:48', '2020-02-06 12:45:55'),
(15, '(Empty)', '{\"name\":\"test\",\"tel\":\"555555555\",\"email\":\"test@test.pl\",\"message\":\"test\",\"rodo\":\"on\"}', '127.0.0.1', 1, '2020-02-06 12:45:55', '2020-02-06 12:31:56', '2020-02-06 12:45:55'),
(16, '(Empty)', '{\"name\":\"test\",\"tel\":\"555555555\",\"email\":\"test@test.pl\",\"message\":\"test\",\"rodo\":\"on\"}', '127.0.0.1', 1, '2020-02-06 12:45:55', '2020-02-06 12:32:15', '2020-02-06 12:45:55'),
(17, '(Empty)', '{\"name\":\"test\",\"tel\":\"555555555\",\"email\":\"test@test.pl\",\"message\":\"test\",\"rodo\":\"on\"}', '127.0.0.1', 1, '2020-02-06 12:45:55', '2020-02-06 12:32:44', '2020-02-06 12:45:55'),
(18, '(Empty)', '{\"name\":\"test\",\"tel\":\"555555555\",\"email\":\"test@test.pl\",\"message\":\"test\",\"rodo\":\"on\"}', '127.0.0.1', 1, '2020-02-06 12:45:55', '2020-02-06 12:36:03', '2020-02-06 12:45:55'),
(19, '(Empty)', '{\"name\":\"test\",\"tel\":\"555555555\",\"email\":\"test@test.pl\",\"message\":\"test\",\"rodo\":\"on\"}', '127.0.0.1', 1, '2020-02-06 12:45:55', '2020-02-06 12:37:12', '2020-02-06 12:45:55'),
(20, '(Empty)', '{\"name\":\"test\",\"tel\":\"555555555\",\"email\":\"test@test.pl\",\"message\":\"test\",\"rodo\":\"on\"}', '127.0.0.1', 1, '2020-02-07 14:12:23', '2020-02-06 13:12:52', '2020-02-07 14:12:23'),
(21, '(Empty)', '{\"name\":\"test\",\"tel\":\"555555555\",\"email\":\"test@test.pl\",\"message\":\"test\",\"rodo\":\"on\"}', '127.0.0.1', 1, '2020-02-07 14:12:23', '2020-02-06 13:19:23', '2020-02-07 14:12:23'),
(22, '(Empty)', '{\"name\":\"test\",\"tel\":\"555555555\",\"email\":\"test@test.pl\",\"message\":\"test\",\"rodo\":\"on\"}', '127.0.0.1', 1, '2020-02-07 14:12:23', '2020-02-06 13:22:18', '2020-02-07 14:12:23'),
(23, '(Empty)', '{\"name\":\"test\",\"tel\":\"555555555\",\"email\":\"test@test.pl\",\"message\":\"test\",\"rodo\":\"on\"}', '127.0.0.1', 1, '2020-02-07 14:12:23', '2020-02-06 13:33:16', '2020-02-07 14:12:23'),
(24, '(Empty)', '{\"name\":\"test\",\"tel\":\"555555555\",\"email\":\"test@test.pl\",\"message\":\"test\",\"rodo\":\"on\"}', '127.0.0.1', 1, '2020-02-07 14:12:23', '2020-02-06 13:45:17', '2020-02-07 14:12:23'),
(25, '(Empty)', '{\"name\":\"test\",\"tel\":\"555555555\",\"email\":\"test@test.pl\",\"message\":\"test\",\"rodo\":\"on\"}', '127.0.0.1', 1, '2020-02-07 14:12:23', '2020-02-06 13:49:23', '2020-02-07 14:12:23'),
(26, '(Empty)', '{\"name\":\"test\",\"tel\":\"555555555\",\"email\":\"test@test.pl\",\"message\":\"test\",\"rodo\":\"on\"}', '127.0.0.1', 1, '2020-02-07 14:12:23', '2020-02-06 13:57:36', '2020-02-07 14:12:23'),
(27, '(Empty)', '{\"name\":\"test\",\"tel\":\"555555555\",\"email\":\"test@test.pl\",\"message\":\"test\",\"rodo\":\"on\"}', '127.0.0.1', 1, '2020-02-07 14:12:23', '2020-02-06 13:59:37', '2020-02-07 14:12:23'),
(28, 'Kontakt', '{\"name\":\"mateusz\",\"tel\":\"987654321\",\"email\":\"poksdakljsa@kdisaajfoindaifgu.pl\",\"message\":\"aoidsjiodsujh\",\"rodo\":\"on\"}', '127.0.0.1', 1, '2020-05-06 11:38:52', '2020-05-06 11:19:35', '2020-05-06 11:38:52'),
(29, 'Kontakt', '{\"name\":\"mateusz\",\"tel\":\"987654321\",\"email\":\"poksdakljsa@kdisaajfoindaifgu.pl\",\"message\":\"aoidsjiodsujh\",\"rodo\":\"on\"}', '127.0.0.1', 1, '2020-05-06 11:38:52', '2020-05-06 11:21:41', '2020-05-06 11:38:52'),
(30, 'Kontakt', '{\"name\":\"mateusz\",\"tel\":\"987654321\",\"email\":\"poksdakljsa@kdisaajfoindaifgu.pl\",\"message\":\"aoidsjiodsujh\",\"rodo\":\"on\"}', '127.0.0.1', 1, '2020-05-06 11:38:52', '2020-05-06 11:23:52', '2020-05-06 11:38:52'),
(31, 'Kontakt', '{\"name\":\"asd\",\"tel\":\"89789\",\"email\":\"poksdakljsa@kdisaajfoindaifgu.pl\",\"message\":\"asdasd\",\"rodo\":\"on\"}', '127.0.0.1', 1, '2020-05-06 11:38:52', '2020-05-06 11:24:27', '2020-05-06 11:38:52'),
(32, 'Kontakt', '{\"name\":\"asd\",\"tel\":\"89789\",\"email\":\"poksdakljsa@kdisaajfoindaifgu.pl\",\"message\":\"asdasd\",\"rodo\":\"on\"}', '127.0.0.1', 1, '2020-05-06 11:38:52', '2020-05-06 11:26:17', '2020-05-06 11:38:52'),
(33, 'Kontakt', '{\"name\":\"mateusz\",\"tel\":\"987654312\",\"email\":\"kjasdnkjla@aasdasdas.pl\",\"message\":\"asdasdas\",\"rodo\":\"on\"}', '37.30.18.125', 1, '2020-05-06 11:38:52', '2020-05-06 11:38:23', '2020-05-06 11:38:52'),
(34, 'Kontakt', '{\"name\":\"Mateusz SSI\",\"tel\":\"987654321\",\"email\":\"mateuszw@ssi.com.pl\",\"message\":\"testowa wiadomość\",\"rodo\":\"on\"}', '37.30.18.125', 0, '2020-06-05 11:26:16', '2020-06-05 09:19:42', '2020-06-05 11:26:16'),
(35, 'Kontakt', '{\"name\":\"Adam\",\"tel\":\"784084253\",\"email\":\"lejk.a@cirko.com.pl\",\"message\":\"Test\",\"rodo\":\"on\"}', '89.65.40.126', 0, NULL, '2020-06-13 12:02:50', '2020-06-19 08:07:53'),
(36, 'Kontakt', '{\"name\":\"Adam\",\"tel\":\"784084253\",\"email\":\"lejk.a@cirko.com.pl\",\"message\":\"Test\",\"rodo\":\"on\"}', '89.65.40.126', 0, NULL, '2020-06-13 12:02:56', '2020-06-19 08:07:58'),
(37, 'Kontakt', '{\"name\":\"Adam\",\"tel\":\"784084253\",\"email\":\"lejk.a@ciroko.com.pl\",\"message\":\"Test\",\"rodo\":\"on\"}', '89.65.40.126', 0, NULL, '2020-06-13 12:14:48', '2020-06-19 08:08:00'),
(38, 'Kontakt', '{\"name\":\"brückner katrin\",\"tel\":\"01624127464\",\"email\":\"kleinehexe7676@web.de\",\"message\":\"Ich möchte bar zahlen da ich schön am 1.8 anreise ist dies mgl... Buchung Brückner über booking\",\"rodo\":\"on\"}', '188.103.225.235', 1, NULL, '2020-07-30 13:54:40', '2020-07-30 13:54:40'),
(39, 'Kontakt', '{\"name\":\"Bogdan Witkowski\",\"tel\":\"698818781\",\"email\":\"wb102@wp.pl\",\"message\":\"Witam proszę napisać lub odzwonić czy była by możliwość wynajęcia 2 pokoi osobnych dla 4 osób w terminie 9-10 do 15-10 \",\"rodo\":\"on\"}', '178.219.119.236', 1, NULL, '2020-10-05 07:45:48', '2020-10-05 07:45:48'),
(40, 'Kontakt', '{\"name\":\"e-Commerce Krzysztof Regulski\",\"tel\":\"501520345\",\"email\":\"elogistykakr@gmail.com\",\"message\":\"Pobyt w terminie 25 listopad do 29 listopad\\r\\n11 osób\",\"rodo\":\"on\"}', '37.47.192.200', 1, NULL, '2020-10-13 20:00:06', '2020-10-13 20:00:06'),
(41, 'Kontakt', '{\"name\":\"Agnieszka Sobieraj\",\"tel\":\"00491756665413\",\"email\":\"sebabhv@aol.de\",\"message\":\"Dzien dobry \\r\\nPoszukujemy 2 x 3 pokojowy Apartment w Terminie 24.07.21 do 07.08.21 . Oba Apartmenty blisko siebie. \\r\\nProsimy o przesłanie oferty na naszego Emaila. Dziekujemy! \\r\\n\\r\\nPs. Akceptujecie Panstwo małe psy? \\r\\n\\r\\nAgnieszka Sobieraj \",\"rodo\":\"on\"}', '87.245.31.159', 1, NULL, '2020-12-06 12:12:06', '2020-12-06 12:12:06'),
(42, 'Kontakt', '{\"name\":\"Daniel Wegmeyer\",\"tel\":\"000\",\"email\":\"daniel.wegmeyer@gmx.de\",\"message\":\"Sehr geehrte Damen und Herren,\\r\\n\\r\\nmeine Frau und ich würden gern im Juni 2021 (über den 19. Juni) ein Apartement in Swinemünde buchen. Das Apartement sollte ein separates Schlafzimmer haben. Die Dauer wären 9 bis 14 Tage, je nach Verfügbarkeit (optimal wären 10 Tage).\\r\\n\\r\\nHaben Sie in dieser Zeit ein Apartement frei (optimal wären die Zdrodjowa Apartements)? Online werden mit die Apartements zwar grün angezeigt, jedoch sind sie laut Beschreibung nicht verfügbar. Bis wann wären die Apartements stornierbar?\\r\\n\\r\\nFreundliche Grüße\\r\\nDaniel Wegmeyer\",\"rodo\":\"on\"}', '62.176.236.101', 1, NULL, '2020-12-18 09:11:58', '2020-12-18 09:11:58'),
(43, 'Kontakt', '{\"name\":\"Adrian\",\"tel\":\"790378311\",\"email\":\"adrianpro1987@interia.pl\",\"message\":\"Witam, interesuje mnie kawalerka na ulicy Zdrojowej w czerwcu na 14 dni, prosze podac oferte, ceny dobrze?  ( 2 osoby )\",\"rodo\":\"on\"}', '79.187.102.157', 1, NULL, '2020-12-18 14:26:13', '2020-12-18 14:26:13'),
(44, 'Kontakt', '{\"name\":\"Adrian\",\"tel\":\"790378311\",\"email\":\"adrianpro1987@interia.pl\",\"message\":\"Witam, interesuje mnie kawalerka na ulicy Zdrojowej w czerwcu na 14 dni, prosze podac oferte, ceny dobrze?  ( 2 osoby )\",\"rodo\":\"on\"}', '79.187.102.157', 1, NULL, '2020-12-18 14:26:27', '2020-12-18 14:26:27'),
(45, 'Kontakt', '{\"name\":\"Adrian\",\"tel\":\"790378311\",\"email\":\"adrianpro1987@interia.pl\",\"message\":\"Witam, interesuje mnie kawalerka na ulicy Zdrojowej w czerwcu na 14 dni, prosze podac oferte, ceny dobrze?  ( 2 osoby )\",\"rodo\":\"on\"}', '79.187.102.157', 1, NULL, '2020-12-18 14:26:57', '2020-12-18 14:26:57'),
(46, 'Kontakt', '{\"name\":\"Norbert\",\"tel\":\"506467982\",\"email\":\"norbert494@wp.pl\",\"message\":\"Witam, \\r\\nChciałem się upewnić, czy apartament 3-pokojowy Superior na os. Zdrojowym posiada 4 łóżka do spania? Ze zdjęć wynika że tak, ale w opisie jest mowa o 3 łóżkach.\\r\\nI drugie pytanie - w którym dokładnie bloku (numer klatki) znajduje się ten apartament? Czy jego okna nie wychodzą na jakąś budowę?\\r\\nDziękuję za odpowiedź\",\"rodo\":\"on\"}', '95.41.47.46', 1, NULL, '2020-12-31 20:12:14', '2020-12-31 20:12:14'),
(47, 'Kontakt', '{\"name\":\"david lis\",\"tel\":\"664542549\",\"email\":\"davidlis87@aol.de\",\"message\":\"Witam,\\r\\nCzy zajmuje się Firma Ciroko również zarządzaniem lokali za zdrojwej? Zależy mi na  wynajmowaniu mieszkan od właścicieli nieruchomości w samym budynku. Czy dostane wzor umowy na wspolprace? Ile prowizji  za zarządzanie nieruchomościami? Pozdrawiam i dziekuje. David Lis\",\"rodo\":\"on\"}', '188.146.160.251', 1, NULL, '2021-03-26 17:18:50', '2021-03-26 17:18:50'),
(48, 'Kontakt', '{\"name\":\"Wanesa \",\"tel\":\"509077173\",\"email\":\"Vnccix@icloud.com\",\"message\":\"Dzień dobry, mam 23 lata i chętnie podejmę się pracy sprzątania apartamentów\\/ pokoi. Gdyby Państwo byli zainteresowani to bardzo proszę o kontakt. \",\"rodo\":\"on\"}', '37.47.147.192', 1, NULL, '2021-04-27 10:17:30', '2021-04-27 10:17:30'),
(49, 'Kontakt', '{\"name\":\"Justyna\",\"tel\":\"507654306\",\"email\":\"jkozok@wp.pl\",\"message\":\"Witam interesuje mnie wynajęcie apartamentu od 13.06.2021 do 19.06.2021 dla 2 osób dorosłych + 1 dziecko w wieku 6 lat, do zrealizowania bon turystyczny. Proszę o informację zwrotną i ewentualne koszty\",\"rodo\":\"on\"}', '213.155.160.20', 1, NULL, '2021-04-30 13:30:24', '2021-04-30 13:30:24'),
(50, 'Kontakt', '{\"name\":\"Katarzyna \",\"tel\":\"512440503\",\"email\":\"k.romczyk@klapp.com.pl\",\"message\":\"witam, jesteśmy zmuszeni odwołać naszą rezerwację na nazwisko ROMCZY z powodu stanu zdrowia . Nie mogę się do Państwa dodzwonić w tym temacie od wczoraj , pozdrawiam\",\"rodo\":\"on\"}', '46.171.240.90', 1, NULL, '2021-06-02 07:26:33', '2021-06-02 07:26:33'),
(51, 'Kontakt', '{\"name\":\"Dariusz Bielak\",\"tel\":\"728959073\",\"email\":\"darekbiel@onet.pl\",\"message\":\"Dzień dobry.\\r\\nChciałabym się dowiedzieć czy moja rezerwacja 6947 została opłacona.\",\"rodo\":\"on\"}', '185.119.122.18', 1, NULL, '2021-06-18 10:04:55', '2021-06-18 10:04:55'),
(52, 'Kontakt', '{\"name\":\"Katarzyna LIs\",\"tel\":\"+4975731570905\",\"email\":\"katelis@web.de\",\"message\":\"Witam,\\r\\n\\r\\nProbuje sie skotaktowac wielokrotnie z Panstwaem w celu uzyskania informacji dotyczacej rezerwacji apartamentu w dniach 21\\/06-02.07 oraz dokonanego przelewu. Zarówno emailowo jak i  telefonicznie nie ma z Państwa strony żadnej reakcji.\\r\\n\\r\\nProszę o  jak najszybszy  kontakt lub potwierdzenie ze rezerwacja i przelew zostały u Państwa przyjęte.  \\r\\n\\r\\n\\r\\nPozdrawiam\\r\\nKatarzyna Lis\",\"rodo\":\"on\"}', '213.209.114.81', 1, NULL, '2021-06-21 09:53:35', '2021-06-21 09:53:35'),
(53, 'Kontakt', '{\"name\":\"Zbigniew Barczakowski\",\"tel\":\"023316251651\",\"email\":\"z.barczakowski@gmail.com\",\"message\":\"szukam w w\\/w czasie apartamentu na ulicy Zdrojowej w cenie do 150zl\\/na dobe, od 1-go pietra wzwyz. Oplata na miejscu. Dziekuje za Oferty.\\r\\n\\r\\nz powazaniem\\r\\nBarczakowski\",\"rodo\":\"on\"}', '2.203.218.27', 1, NULL, '2021-07-01 10:46:39', '2021-07-01 10:46:39'),
(54, 'Kontakt', '{\"name\":\"Marta\",\"tel\":\"793957377\",\"email\":\"marta.m.malek@gmail.com\",\"message\":\"Dzień dobry, \\r\\nchciałabym zarezerwować dwa apartamenty dla dwóch rodzin czteroosobowych (każda rodzina - dwoje dorosłych i dwoje dzieci) w terminie 24-31. lipca. Znalazłam informację na Państwa stronie, że w tym terminie są wolne apartamenty.\\r\\nZanim dokonam rezerwacji, mam pytania:\\r\\nJak wygląda realizacja bonu turystycznego? Obydwie rodziny mają do wykorzystania po 1000 zł. \\r\\nCzy restauracja jest na miejscu, gdybyśmy się zdecydowali na opcję ze śniadaniem. \\r\\nCzy jest możliwość, aby apartamenty były blisko siebie.\\r\\nZ góry dziękuję za odpowiedź.\\r\\nPozdrawiam!\\r\\nMarta Małek\",\"rodo\":\"on\"}', '77.112.142.98', 1, NULL, '2021-07-01 14:32:21', '2021-07-01 14:32:21'),
(55, 'Kontakt', '{\"name\":\"Zbigniew Barczakowski\",\"tel\":\"023316251651\",\"email\":\"z.barczakowski@gmail.com\",\"message\":\"szukam od 18.09. do 02.10.21 apartamentu na ul. Zdrojowej bez wyzywienia dla 1 osoby. Od 1-go pietra wzwyz, do 150zl\\/dobe, oplata na miejscu.\\r\\nprosze o oferty.\\r\\npozdrawiam\\r\\nBarczakowski\",\"rodo\":\"on\"}', '2.203.218.27', 1, NULL, '2021-07-01 20:39:00', '2021-07-01 20:39:00'),
(56, 'Kontakt', '{\"name\":\"Radosław\",\"tel\":\"691155755\",\"email\":\"radoslawk@gmail.com\",\"message\":\"Dzień dobry. Chciałby zarezerwować apartament typu studio w terminie 11-18.07. Proszę o kontakt\\r\\nDziękuję i pozdrawiam\",\"rodo\":\"on\"}', '159.205.104.212', 1, NULL, '2021-07-08 17:41:55', '2021-07-08 17:41:55'),
(57, 'Kontakt', '{\"name\":\"Radosław\",\"tel\":\"691155755\",\"email\":\"radoslawk@gmail.com\",\"message\":\"Dzień dobry. Chciałby zarezerwować apartament typu studio w terminie 11-18.07. Proszę o kontakt\\r\\nDziękuję i pozdrawiam\",\"rodo\":\"on\"}', '159.205.104.212', 1, NULL, '2021-07-08 17:42:09', '2021-07-08 17:42:09'),
(58, 'Kontakt', '{\"name\":\"Wilczek\",\"tel\":\"00491638439759\",\"email\":\"Lukas.Wilczi@gmail.com\",\"message\":\"Guten Tag,\\r\\nich würde gerne mit meiner Frau und unserem Hund ein Apartment buchen. Wir waren schon mehrmals bei Ihnen und immer sehr zufrieden.\\r\\n\\r\\nAnkunft : 08.09.2021\\r\\nAbfahrt : 19.09.2021\\r\\n\\r\\nGerne hätten wir ein Apartment mit einem separaten Schlafzimmer.\\r\\n\\r\\nIch freue mich von Ihnen zu hören.\\r\\n\\r\\nFreundliche Grüße\\r\\nLukas Wilczek\",\"rodo\":\"on\"}', '88.79.195.12', 1, NULL, '2021-07-19 15:24:17', '2021-07-19 15:24:17'),
(59, 'Kontakt', '{\"name\":\"Anna\",\"tel\":\"696041694\",\"email\":\"aniaikarol3@wp.pl\",\"message\":\"Witam, znalazłam na booking apartament w Świnoujsciu w dniach 12-15.08 i chciałam się dowiedzieć czy można wykorzystać bon turystyczny?\\r\\n\",\"rodo\":\"on\"}', '188.146.129.209', 1, NULL, '2021-07-21 14:59:12', '2021-07-21 14:59:12'),
(60, 'Kontakt', '{\"name\":\"Beata\",\"tel\":\"511714210\",\"email\":\"bejawi@op.pl\",\"message\":\"Dzień dobry\\r\\nProszę o informację czy w terminie od 03.08.-08.08 jest możliwy pobyt dla\\r\\n 2 dorosłych+2 dzieci,\\r\\npozdrawiam Beata\",\"rodo\":\"on\"}', '185.238.122.41', 0, NULL, '2021-07-30 23:11:39', '2021-08-13 12:34:52'),
(61, 'Kontakt', '{\"name\":\"Beata\",\"tel\":\"511714210\",\"email\":\"bejawi@op.pl\",\"message\":\"Dzień dobry\\r\\nProszę o informację czy w terminie od 03.08.-08.08 jest możliwy pobyt dla\\r\\n 2 dorosłych+2 dzieci,\\r\\npozdrawiam Beata\",\"rodo\":\"on\"}', '185.238.122.41', 0, NULL, '2021-07-30 23:12:16', '2021-08-13 12:34:47'),
(62, 'Kontakt', '{\"name\":\"Beata\",\"tel\":\"511714210\",\"email\":\"bejawi@op.pl\",\"message\":\"Dzień dobry\\r\\nProszę o informację czy w terminie od 03.08.-08.08 jest możliwy pobyt dla\\r\\n 2 dorosłych+2 dzieci,\\r\\npozdrawiam Beata\",\"rodo\":\"on\"}', '185.238.122.41', 0, NULL, '2021-07-30 23:12:37', '2021-08-13 12:34:42'),
(63, 'Kontakt', '{\"name\":\"Jonas Prey\",\"tel\":\"015203353771\",\"email\":\"jonasprey12@gmail.com\",\"message\":\"Sehr geehrte Damen und Herren,\\r\\n\\r\\nwir planen für den Zeitraum vom 13.09.2021 - 17.09.2021 eine Studienreise nach Swinemünde. Wir bitten um ein Angebot für 20 Personen im genannten Zeitraum, falls möglich mit Frühstück. Außerdem benötigen wir 2 Einzelzimmer für die Betreuer.\\r\\n\\r\\nVielen Dank!\\r\\n\\r\\nMit freundlichen Grüßen,\\r\\nJonas Prey\",\"rodo\":\"on\"}', '88.73.140.123', 0, NULL, '2021-08-11 16:51:44', '2021-08-13 12:34:34'),
(64, 'Kontakt', '{\"name\":\"Susanne Schmidt \",\"tel\":\"+4915255923221\",\"email\":\"spoint11@gmail.com\",\"message\":\"Guten Tag,\\r\\nwir waren vom  12.7- 15.7.21 in Ihrer Anlage. Leider haben wir eine blaue Adidastasche mit Inhalt vergessen. Sollte diese abgegeben worden sein,würde ich diese von UPS Polen abholen  lassen. \\r\\nFür Ihre Mühe, vielen Dank im Voraus. \\r\\nMit freundlichen Grüßen \\r\\nSusanne Schmidt \\r\\n\",\"rodo\":\"on\"}', '188.209.184.132', 0, NULL, '2021-08-12 11:36:08', '2021-08-13 12:34:28'),
(65, 'Kontakt', '{\"name\":\"Susanne Schmidt \",\"tel\":\"+4915255923221\",\"email\":\"spoint11@gmail.com\",\"message\":\"Guten Tag,\\r\\nwir waren vom  12.7- 15.7.21 in Ihrer Anlage. Leider haben wir eine blaue Adidastasche mit Inhalt vergessen. Sollte diese abgegeben worden sein,würde ich diese von UPS Polen abholen  lassen. \\r\\nFür Ihre Mühe, vielen Dank im Voraus. \\r\\nMit freundlichen Grüßen \\r\\nSusanne Schmidt \\r\\n\",\"rodo\":\"on\"}', '188.209.184.132', 0, NULL, '2021-08-12 11:37:31', '2021-08-13 12:34:22'),
(66, 'Kontakt', '{\"name\":\"Jakub Życzkowski\",\"tel\":\"607907979\",\"email\":\"kubant1989@gmail.com\",\"message\":\"Dzień dobry\\r\\n\\r\\nJesteśmy zainteresowani dwoma apartamentami u Państwa dla 6 osób. W jednym apartamencie były by dwie osoby, a w drugim 4 osoby, w apartamencie dla 4 osób, najlepiej z osobną sypialnią. Termin przyjazdu to piątek 3 września do niedzieli 5 września 2021. Potrzebowalibyśmy też jedno miejsce parkingowe. Posiadamy też jednego małego pieska. Chciałbym się zapytać o cenę dla dwóch takich apartamentów i czy jest możliwość jakieś zniżki ze względu na to że wzielibyśmy dwa apartamenty?\",\"rodo\":\"on\"}', '95.108.32.102', 0, NULL, '2021-08-12 13:23:59', '2021-08-13 12:34:14'),
(67, 'Kontakt', '{\"name\":\"Alexander Aringer\",\"tel\":\"00491776499273\",\"email\":\"alexander.aringer@gmx.de\",\"message\":\"Hallo  zusammen,\\r\\nich hätte gerne das &quot;Apartamenty ZDROJOWA&quot; vom 21.09. bis 26.09. für mich alleine gebucht. Obwohl hier alles grün angezeigt wird, kann ich es nicht buchen. \\r\\nHaben Sie für diesen Zeitraum noch ein freies Apartment? Kann Mann dies auch direkt mit Frühstück buchen?\\r\\nDanke und viele Grüße\\r\\nAlexander Aringer\",\"rodo\":\"on\"}', '46.114.94.215', 1, NULL, '2021-09-19 21:35:29', '2021-09-19 21:35:29'),
(68, 'Kontakt', '{\"name\":\"Andrè Sperber\",\"tel\":\"+4915224101986\",\"email\":\"AndreSperber@web.de\",\"message\":\"Sehr geehrte Damen und Herren,\\r\\n\\r\\nWir würden gern vom 16.10. bis 23.10.2021 bei Ihnen im Hotel übernachten. Dazu haben wir noch 2 Fragen. Wieviel würde die Übernachtung für unseren Hund kosten? Und wieviel kostet das Parken für das Auto?\\r\\n\\r\\nMit freundlichen Grüßen \\r\\n\\r\\nA.Sperber\",\"rodo\":\"on\"}', '95.90.210.132', 1, NULL, '2021-10-10 17:15:00', '2021-10-10 17:15:00'),
(69, 'Kontakt', '{\"name\":\"Andrè Sperber\",\"tel\":\"015224101986\",\"email\":\"AndreSperber@web.de\",\"message\":\"Sehr geehrte Damen und Herren,\\r\\n\\r\\nwir möchten gern vom 16.10. bis 23.10. bei Ihnen im Hotel übernachten. Wieviel kostet die Übernachtung für unseren Hund? Und wieviel kostet der Parkplatz für das Auto?\\r\\n\\r\\nMit freundlichen Grüßen\\r\\n\\r\\nAndré Sperber\",\"rodo\":\"on\"}', '95.90.210.132', 1, NULL, '2021-10-11 11:54:10', '2021-10-11 11:54:10'),
(70, 'Kontakt', '{\"name\":\"Angie Grünberg\",\"tel\":\"0176 22248265\",\"email\":\"angiesusanne.gruenberg@gmail.com\",\"message\":\"Hallo,\\r\\nich würde gern für mich und meinen Freund ein Appartement vom 28.10. - 31.10.2021 buchen. Leider kann ich bei den Reservierungen nichts anklicken. Haben Sie vielleicht noch Kapazitäten?\\r\\nSie erreichen mich ab 12Uhr wieder per Handy.\\r\\nÜber eine Nachricht Ihrerseits wäre ich sehr erfreut.\\r\\n\\r\\nLiebe Grüße,\\r\\nAngie\",\"rodo\":\"on\"}', '141.20.217.130', 1, NULL, '2021-10-18 08:38:37', '2021-10-18 08:38:37'),
(71, 'Kontakt', '{\"name\":\"Angie Grünberg\",\"tel\":\"0176 22248265\",\"email\":\"angiesusanne.gruenberg@gmail.com\",\"message\":\"Hallo,\\r\\nich würde gern für mich und meinen Freund ein Appartement vom 28.10. - 31.10.2021 buchen. Leider kann ich bei den Reservierungen nichts anklicken. Haben Sie vielleicht noch Kapazitäten?\\r\\nSie erreichen mich ab 12Uhr wieder per Handy.\\r\\nÜber eine Nachricht Ihrerseits wäre ich sehr erfreut.\\r\\n\\r\\nLiebe Grüße,\\r\\nAngie\",\"rodo\":\"on\"}', '141.20.217.130', 1, NULL, '2021-10-18 08:38:58', '2021-10-18 08:38:58'),
(72, 'Kontakt', '{\"name\":\"Tina Seemann\",\"tel\":\"015167951068\",\"email\":\"tina.seemann@gmx.de\",\"message\":\"Hallo, wir möchten gerne vom 30.12.2021 bis 02.01.2022 bei Ihnen Ferienwohnungen buchen. Wir sind 7 Erwachsene und 3 Kinder (2, 9 und 9 Jahre alt). Im Idealfall würden wir 4 Ferienwohnungen nehmen. 3 wären aber auch in Ordnung. Haben Sie noch freie Kapazitäten?\\r\\nDanke und viele Grüße, \\r\\nTina Seemann\",\"rodo\":\"on\"}', '46.114.39.107', 1, NULL, '2021-10-29 13:19:41', '2021-10-29 13:19:41'),
(73, 'Kontakt', '{\"name\":\"Jonasz\",\"tel\":\"506203777\",\"email\":\"jonaszkempa@wp.pl\",\"message\":\"Witam,\\r\\n\\r\\nJestem zainterseowany wynajęciem 4 apartamentów na weekend majowy,w związku z tym bardzo proszę o tel ponieważ mam kilka pytań\\r\\npozdrawiam\",\"rodo\":\"on\"}', '88.199.82.12', 1, NULL, '2021-12-29 12:45:27', '2021-12-29 12:45:27'),
(74, 'Kontakt', '{\"name\":\"Jonasz\",\"tel\":\"506203777\",\"email\":\"jonaszkempa@wp.pl\",\"message\":\"Witam,\\r\\n\\r\\nJestem zainterseowany wynajęciem 4 apartamentów na weekend majowy,w związku z tym bardzo proszę o tel ponieważ mam kilka pytań\\r\\npozdrawiam\",\"rodo\":\"on\"}', '88.199.82.12', 1, NULL, '2021-12-29 12:45:40', '2021-12-29 12:45:40'),
(75, 'Kontakt', '{\"name\":\"Jonasz\",\"tel\":\"506203777\",\"email\":\"jonaszkempa@wp.pl\",\"message\":\"Witam,\\r\\n\\r\\nJestem zainterseowany wynajęciem 4 apartamentów na weekend majowy,w związku z tym bardzo proszę o tel ponieważ mam kilka pytań\\r\\npozdrawiam\",\"rodo\":\"on\"}', '88.199.82.12', 1, NULL, '2021-12-29 12:48:01', '2021-12-29 12:48:01'),
(76, 'Kontakt', '{\"name\":\"Tomasz Rus\",\"tel\":\"664364361\",\"email\":\"rustomasz@poczta.onet.pl\",\"message\":\"Dzień dobry,\\r\\n\\r\\n\\r\\n    Proszę o informację na temat możliwości i warunków rezerwacji pobytu w dniach 16 - 23 lipca 2022. Interesuje nas pokój dla góra 4 osób \\/jeden dorosły i dzieci\\/.\\r\\nRezerwację chciałbym opłacić przy wykorzystaniu bonu turystycznego.\\r\\n\",\"rodo\":\"on\"}', '213.77.45.206', 1, NULL, '2022-02-11 08:56:33', '2022-02-11 08:56:33'),
(77, 'Kontakt', '{\"name\":\"Yolanda Stridiron\",\"tel\":\"01739722668\",\"email\":\"yostridiron@yahoo.com\",\"message\":\"I am interested in staying in Zdrojowa from May 21-28 for 4 people. Do you have anything still available?\",\"rodo\":\"on\"}', '149.233.157.135', 1, NULL, '2022-02-12 16:35:37', '2022-02-12 16:35:37'),
(78, 'Kontakt', '{\"name\":\"Maciej\",\"tel\":\"606888510\",\"email\":\"maciej.kom@op.pl\",\"message\":\"Dzień dobry jestem zainteresowany wynajmem apartamentu od 15.04-18.04 3osoby i pies czy jest mozliwośc przyjazdu ok 12 prosze o kontakt\",\"rodo\":\"on\"}', '85.221.147.215', 1, NULL, '2022-03-16 16:03:45', '2022-03-16 16:03:45'),
(79, 'Kontakt', '{\"name\":\"Radosław\",\"tel\":\"696075200\",\"email\":\"radek.luszcz@interia.pl\",\"message\":\"Dzień dobry\\r\\nCzy można zarezerwować apartament w okresie 24-31 lipiec b.r. - rodzina 2 os. dorosłe i 2 dzieci (9 i 12lat)\",\"rodo\":\"on\"}', '83.7.95.58', 1, NULL, '2022-04-07 16:58:00', '2022-04-07 16:58:00'),
(80, 'Kontakt', '{\"name\":\"Radosław\",\"tel\":\"696075200\",\"email\":\"radek.luszcz@interia.pl\",\"message\":\"Dzień dobry\\r\\nCzy można zarezerwować apartament w okresie 24-31 lipiec b.r. - rodzina 2 os. dorosłe i 2 dzieci (9 i 12lat)\",\"rodo\":\"on\"}', '83.7.95.58', 1, NULL, '2022-04-07 16:58:05', '2022-04-07 16:58:05'),
(81, 'Kontakt', '{\"name\":\"Sibylle Rottke\",\"tel\":\"073137816649\",\"email\":\"rottke117@web.de\",\"message\":\"Hallo,\\r\\n\\r\\nwir sind eine kleine Familie und möchten gern von Dienstag 2.8.22 bis Donnerstag 11.8.22 bei Ihnen übernachten. Wir benötigen mindestens zwei Zimmer, wobei das Schlafzimmer groß genug sein muss, dass dort zwei Kinderbetten dazu gestellt werden können. Für unsere 2-Jährige brauchen wir ein Gitterbett und für unsere 5-Jährige ein Bett mit Seitensicherung.\\r\\n\\r\\nKönnen Sie uns ein passendes Angebot inkl. Frühstück machen? Und kann das Abendessen ebenfalls bei Ihnen erfolgen? Bei Booking.com war noch was frei, jedoch buche ich lieber bei den Betreibern selbst. Auf Ihrer Online-Buchungs-Übersicht war zwar alles grün, allerdings gab es stets einen Fehler, dass nichts verfügbar wäre.\\r\\n\\r\\nBesten Dank und viele Grüße\\r\\nSibylle Rottke\",\"rodo\":\"on\"}', '88.78.153.227', 1, NULL, '2022-05-01 19:37:25', '2022-05-01 19:37:25'),
(82, 'Kontakt', '{\"name\":\"Krumnow TOny \",\"tel\":\"01736100512\",\"email\":\"Tony.krumnow@yahoo.de\",\"message\":\"Guten Abend . ich wollt gern bei ihnene vom 17.7 bis 24.7.22 einchecken. laut booking hätten sie etwas frei für 1 Erwachsenen und 2 Kinder mit Frühstück un storno bis 11 Juli . Falls dies so wäre würde ich mich über eine Antwort freuen . \\r\\n\\r\\nFreundliche Grüße \",\"rodo\":\"on\"}', '77.64.145.102', 1, NULL, '2022-05-06 20:28:54', '2022-05-06 20:28:54'),
(83, 'Kontakt', '{\"name\":\"Katarzyna Grönke\",\"tel\":\"00491712978995\",\"email\":\"k.groenke@hotmail.de\",\"message\":\"Dzien dobry\\r\\nCzy przy apartamentach jest tez miejsce parkingowe ??\\r\\n\\r\\nPozdrawiam \",\"rodo\":\"on\"}', '31.150.97.229', 1, NULL, '2022-05-13 17:24:52', '2022-05-13 17:24:52'),
(84, 'Kontakt', '{\"name\":\"Elżbieta Żuchlińska\",\"tel\":\"693125004\",\"email\":\"elazu@op.pl\",\"message\":\"Witam \\r\\nProszę o rezerwację apartamentu przy ul. Zdrojowej 10 w cenie 2900,0 \\r\\nZaliczkę wpłacę na początku sierpnia \\r\\nBędę z mężem \\r\\nInteresuje mnie apartament z aneksem kuchennym ( lodówka ) jest bardzo ważna \\r\\nŁazienka w apartamencie tylko dla nas \\r\\nPozdrawiam Elżbieta \",\"rodo\":\"on\"}', '83.0.122.71', 1, NULL, '2022-05-26 12:45:19', '2022-05-26 12:45:19'),
(85, 'Kontakt', '{\"name\":\"Elżbieta Żuchlińska\",\"tel\":\"693125004\",\"email\":\"elazu@op.pl\",\"message\":\"Witam \\r\\nProszę o rezerwację apartamentu przy ul. Zdrojowej 10 w cenie 2900,0 \\r\\nZaliczkę wpłacę na początku sierpnia \\r\\nBędę z mężem \\r\\nInteresuje mnie apartament z aneksem kuchennym ( lodówka ) jest bardzo ważna \\r\\nŁazienka w apartamencie tylko dla nas \\r\\nPozdrawiam Elżbieta \",\"rodo\":\"on\"}', '83.0.122.71', 1, NULL, '2022-05-26 12:45:28', '2022-05-26 12:45:28'),
(86, 'Kontakt', '{\"name\":\"Agatha Reppert\",\"tel\":\"017692612091\",\"email\":\"Agatha.reppert@web.de\",\"message\":\"Reservierungsanfrage für 15.6.-23.6.23 (7 days middle of June 23) im Apartament ZDROJOWA - 2-Zimmer-Apartment für 2-4 Personen für 2 Adults and 2 Children ( 4 u 5 years)\",\"rodo\":\"on\"}', '79.192.167.51', 1, NULL, '2022-05-27 10:03:52', '2022-05-27 10:03:52'),
(87, 'Kontakt', '{\"name\":\"Łukasz Sroczyk\",\"tel\":\"668843478\",\"email\":\"lukasz.sroczyk@gmail.com\",\"message\":\"Dzień dobry, próbowałem się z Państwem skontaktować telefonicznie, ale niestety nikt nie odbiera. \\r\\n\\r\\nProszę o informację czy Państwo jako zarządca będą zgłaszać źródła ciepła do CEEB?\\r\\n\\r\\nProsiłbym o informację odnośnie stanu rozliczeń na mieszkaniu 20\\/37, czy nie zalegamy z jakimiś opłatami. \\r\\n\\r\\nCzy są może jakieś informacje o planowanej inwestycji na placu z tyłu za naszymi blokami?\",\"rodo\":\"on\"}', '195.14.27.36', 1, NULL, '2022-06-22 08:47:12', '2022-06-22 08:47:12'),
(88, 'Kontakt', '{\"name\":\"Lukas Kauczor\",\"tel\":\"+491607482625\",\"email\":\"lukas.kauczor@outlook.de\",\"message\":\"Dzień dobry, ja dzisiaj rano zamówiłem apartament 2-poziomowy comfort na 5 osób w czasie od 3. do 7. Lipca za 2340 PLN. Potwierdzenie rezerwacji pani pod telefonem już około 5 razy wysłała i dalej nie doszło, co prowadzi do tego że niewiem czy rezerwacja na prawdę istnieje i gdzie wpłacić zaliczkę. Proszę o szybkę rozwiązanie problemu i ponowne wysłanie potwierdzenia z numerem rezerwacji. \\r\\n\\r\\n Dziękuje z poważaniem \\r\\nLukas Kauczor\",\"rodo\":\"on\"}', '170.133.4.119', 1, NULL, '2022-06-27 15:08:35', '2022-06-27 15:08:35'),
(89, 'Kontakt', '{\"name\":\"Steffie Eulenstein\",\"tel\":\"+4915170831205\",\"email\":\"eule1001@gmx.de\",\"message\":\"Ich habe bei Boocking.com unter Buchungsnummer 3970.282.765 vom 22.-27.08.22 eine Ferienwohnung gebucht.\\r\\nDa mein Partner gehbehindert ist wollten wir gern für diesen Zeitraum einen Parkplatz reservieren. Bitte teilen sie mir mit zu welchen Konditionen das möglich ist.\",\"rodo\":\"on\"}', '79.205.112.209', 1, NULL, '2022-08-15 12:35:55', '2022-08-15 12:35:55'),
(90, 'Kontakt', '{\"name\":\"Izabela\",\"tel\":\"692155899\",\"email\":\"iza_2789@poczta.onet.pl\",\"message\":\"Dzień dobry.\\r\\nCzy u Państwa można wynająć na czas pobytu w Świnoujściu miejsce w garażu podziemnym? I czy da się wykupić takie miejsce jeszcze przed przyjazdem do Świnoujścia?\",\"rodo\":\"on\"}', '85.221.156.209', 1, NULL, '2022-09-06 06:13:31', '2022-09-06 06:13:31'),
(91, 'Kontakt', '{\"name\":\"Bernd Janus\",\"tel\":\"+491714134726\",\"email\":\"bernd.janus@ift-ag.de\",\"message\":\"Sehr geehrte Damen und Herren,\\r\\n\\r\\nwir möchten im Zeitraum von 13.10-20.10.2022 unseren Urlaub bei Ihnen verbringen.\\r\\n•\\tEine Familie (zwei Erwachsene und zwei Kinder (12 und 13 Jahre) und ein Hund)\\r\\n•\\tEine Familie (zwei Erwachsene  und zwei Kinder (16 und 10 Jahre))\\r\\nDie Unterkünfte soltten einen Stellplatz und zwei Schlafzimmer (4 Betten)besitzen. Schön wäre auch wenn die APP nah zusammen sind.\\r\\nWir freuen uns auf Ihr Angebot.\\r\\n\",\"rodo\":\"on\"}', '94.134.111.46', 1, NULL, '2022-09-08 12:22:55', '2022-09-08 12:22:55'),
(92, 'Kontakt', '{\"name\":\"Hockenbrink, Martin\",\"tel\":\"0049 172 5496043\",\"email\":\"claudia.hockenbrink@gmail.com\",\"message\":\"We want to travel on Tuesday 11th in the evening from 09:00 till 10:00. ist ist okay? Thank you for your answer Martin Hockenbrink\",\"rodo\":\"on\"}', '88.78.69.245', 1, NULL, '2022-10-09 14:08:42', '2022-10-09 14:08:42'),
(93, 'Kontakt', '{\"name\":\"Kerstin von der Warth \",\"tel\":\"015738376814\",\"email\":\"schrader.os@gmx.de\",\"message\":\"Guten Tag,\\r\\nWir hatten bei Ihnen vom 09.9.22-11.9.22 ein Appartement über Booking.com (Buchungsnummer: 3996415353) gebucht und mussten es wegen Erkrankung leider absagen. \\r\\nNach telefonischer Rücksprache mit Ihnen hatten sie uns erlaubt auf den 18.11.22-20.11.22 umzubuchen. Können Sie uns bitte noch eine Bestätigung der neuen Reisezeit zukommen lassen.\\r\\nMit freundlichen Grüßen \\r\\nKerstin von der Warth \",\"rodo\":\"on\"}', '217.246.192.101', 1, NULL, '2022-10-10 05:53:33', '2022-10-10 05:53:33'),
(94, 'Kontakt', '{\"name\":\"Kerstin von der Warth \",\"tel\":\"015738376814\",\"email\":\"schrader.os@gmx.de\",\"message\":\"Guten Tag,\\r\\nWir hatten bei Ihnen vom 09.9.22-11.9.22 ein Appartement über Booking.com (Buchungsnummer: 3996415353) gebucht und mussten es wegen Erkrankung leider absagen. \\r\\nNach telefonischer Rücksprache mit Ihnen hatten sie uns erlaubt auf den 18.11.22-20.11.22 umzubuchen. Können Sie uns bitte noch eine Bestätigung der neuen Reisezeit zukommen lassen.\\r\\nMit freundlichen Grüßen \\r\\nKerstin von der Warth \",\"rodo\":\"on\"}', '217.246.192.101', 1, NULL, '2022-10-10 05:54:28', '2022-10-10 05:54:28'),
(95, 'Kontakt', '{\"name\":\"Maria Böhm\",\"tel\":\"015159149515\",\"email\":\"mariaboehm1@gmx.net\",\"message\":\" Hallo,\\r\\nkönnen sie mir bitte ein Angebot für 2 Erwachsene, 1 Baby (3Monate) und 1 Hund senden?\\r\\nWie möchte gerne vom 29.12.2022 - 02.01.2023 bei ihnen Urlaub machen.\\r\\n\\r\\nMit freundlichen Grüßen \\r\\n\",\"rodo\":\"on\"}', '91.59.178.137', 1, NULL, '2022-10-16 11:36:34', '2022-10-16 11:36:34'),
(96, 'Kontakt', '{\"name\":\"Jakob\",\"tel\":\"0045 50 13 30 53\",\"email\":\"jakob1703@gmail.com\",\"message\":\"I try called few times today. \\r\\nTo: +48 784 084 216 and +48 604 498 813. \\r\\nIs it possible to know when you pick up phone. ????\",\"rodo\":\"on\"}', '94.146.195.44', 1, NULL, '2022-10-21 13:43:43', '2022-10-21 13:43:43'),
(97, 'Kontakt', '{\"name\":\"Jakob\",\"tel\":\"0045 50 13 30 53\",\"email\":\"jakob1703@gmail.com\",\"message\":\"I try called few times today. \\r\\nTo: +48 784 084 216 and +48 604 498 813. \\r\\nIs it possible to know when you pick up phone. ????\",\"rodo\":\"on\"}', '94.146.195.44', 1, NULL, '2022-10-21 13:43:49', '2022-10-21 13:43:49'),
(98, 'Kontakt', '{\"name\":\"Martyna Mikucka-Chedid\",\"tel\":\"+4915779746094\",\"email\":\"martyna.mikucka@gmail.com\",\"message\":\"dzien dobry, poszukuje dla nas apartamentu w okresie 28.10 do 1.11.22, chodzi o cztery osoby: dwie dorosle i dwojka dzieci (8 i 10 lat). \\r\\npozdrawiam\",\"rodo\":\"on\"}', '109.40.240.135', 1, NULL, '2022-10-25 11:37:52', '2022-10-25 11:37:52'),
(99, 'Kontakt', '{\"name\":\"Martyna Mikucka-Chedid\",\"tel\":\"+4915779746094\",\"email\":\"martyna.mikucka@gmail.com\",\"message\":\"dzien dobry, poszukuje dla nas apartamentu w okresie 28.10 do 1.11.22, chodzi o cztery osoby: dwie dorosle i dwojka dzieci (8 i 10 lat). \\r\\npozdrawiam\",\"rodo\":\"on\"}', '109.40.240.135', 1, NULL, '2022-10-25 11:38:14', '2022-10-25 11:38:14'),
(100, 'Kontakt', '{\"name\":\"Dana Globig\",\"tel\":\"01623435745\",\"email\":\"dana.globig1@gmail.com\",\"message\":\"Hallo, wir haben am Dienstag ein Zimmer für den 12.05-14.05.2023 bei Ihnen gebucht, haben jedoch noch keine Buchungsbestätigung. Bitte melden Sie sich zurück.\\r\\nVielen Dank !\\r\\nDana Globig\",\"rodo\":\"on\"}', '212.99.199.141', 1, NULL, '2022-11-10 08:18:29', '2022-11-10 08:18:29'),
(101, 'Kontakt', '{\"name\":\"Dana Globig\",\"tel\":\"01623435745\",\"email\":\"dana.globig1@gmail.com\",\"message\":\"Hallo, wir haben am Dienstag ein Zimmer für den 12.05-14.05.2023 bei Ihnen gebucht, haben jedoch noch keine Buchungsbestätigung. Bitte melden Sie sich zurück.\\r\\nVielen Dank !\\r\\nDana Globig\",\"rodo\":\"on\"}', '212.99.199.141', 1, NULL, '2022-11-10 08:18:39', '2022-11-10 08:18:39'),
(102, 'Kontakt', '{\"name\":\"Dana Globig\",\"tel\":\"01623435745\",\"email\":\"dana.globig1@gmail.com\",\"message\":\"Hallo, wir haben am Dienstag ein Zimmer für den 12.05-14.05.2023 bei Ihnen gebucht, haben jedoch noch keine Buchungsbestätigung. Bitte melden Sie sich zurück.\\r\\nVielen Dank !\\r\\nDana Globig\",\"rodo\":\"on\"}', '212.99.199.141', 1, NULL, '2022-11-10 08:19:19', '2022-11-10 08:19:19'),
(103, 'Kontakt', '{\"name\":\"Andre Sanner\",\"tel\":\"+491735606813\",\"email\":\"andre.sanner@psi-freiberg.de\",\"message\":\"Sehr geehrte Damen und Herren,\\r\\n\\r\\nwir planen im Zeitraum vom 08.07. - 23.07.2023 für 11 Nächte unseren Urlaub. \\r\\nWir sind zwei Familien. Bei der 1. Familie handelt es sich um 1 Erwachsene mit 2 Kindern (8 J., 14 J.) und bei der zweiten Familie um 2 Erwachsene mit 4 Kindern (1 J., 4 J., 8 J., 13 J.).\\r\\n\\r\\nDie 1. Familie hätte gern ein Apartment mit mindestens einem Doppelbett sowie  einem weiteren Bett oder einer Schlafcouch im gleichen Zimmer (bitte nicht ausschließlich zwei Schlafsofas!). \\r\\n\\r\\nDie 2. Familie hätte gern ein Apartment mit den 56 qm und den 2 Schlafzimmern. Ein Babybett wird benötigt.\\r\\n\\r\\nEs wäre nett, wenn Sie uns zu oben genannten Daten ein Angebot zusenden könnten. \\r\\n\\r\\nIm  Voraus dankend verbleiben wir\\r\\n\\r\\nmit freundlichen Grüßen\\r\\n\\r\\nFamilien Sanner u. Otto\\r\\n\\r\\n\",\"rodo\":\"on\"}', '62.227.111.113', 1, NULL, '2022-11-11 17:11:50', '2022-11-11 17:11:50'),
(104, 'Kontakt', '{\"name\":\"Dabbert ,Jana\",\"tel\":\"01736127949\",\"email\":\"dabbies@gmx.de\",\"message\":\"Guten Tag, sind gerne interessiert an Ihrem Apartment Zdrojowa mit 2 Schlafzimmern und Frühstück fürs Angebot von 483,49 Euro, im Zeitraum vom 22.05 -26.05.23 zu buchen. Leider könnte ich Ihnen das Geld per Banküberweisung überweisen, da ich kein PayPal Konto habe. \\r\\nWürde mich freuen, wenn es trotzdem klappt und wir in Ihren Haus Urlaub machen könnten. \\r\\n\\r\\nMit freundlichen Grüßen \\r\\nJana Dabbert \",\"rodo\":\"on\"}', '92.215.104.2', 1, NULL, '2022-11-16 12:05:10', '2022-11-16 12:05:10'),
(105, 'Kontakt', '{\"name\":\"Krzysztof\",\"tel\":\"603202040\",\"email\":\"suhotnik@gmail.com\",\"message\":\"Dzień dobry.\\r\\nSzukam 2 pokoi w terminie 18 do 22 lutego. 2 pokoje 2 osobowe z łazienką.\\r\\nNa Bookingu widziałem Apartament z 1 sypialnią za 995zł. Czy to jest nadal aktualne?\\r\\nCzy ew. coś innego Państwo zaproponują?\",\"rodo\":\"on\"}', '159.205.80.99', 1, NULL, '2023-01-23 16:48:24', '2023-01-23 16:48:24'),
(106, 'Kontakt', '{\"name\":\"Fahrin\",\"tel\":\"+491714549429\",\"email\":\"guenther.fahrin@t-online.de\",\"message\":\"Sehr geehrte Damen und Herren,\\r\\nbitte Angebot für\\r\\nApartamenty ZDROJOWA - 3-Zimmer Apartment Superior\\r\\n2 Erwachsene + 2 Kinder\\r\\nZeit: 19.08.2023 bis 25.08.2023\\r\\nMfG Günther Fahrin\",\"rodo\":\"on\"}', '80.146.81.247', 1, NULL, '2023-01-24 18:52:39', '2023-01-24 18:52:39'),
(107, 'Kontakt', '{\"name\":\"Renata\",\"tel\":\"888517391\",\"email\":\"papugakrzysztof@onet.pl\",\"message\":\"Proszę o informację dot. rezerwacji apartamentu dwupokojowego ze zmywarką i pralką w okresie 27.05.-4.06.2023. Najbardziej interesuje mnie koszt wynajęcia oraz wszelki dodatkowe opłaty. Dziękuję. \",\"rodo\":\"on\"}', '83.29.198.119', 1, NULL, '2023-01-27 16:25:48', '2023-01-27 16:25:48'),
(108, 'Kontakt', '{\"name\":\"Maria\",\"tel\":\"518236573\",\"email\":\"m.jargilo@wp.pl\",\"message\":\"chciałam zorganizować wyjazd moim  dorosłym dzieciom nad morze w dniu 18\\/19 lub 24\\/25 lutego czy jest możliwość zarezerwowania  5 pokoi noclegu dla 10 osób oraz obiadu i jaka byłaby cena \\r\\nz poważaniem m.jargilo\",\"rodo\":\"on\"}', '83.28.223.26', 1, NULL, '2023-01-27 19:12:04', '2023-01-27 19:12:04'),
(109, 'Kontakt', '{\"name\":\"Maria\",\"tel\":\"518236573\",\"email\":\"m.jargilo@wp.pl\",\"message\":\"chciałam zorganizować wyjazd moim  dorosłym dzieciom nad morze w dniu 18\\/19 lub 24\\/25 lutego czy jest możliwość zarezerwowania  5 pokoi noclegu dla 10 osób oraz obiadu i jaka byłaby cena \\r\\nz poważaniem m.jargilo\",\"rodo\":\"on\"}', '83.28.223.26', 1, NULL, '2023-01-27 19:12:12', '2023-01-27 19:12:12'),
(110, 'Kontakt', '{\"name\":\"Maria\",\"tel\":\"518236573\",\"email\":\"m.jargilo@wp.pl\",\"message\":\"chciałam zorganizować wyjazd moim  dorosłym dzieciom nad morze w dniu 18\\/19 lub 24\\/25 lutego czy jest możliwość zarezerwowania  5 pokoi noclegu dla 10 osób oraz obiadu i jaka byłaby cena \\r\\nz poważaniem m.jargilo\",\"rodo\":\"on\"}', '83.28.223.26', 1, NULL, '2023-01-27 19:12:51', '2023-01-27 19:12:51'),
(111, 'Kontakt', '{\"name\":\"Iwona\",\"tel\":\"695275151\",\"email\":\"iwona25052008@wp.pl\",\"message\":\"Dzień dobry, chciałam zapytać o rezerwację od 07.02.2023 do 10.02.2023 na dwie osoby dorosłe ze śniadaniem. Byliśmy u Państwa już dwukrotnie i bardzo mile wspominany pobyt, tylko mam pytanie ponieważ posiadamy dwa pieski Yorki i  czy jest możliwość zejścia trochę z opłaty za pieska, nie ukrywam iż 100 zł za pieska za dobę to łączny koszt za 3 doby 600 zł. Proszę o informację\\r\\nPozdrawiam \",\"rodo\":\"on\"}', '79.189.8.11', 1, NULL, '2023-01-30 09:09:32', '2023-01-30 09:09:32'),
(112, 'Kontakt', '{\"name\":\"Iwona\",\"tel\":\"695275151\",\"email\":\"iwona25052008@wp.pl\",\"message\":\"Dzień dobry, chciałam zapytać o rezerwację od 07.02.2023 do 10.02.2023 na dwie osoby dorosłe ze śniadaniem. Byliśmy u Państwa już dwukrotnie i bardzo mile wspominany pobyt, tylko mam pytanie ponieważ posiadamy dwa pieski Yorki i  czy jest możliwość zejścia trochę z opłaty za pieska, nie ukrywam iż 100 zł za pieska za dobę to łączny koszt za 3 doby 600 zł. Proszę o informację\\r\\nPozdrawiam \",\"rodo\":\"on\"}', '79.189.8.11', 1, NULL, '2023-01-30 09:09:40', '2023-01-30 09:09:40'),
(113, 'Kontakt', '{\"name\":\"Iwona\",\"tel\":\"695275151\",\"email\":\"iwona25052008@wp.pl\",\"message\":\"Dzień dobry, chciałam zapytać o rezerwację od 07.02.2023 do 10.02.2023 na dwie osoby dorosłe ze śniadaniem. Byliśmy u Państwa już dwukrotnie i bardzo mile wspominany pobyt, tylko mam pytanie ponieważ posiadamy dwa pieski Yorki i  czy jest możliwość zejścia trochę z opłaty za pieska, nie ukrywam iż 100 zł za pieska za dobę to łączny koszt za 3 doby 600 zł. Proszę o informację\\r\\nPozdrawiam \",\"rodo\":\"on\"}', '79.189.8.11', 1, NULL, '2023-01-30 09:09:48', '2023-01-30 09:09:48'),
(114, 'Kontakt', '{\"name\":\"Iwona\",\"tel\":\"695275151\",\"email\":\"iwona25052008@wp.pl\",\"message\":\"Dzień dobry, chciałam zapytać o rezerwację od 07.02.2023 do 10.02.2023 na dwie osoby dorosłe ze śniadaniem. Byliśmy u Państwa już dwukrotnie i bardzo mile wspominany pobyt, tylko mam pytanie ponieważ posiadamy dwa pieski Yorki i  czy jest możliwość zejścia trochę z opłaty za pieska, nie ukrywam iż 100 zł za pieska za dobę to łączny koszt za 3 doby 600 zł. Proszę o informację\\r\\nPozdrawiam \",\"rodo\":\"on\"}', '79.189.8.11', 1, NULL, '2023-01-30 09:09:53', '2023-01-30 09:09:53'),
(115, 'Kontakt', '{\"name\":\"Iwona\",\"tel\":\"695275151\",\"email\":\"iwona25052008@wp.pl\",\"message\":\"Dzień dobry, chciałam zapytać o rezerwację od 07.02.2023 do 10.02.2023 na dwie osoby dorosłe ze śniadaniem. Byliśmy u Państwa już dwukrotnie i bardzo mile wspominany pobyt, tylko mam pytanie ponieważ posiadamy dwa pieski Yorki i  czy jest możliwość zejścia trochę z opłaty za pieska, nie ukrywam iż 100 zł za pieska za dobę to łączny koszt za 3 doby 600 zł. Proszę o informację\\r\\nPozdrawiam \",\"rodo\":\"on\"}', '79.189.8.11', 1, NULL, '2023-01-30 09:09:55', '2023-01-30 09:09:55'),
(116, 'Kontakt', '{\"name\":\"Enders\",\"tel\":\"015161415190\",\"email\":\"janaenders@icloud.com\",\"message\":\"Hallo.ich möchte gern ein Appartement vom 2.4.-6.4.2023 für 4 Personen und einem Hund buchen .\\r\\nMit Frühstück \\r\\nMit freundlichen Grüßen\\r\\nJana Enders \\r\\n\",\"rodo\":\"on\"}', '80.187.119.144', 1, NULL, '2023-02-28 23:57:28', '2023-02-28 23:57:28'),
(117, 'Kontakt', '{\"name\":\"Agnieszka\",\"tel\":\"0033661183339\",\"email\":\"agnieszkavvvv@gmail.com\",\"message\":\"Dzien dobry,\\r\\n\\r\\nSzukam apartamentu 2 pokojowego dla  4 osob koniec lipca poczatek sierpnia na okolo 10 dni pobytu jezeli to mozliwe a jezeli nie na 7 dni.\\r\\nProsze o kontakt jezeli macie jeszcze wolne miejsca\\r\\n\\r\\npozdrawiwm\\r\\n\\r\\n\\r\\nAgnieszka\",\"rodo\":\"on\"}', '160.53.250.90', 1, NULL, '2023-03-09 13:32:34', '2023-03-09 13:32:34'),
(118, 'Kontakt', '{\"name\":\"Agnieszka\",\"tel\":\"0033661183339\",\"email\":\"agnieszkavvvv@gmail.com\",\"message\":\"Dzien dobry,\\r\\n\\r\\nSzukam apartamentu 2 pokojowego dla  4 osob koniec lipca poczatek sierpnia na okolo 10 dni pobytu jezeli to mozliwe a jezeli nie na 7 dni.\\r\\nProsze o kontakt jezeli macie jeszcze wolne miejsca\\r\\n\\r\\npozdrawiam\\r\\n\\r\\n\\r\\nAgnieszka\",\"rodo\":\"on\"}', '160.53.250.90', 1, NULL, '2023-03-09 13:32:47', '2023-03-09 13:32:47'),
(119, 'Kontakt', '{\"name\":\"Małgorzata\",\"tel\":\"668625467\",\"email\":\"malgorzatasanocka63@o2.pl\",\"message\":\"Dzień dobry.Chciałam zapytać o cenę apartamentu dla czterech osób 3 dorosłych i 1 dziecko w wieku 8 lat,najlepiej jakby to było jedno duże łóżko i dwa osobne.Śniadanie i obiadokolacje w cenie w terminie 15-21 sierpnia.Czy na terenie znajduje się basen?\",\"rodo\":\"on\"}', '77.45.107.91', 1, NULL, '2023-03-25 09:12:11', '2023-03-25 09:12:11'),
(120, 'Kontakt', '{\"name\":\"Edyta\",\"tel\":\"605880843\",\"email\":\"edziasawa@op.pl\",\"message\":\"Dzień dobry, szukam apartamentu dwupokojowego w terminie 06.04.23-11.04.23. na ul.Zdrojowej .Pozdrawiam Edyta\",\"rodo\":\"on\"}', '178.37.178.88', 1, NULL, '2023-03-27 20:34:29', '2023-03-27 20:34:29'),
(121, 'Kontakt', '{\"name\":\"Reichen \",\"tel\":\"017632249258\",\"email\":\"janosch1981@gmx.de\",\"message\":\"Hallo\\r\\nkann man auch gegen 21 Uhr anreisen? Wir würden gern am 17.5 anreisen, gegen 21 Uhr …\\r\\nGeht das?\\r\\nViele Grüße Jenny Reichen \",\"rodo\":\"on\"}', '170.133.4.254', 1, NULL, '2023-04-25 19:05:02', '2023-04-25 19:05:02'),
(122, 'Kontakt', '{\"name\":\"Dagmara Brużewicz\",\"tel\":\"664492544\",\"email\":\"dbruzewicz@gmail.com\",\"message\":\"Dzień dobry , chciałam  zapytać czy w apartamentach są dostępne leżaki na plażę? Albo czy istnieje możliwośc wypożyczenia leżaków?\\r\\n\",\"rodo\":\"on\"}', '5.184.246.163', 1, NULL, '2023-06-11 17:02:19', '2023-06-11 17:02:19'),
(123, 'Kontakt', '{\"name\":\"Dagmara Brużewicz\",\"tel\":\"664492544\",\"email\":\"dbruzewicz@gmail.com\",\"message\":\"Dzień dobry , chciałam  zapytać czy w apartamentach są dostępne leżaki na plażę? Albo czy istnieje możliwośc wypożyczenia leżaków?\\r\\n\",\"rodo\":\"on\"}', '5.184.246.163', 1, NULL, '2023-06-11 17:02:27', '2023-06-11 17:02:27'),
(124, 'Kontakt', '{\"name\":\"Kinga\",\"tel\":\"609371387\",\"email\":\"kinfra@interia.pl\",\"message\":\"Dzień dobry, byliśmy u Państwa na wakacjach dwa lata temu i z chęcią byśmy wrócili :) Sprawdzam właśnie dostępność na portalu booking i niestety nic nie widzę, dlatego zdecydowałam się do Państwa napisać, być może coś się jeszcze znajdzie :)\\r\\nInteresuje nas apartament dla 4 osób (2 dorosłych i 2 dzieci (7 i 3 lata) koniecznie z aneksem kuchennym, pralką, a jakby było na parterze z takim mini ogródkiem to byłoby super :)\\r\\nChcemy przyjechać na 2 tygodnie albo 30.07-13.08 albo 06.08-20.08 (ważne by nasz pobyt zahaczał o termin 6-13.08).\\r\\nCzy są Państwo w stanie znaleźć dla mnie taki apartament?\\r\\nPozdrawiam serdecznie,\\r\\nKinga Jasińska\",\"rodo\":\"on\"}', '89.151.45.172', 1, NULL, '2023-06-16 09:17:56', '2023-06-16 09:17:56'),
(125, 'Kontakt', '{\"name\":\"Anna\",\"tel\":\"516993342\",\"email\":\"anulka2510.89@o2.pl\",\"message\":\"Witam,czy w terminie 11-14 lipca jest wolny apartament?\",\"rodo\":\"on\"}', '178.36.196.218', 1, NULL, '2023-07-01 13:37:09', '2023-07-01 13:37:09'),
(126, 'Kontakt', '{\"name\":\"Osterloh\",\"tel\":\"01724738318\",\"email\":\"yannik.osterloh@googlemail.com\",\"message\":\"Guten Tag,\\r\\nwir haben ein ganz großes Problem. \\r\\nMeine Verlobte und ich wollten gemeinsam mit meiner Mutter noch einmal nach Polen, bevor wir ein Kind bekommen. Ich habe meine Mutter alles buchen lassen und eben erst gesehen, dass wir ein Zimmer haben, indem wir alle schlafen müssten. Das ist nicht zumutbar für uns. Gibt es irgendeine Möglichkeit die Buchung aufzuwerten? \\r\\nIch bitte dringlich um Ihre Hilfe. \\r\\n\\r\\nGebucht wurde über Booking.com von Martina Hagedorn für 3 Erwachsene. \\r\\nBestätigungsnummer: 2852318431\\r\\n\\r\\nIch bitte wirklich um schnelle Hilfe... :( \",\"rodo\":\"on\"}', '92.72.45.239', 1, NULL, '2023-07-10 17:05:12', '2023-07-10 17:05:12');
INSERT INTO `martin_forms_records` (`id`, `group`, `form_data`, `ip`, `unread`, `deleted_at`, `created_at`, `updated_at`) VALUES
(127, 'Kontakt', '{\"name\":\"Agnieszka\",\"tel\":\"504330049\",\"email\":\"pama121212@wp.pl\",\"message\":\"Dzien dobry, czy miejsce parkingowe trzeba zamawiać osobno do rezerwacji pokoju ?\",\"rodo\":\"on\"}', '37.30.6.53', 1, NULL, '2023-07-13 16:40:01', '2023-07-13 16:40:01'),
(128, 'Kontakt', '{\"name\":\"Agnieszka\",\"tel\":\"504330049\",\"email\":\"pama121212@wp.pl\",\"message\":\"Dzien dobry, czy miejsce parkingowe trzeba zamawiać osobno do rezerwacji pokoju ?\",\"rodo\":\"on\"}', '37.30.6.53', 1, NULL, '2023-07-13 16:40:13', '2023-07-13 16:40:13'),
(129, 'Kontakt', '{\"name\":\"Thomas Herr Schultz\",\"tel\":\"01744049925\",\"email\":\"fordstreety@hotmail.de\",\"message\":\"Sehr geehrte Damen und Herren,\\r\\nwir suchen 2 Appartements vom 23.12.2023-26.12.2023= 3 Nächte in oberster Etage mit Balkon für 4 Erwachsene mit HP und 1 PKW Stellplatz.\\r\\nIch hoffe auf ein sehr gutes günstiges Angebot und verbleibe mit freundlichen Grüßen Thomas Schultz \",\"rodo\":\"on\"}', '46.128.205.120', 1, NULL, '2023-07-20 19:15:35', '2023-07-20 19:15:35'),
(130, 'Kontakt', '{\"name\":\"DARIUSZ \",\"tel\":\"607190164\",\"email\":\"bhpdabi@op.pl\",\"message\":\"Dzień dobry,\\r\\n\\r\\n\\r\\nproszę o ofertę na pobyt w dniach od 29 lub 30 lipca - 6 noclegów.\\r\\n\\r\\n\\r\\nPozdrawiam\\r\\n\\r\\n\\r\\nDariusz Bilicki \\r\\ntel. 607190164\",\"rodo\":\"on\"}', '31.182.158.159', 1, NULL, '2023-07-22 10:28:59', '2023-07-22 10:28:59'),
(131, 'Kontakt', '{\"name\":\"DARIUSZ \",\"tel\":\"607190164\",\"email\":\"bhpdabi@op.pl\",\"message\":\"Dzień dobry,\\r\\n\\r\\n\\r\\nproszę o ofertę na pobyt w dniach od 29 lub 30 lipca - 6 noclegów.\\r\\n\\r\\n\\r\\nPozdrawiam\\r\\n\\r\\n\\r\\nDariusz Bilicki \\r\\ntel. 607190164\",\"rodo\":\"on\"}', '31.182.158.159', 1, NULL, '2023-07-22 10:29:22', '2023-07-22 10:29:22'),
(132, 'Kontakt', '{\"name\":\"Artur Zaburda\",\"tel\":\"514366562\",\"email\":\"olakajtek@interia.pl\",\"message\":\"Dzień dobry, mamy opłacone miejsce parkingowe P-127 od 5.08-12.08, ale właśnie 6.08 godz 17 opuściliśmy apartament, czy jest możliwość zwrotu opłaty parkingowej? \\r\\nOlga i Artur Zaburda\",\"rodo\":\"on\"}', '5.184.246.241', 1, NULL, '2023-08-06 15:12:38', '2023-08-06 15:12:38'),
(133, 'Kontakt', '{\"name\":\"Dräger\",\"tel\":\"01629418026\",\"email\":\"herzogkatrin01@gmail.com\",\"message\":\"Hallo , was kostet der Hund pro Tag ? \\r\\nWir haben ein tolles Angebot bei Booking gefunden aber nicht die Preise für den Hund ! \",\"rodo\":\"on\"}', '93.216.88.250', 1, NULL, '2023-09-06 04:33:54', '2023-09-06 04:33:54'),
(134, 'Kontakt', '{\"name\":\"Heiko Pinkert\",\"tel\":\"0375527921\",\"email\":\"heiko.pinkert@web.de\",\"message\":\"Guten Tag, könnten Sie mir sagen was 1kleiner hund pro Tag bei Ihnen kostet.\\r\\nVielen Dank\",\"rodo\":\"on\"}', '217.235.72.124', 1, NULL, '2023-10-02 15:47:56', '2023-10-02 15:47:56'),
(135, 'Kontakt', '{\"name\":\"Biskaborn\",\"tel\":\"+491724062485\",\"email\":\"ina.biskaborn@freenet.de\",\"message\":\"Sehr geehrte Damen und Herren,\\r\\nwir interessieren uns für Apartamenty ZDROJOWA - 3-Zimmer Apartment Superior 2 Erw.+1Kind 17 Jahre zzgl. 1 Hund franz. Bulldogge vom Zeitraum 22.06.24-30.07.24 . Bitte teilen Sie uns hierfür den Preis mit, falls bei Ihnen die Möglichkeit der Buchung besteht. inkl. aller Gebühren.\\r\\nMit freundlichen Grüßen\\r\\nBiskaborn\",\"rodo\":\"on\"}', '80.151.83.5', 1, NULL, '2023-10-16 12:58:34', '2023-10-16 12:58:34'),
(136, 'Kontakt', '{\"name\":\"Ryszard \",\"tel\":\"502957094\",\"email\":\"rgondek92@gmail.com\",\"message\":\"Dzień dobry, Piszę z zapytaniem czy parking poza sezonem jest tak samo płatny i czy jest dostępne miejsce na parkingu naziemnym (ew. W jakiej cenie)?\",\"rodo\":\"on\"}', '5.173.5.38', 1, NULL, '2023-11-02 08:23:21', '2023-11-02 08:23:21'),
(137, 'Kontakt', '{\"name\":\"Ryszard \",\"tel\":\"502957094\",\"email\":\"rgondek92@gmail.com\",\"message\":\"Dzień dobry, Piszę z zapytaniem czy parking poza sezonem jest tak samo płatny i czy jest dostępne miejsce na parkingu naziemnym (ew. W jakiej cenie)?\",\"rodo\":\"on\"}', '5.173.5.38', 1, NULL, '2023-11-02 08:23:33', '2023-11-02 08:23:33'),
(138, 'Kontakt', '{\"name\":\"Mandy Rösch \",\"tel\":\"015782440716\",\"email\":\"mandy0401@web.de\",\"message\":\"Sehr geehrte Damen und Herren, wir interessieren uns als Familie (2 Erwachsene und 2 Kinder für ein Zimmer bei Ihnen. Uns stellt sich die Frage ob die Schlafcouch im Zimmer Studio für 2 Kinder im Alter von 8 und 4 Jahren geeignet ist? Wir freuen uns über Ihre Antwort\\r\\nLiebe Grüsse\\r\\nFamilie Rösch \",\"rodo\":\"on\"}', '78.55.145.254', 1, NULL, '2023-11-19 13:48:10', '2023-11-19 13:48:10'),
(139, 'Kontakt', '{\"name\":\"Mandy Rösch \",\"tel\":\"015782440716\",\"email\":\"mandy0401@web.de\",\"message\":\"Sehr geehrte Damen und Herren, wir interessieren uns als Familie (2 Erwachsene und 2 Kinder für ein Zimmer bei Ihnen. Uns stellt sich die Frage ob die Schlafcouch im Zimmer Studio für 2 Kinder im Alter von 8 und 4 Jahren geeignet ist? Wir freuen uns über Ihre Antwort\\r\\nLiebe Grüsse\\r\\nFamilie Rösch \",\"rodo\":\"on\"}', '78.55.145.254', 1, NULL, '2023-11-19 13:48:27', '2023-11-19 13:48:27'),
(140, 'Kontakt', '{\"name\":\"Julia Vallentin\",\"tel\":\"+4915204513537\",\"email\":\"julchen.roesler@web.de\",\"message\":\"Hallo, ich hoffe, sie verstehen meine Nachricht auf deutsch.\\r\\nWir waren vom 10.02.23 - 12.02.23 bei Ihnen, es war sehr schön. Wir möchten wieder kommen vom 09.02.24 - 11.02.24. Wir möchten unbedingt wieder die gleichen Zimmer buchen. Wir waren in dem Gebäude gegenüber vom Bistro. Appartement Nr. 6,7,9.  Aber ich bin nicht sicher. Erdgeschoss mit Terrasse.Vielleicht haben Sie das in Ihren Unterlagen? Antwort gern per mail. Liebe Grüße Julia Vallentin\",\"rodo\":\"on\"}', '217.230.188.124', 1, NULL, '2023-12-16 18:04:02', '2023-12-16 18:04:02'),
(141, 'Kontakt', '{\"name\":\"Joanna\",\"tel\":\"729916006\",\"email\":\"joanna.dworniczak@o2.pl\",\"message\":\"Witam, jesteśmy zainteresowani pobytem u Państwa w terminie 12-14.01. Interesuje nas apartament z jednym dużym łóżkiem małżeńskim (nie dwie 1 łączone) ze śniadaniem.  Czy jest może łazienka z wanną? Pozdrawiam \",\"rodo\":\"on\"}', '37.248.175.149', 1, NULL, '2024-01-07 16:57:03', '2024-01-07 16:57:03'),
(142, 'Kontakt', '{\"name\":\"Joanna\",\"tel\":\"729916006\",\"email\":\"joanna.dworniczak@o2.pl\",\"message\":\"Witam, jesteśmy zainteresowani pobytem u Państwa w terminie 12-14.01. Interesuje nas apartament z jednym dużym łóżkiem małżeńskim (nie dwie 1 łączone) ze śniadaniem.  Czy jest może łazienka z wanną? Pozdrawiam \",\"rodo\":\"on\"}', '37.248.175.149', 1, NULL, '2024-01-07 16:57:22', '2024-01-07 16:57:22'),
(143, 'Kontakt', '{\"name\":\"Magdalena\",\"tel\":\"505995525\",\"email\":\"grusia91@o2.pl\",\"message\":\"Dzień Dobry, \\r\\nJaki koszt noclegu osoby dorosłej z 8 letnim synkiem i małym pieskiem na nockę w terminie 17.02-18.02.2024? Opcja ze śniadaniem ;) \",\"rodo\":\"on\"}', '83.21.37.206', 1, NULL, '2024-01-08 21:04:54', '2024-01-08 21:04:54'),
(144, 'Kontakt', '{\"name\":\"agnieszka madera\",\"tel\":\"608509772\",\"email\":\"aga.mad@wp.pl\",\"message\":\"witam\\r\\n czy można opłacić za pobyt przelewem ? interesuje mnie ta oferta od 25.02.2024 do 02.03.2024\\r\\nWybierz Pokój\\r\\nZobacz\\r\\nApartamenty ZDROJOWA - Apartament 1-pokojowy Standard dla max 4 osób\\r\\nKomfortowy apartament 1-pokojowy dla 1-4 osób z balkonem lub ogródkiem przydomowym\\r\\nmax. 4\\r\\n30 m2\\r\\nx 2\\r\\nWypocznij nad morzem ZE ŚNIADANIEM 2023\\/2024.\\r\\nNAJNIŻSZA CENA PRZEZ WWW\\r\\nSzczegóły Ceny i dostępność\\r\\nśniadanie w cenie (BB)\\r\\nPrzedpłata 30 %\\r\\nMin. 2 noce\\r\\nZasady anulacji\\r\\n1 070,00 zł\\r\\n\",\"rodo\":\"on\"}', '195.182.9.192', 1, NULL, '2024-01-09 12:17:04', '2024-01-09 12:17:04'),
(145, 'Kontakt', '{\"name\":\"agnieszka madera\",\"tel\":\"608509772\",\"email\":\"aga.mad@wp.pl\",\"message\":\"witam\\r\\n czy można opłacić za pobyt przelewem ? interesuje mnie ta oferta od 25.02.2024 do 02.03.2024\\r\\nWybierz Pokój\\r\\nZobacz\\r\\nApartamenty ZDROJOWA - Apartament 1-pokojowy Standard dla max 4 osób\\r\\nKomfortowy apartament 1-pokojowy dla 1-4 osób z balkonem lub ogródkiem przydomowym\\r\\nmax. 4\\r\\n30 m2\\r\\nx 2\\r\\nWypocznij nad morzem ZE ŚNIADANIEM 2023\\/2024.\\r\\nNAJNIŻSZA CENA PRZEZ WWW\\r\\nSzczegóły Ceny i dostępność\\r\\nśniadanie w cenie (BB)\\r\\nPrzedpłata 30 %\\r\\nMin. 2 noce\\r\\nZasady anulacji\\r\\n1 070,00 zł\\r\\n\",\"rodo\":\"on\"}', '195.182.9.192', 1, NULL, '2024-01-09 12:43:00', '2024-01-09 12:43:00'),
(146, 'Kontakt', '{\"name\":\"agnieszka madera\",\"tel\":\"608509772\",\"email\":\"aga.mad@wp.pl\",\"message\":\"witam\\r\\n czy można opłacić za pobyt przelewem ? interesuje mnie ta oferta od 25.02.2024 do 02.03.2024\\r\\nWybierz Pokój\\r\\nZobacz\\r\\nApartamenty ZDROJOWA - Apartament 1-pokojowy Standard dla max 4 osób\\r\\nKomfortowy apartament 1-pokojowy dla 1-4 osób z balkonem lub ogródkiem przydomowym\\r\\nmax. 4\\r\\n30 m2\\r\\nx 2\\r\\nWypocznij nad morzem ZE ŚNIADANIEM 2023\\/2024.\\r\\nNAJNIŻSZA CENA PRZEZ WWW\\r\\nSzczegóły Ceny i dostępność\\r\\nśniadanie w cenie (BB)\\r\\nPrzedpłata 30 %\\r\\nMin. 2 noce\\r\\nZasady anulacji\\r\\n1 070,00 zł\\r\\n\",\"rodo\":\"on\"}', '195.182.9.192', 1, NULL, '2024-01-09 12:43:02', '2024-01-09 12:43:02'),
(147, 'Kontakt', '{\"name\":\"Magdalena\",\"tel\":\"609955612\",\"email\":\"magdamoje1@wp.pl\",\"message\":\"Poproszę o informację, jaka jest cena wynajmu apartamentu 8 osobowego na 5 nocy w lipcu? Termin w zasadzie dowolny, zaczynając od 7 lipca. \\r\\nPoszukuję noclegu dla 5 dorosłych i 3 nastolatków. Pozdrawiam\",\"rodo\":\"on\"}', '193.192.177.151', 1, NULL, '2024-01-22 13:41:28', '2024-01-22 13:41:28'),
(148, 'Kontakt', '{\"name\":\"Desiree Hölzer \",\"tel\":\"0163349463\",\"email\":\"desiree.meier@freenet.de\",\"message\":\"Hallo ist eine Anreise zwischen 18-20 Uhr möglich?\",\"rodo\":\"on\"}', '176.7.8.99', 1, NULL, '2024-01-26 07:23:47', '2024-01-26 07:23:47'),
(149, 'Kontakt', '{\"name\":\"Małgorzata\",\"tel\":\"536399858\",\"email\":\"malgorzatakra@interia.pl\",\"message\":\"Dzień dobry,\\r\\nczy mają Państwo jeszcze dostępny apartament w terminie od 29.07 do 4 sierpnia dla 2 os. dorosłych i 2 dzieci do 4 lat\",\"rodo\":\"on\"}', '5.173.248.253', 1, NULL, '2024-02-12 17:12:36', '2024-02-12 17:12:36'),
(150, 'Kontakt', '{\"name\":\"Małgorzata\",\"tel\":\"536399858\",\"email\":\"malgorzatakra@interia.pl\",\"message\":\"Dzień dobry,\\r\\nczy mają Państwo jeszcze dostępny apartament w terminie od 29.07 do 4 sierpnia dla 2 os. dorosłych i 2 dzieci do 4 lat\",\"rodo\":\"on\"}', '5.173.248.253', 1, NULL, '2024-02-12 17:12:54', '2024-02-12 17:12:54'),
(151, 'Kontakt', '{\"name\":\"Małgorzata\",\"tel\":\"536399858\",\"email\":\"malgorzatakra@interia.pl\",\"message\":\"Dzień dobry,\\r\\nczy mają Państwo jeszcze dostępny apartament w terminie od 29.07 do 4 sierpnia dla 2 os. dorosłych i 2 dzieci do 4 lat\",\"rodo\":\"on\"}', '5.173.248.253', 1, NULL, '2024-02-12 17:13:03', '2024-02-12 17:13:03'),
(152, 'Kontakt', '{\"name\":\"Katarzyna Hesiak \",\"tel\":\"691472199\",\"email\":\"katarzyna.swiatek74@wp.pl\",\"message\":\"Dobry wieczór proszę o znalezienie mi apartamentu dla 4 osoby w terminie od5.08.do12.08 2024r.Może być dwupokojowy lub jedno i aneks kuchenny balkon.Z góry dziękuję.\",\"rodo\":\"on\"}', '95.160.180.8', 1, NULL, '2024-02-17 21:27:35', '2024-02-17 21:27:35'),
(153, 'Kontakt', '{\"name\":\"Magdalena \",\"tel\":\"510137245\",\"email\":\"magdalena_olszenka@interia.pl\",\"message\":\"Witam. Poszukuję dwóch apartamentów, dla 5-6 osób każdy, najlepiej obok siebie w tym samym obiekcie. Proszę o wycenę. \\r\\nPozdrawiam \",\"rodo\":\"on\"}', '31.60.97.19', 1, NULL, '2024-02-18 12:16:39', '2024-02-18 12:16:39'),
(154, 'Kontakt', '{\"name\":\"Renata\",\"tel\":\"602703532\",\"email\":\"rena.kna@wp.pl\",\"message\":\"Dzień dobry . Czy posiadają Państwo wolny apartament dla 3 osób  w terminie od 22.07 do 29.07. 2024. może być 1 pokój albo 2 pokoje.\",\"rodo\":\"on\"}', '83.26.191.252', 1, NULL, '2024-02-22 20:34:50', '2024-02-22 20:34:50'),
(155, 'Kontakt', '{\"name\":\"Familie Günther \",\"tel\":\"017663386014\",\"email\":\"darmyguenther@gmail.com\",\"message\":\"Hallo, sind kleine Hunde im Restaurant erlaubt?\\r\\nMit freundlichen Grüßen\\r\\nFamilie Günther \",\"rodo\":\"on\"}', '77.183.99.16', 1, NULL, '2024-02-29 15:25:30', '2024-02-29 15:25:30'),
(156, 'Kontakt', '{\"name\":\"Familie Günther \",\"tel\":\"017663386014\",\"email\":\"darmyguenther@gmail.com\",\"message\":\"Hallo, sind kleine Hunde im Restaurant erlaubt?\\r\\nMit freundlichen Grüßen\\r\\nFamilie Günther \",\"rodo\":\"on\"}', '77.183.99.16', 1, NULL, '2024-02-29 15:25:40', '2024-02-29 15:25:40'),
(157, 'Kontakt', '{\"name\":\"Familie Günther \",\"tel\":\"017663386014\",\"email\":\"darmyguenther@gmail.com\",\"message\":\"Hallo, sind kleine Hunde im Restaurant erlaubt?\\r\\nMit freundlichen Grüßen\\r\\nFamilie Günther \",\"rodo\":\"on\"}', '77.183.99.16', 1, NULL, '2024-02-29 15:25:47', '2024-02-29 15:25:47'),
(158, 'Kontakt', '{\"name\":\"Familie Günther \",\"tel\":\"017663386014\",\"email\":\"darmyguenther@gmail.com\",\"message\":\"Hallo, sind kleine Hunde im Restaurant erlaubt?\\r\\nMit freundlichen Grüßen\\r\\nFamilie Günther \",\"rodo\":\"on\"}', '77.183.99.16', 1, NULL, '2024-02-29 15:25:49', '2024-02-29 15:25:49'),
(159, 'Kontakt', '{\"name\":\"Magdalena\",\"tel\":\"512300472\",\"email\":\"amagdalena@op.pl\",\"message\":\"Witam\\r\\nCzy jest dostępny apartament dwupokojowy dla 3 osób dorosłych i 2 dzieci (2 i 4 lata) w terminie 8.07.24-19.07.24 lub w innym terminie?\",\"rodo\":\"on\"}', '77.253.146.9', 1, NULL, '2024-03-03 13:30:42', '2024-03-03 13:30:42'),
(160, 'Kontakt', '{\"name\":\"Magdalena\",\"tel\":\"512300472\",\"email\":\"amagdalena@op.pl\",\"message\":\"Witam\\r\\nCzy jest dostępny apartament dwupokojowy dla 3 osób dorosłych i 2 dzieci (2 i 4 lata) w terminie 8.07.24-19.07.24 lub w innym terminie?\",\"rodo\":\"on\"}', '77.253.146.9', 1, NULL, '2024-03-03 13:30:53', '2024-03-03 13:30:53'),
(161, 'Kontakt', '{\"name\":\"Richter \",\"tel\":\"01708944298\",\"email\":\"gabriele.kwiatkowski@freenet.de\",\"message\":\"Guten morgen, wir würden gerne eine Unterkunft vom 7.7-13.7 für 2 Erw. und 2 Kinder mit Frühstück buchen. Was wäre noch frei?\\r\\nMit freundlichen Grüßen \\r\\nG. Richter \",\"rodo\":\"on\"}', '178.203.198.171', 1, NULL, '2024-03-06 06:54:58', '2024-03-06 06:54:58'),
(162, 'Kontakt', '{\"name\":\"Richter \",\"tel\":\"01708944298\",\"email\":\"gabriele.kwiatkowski@freenet.de\",\"message\":\"Guten morgen, wir würden gerne eine Unterkunft vom 7.7-13.7 für 2 Erw. und 2 Kinder mit Frühstück buchen. Was wäre noch frei?\\r\\nMit freundlichen Grüßen \\r\\nG. Richter \",\"rodo\":\"on\"}', '178.203.198.171', 1, NULL, '2024-03-06 06:55:15', '2024-03-06 06:55:15'),
(163, 'Kontakt', '{\"name\":\"Iwona\",\"tel\":\"885162143\",\"email\":\"iwonalukasik@1lo.lubin.pl\",\"message\":\"Dzień dobry,\\r\\nczy w terminie 11.10-14.10.2024 znajdziemy u Państwa miejsce dla 30 osób (dorośli), pokoje 2 i 3 osobowe, ze śniadaniem (i ewentualnie obiadokolacją)? pozdr\",\"rodo\":\"on\"}', '156.17.196.37', 1, NULL, '2024-03-12 10:01:57', '2024-03-12 10:01:57'),
(164, 'Kontakt', '{\"name\":\"Agata\",\"tel\":\"888537176\",\"email\":\"agatelka@poczta.fm\",\"message\":\"Czy dysponują Państwo apartamentem dla 3 osób na jeden tydzień w terminie 6-20 lipiec?\",\"rodo\":\"on\"}', '89.64.46.72', 1, NULL, '2024-03-22 20:41:44', '2024-03-22 20:41:44'),
(165, 'Kontakt', '{\"name\":\"Arndt\",\"tel\":\"015227423256\",\"email\":\"dana-arndt@web.de\",\"message\":\"Wir haben vom, 12.-14.4.24, bei Ihnen 6 Ferienwohnungen gebucht. Wir (Ferienwohnung für Dana Arndt) würden gern schon, am 8.4.2024, anreisen und somit 4 Übernachtungen für 2 Personen mit Frühstück dazubuchen. Ist das möglich? Wenn ja, wie ist der Preis? Ich freue mich auf Ihre Antwort! Liebe Grüße Dana Arndt\",\"rodo\":\"on\"}', '217.255.78.237', 1, NULL, '2024-03-26 08:22:17', '2024-03-26 08:22:17'),
(166, 'Kontakt', '{\"name\":\"Klaudia\",\"tel\":\"000000000\",\"email\":\"claudia17@poczta.onet.pl\",\"message\":\"Dzień dobry, chcemy dokonać rezerwacji na pobyt w Państwa hotelu. Chcielibyśmy otrzymać fakturę na osobę prywatną, aby rozliczyć się z zakładem pracy. Czy jest możliwość jej otrzymania? Jeśli tak, co należy zrobić aby ją otrzymać i kiedy ją otrzymamy. Dziękuję \",\"rodo\":\"on\"}', '5.173.227.42', 1, NULL, '2024-04-17 11:28:40', '2024-04-17 11:28:40'),
(167, 'Kontakt', '{\"name\":\"Klaudia\",\"tel\":\"000000001\",\"email\":\"claudia17@poczta.onet.pl\",\"message\":\"Dzień dobry, chcemy dokonać rezerwacji na pobyt w Państwa hotelu. Chcielibyśmy otrzymać fakturę na osobę prywatną, aby rozliczyć się z zakładem pracy. Czy jest możliwość jej otrzymania? Jeśli tak, co należy zrobić aby ją otrzymać i kiedy ją otrzymamy. Dziękuję \",\"rodo\":\"on\"}', '5.173.227.42', 1, NULL, '2024-04-17 11:33:02', '2024-04-17 11:33:02'),
(168, 'Kontakt', '{\"name\":\"Desiree Hölzer \",\"tel\":\"49163349463\",\"email\":\"desiree.meier@freenet.de\",\"message\":\"Hallo, \\r\\nIst auch eine Buchung ohne Frühstück möglich?\",\"rodo\":\"on\"}', '176.6.5.200', 1, NULL, '2024-04-18 13:42:08', '2024-04-18 13:42:08'),
(169, 'Kontakt', '{\"name\":\"Desiree Hölzer \",\"tel\":\"491633494634\",\"email\":\"desiree.meier@freenet.de\",\"message\":\"Hallo, \\r\\nIst auch eine Buchung ohne Frühstück möglich?\",\"rodo\":\"on\"}', '176.6.5.200', 1, NULL, '2024-04-18 13:42:31', '2024-04-18 13:42:31');

-- --------------------------------------------------------

--
-- Struktura tabeli dla tabeli `migrations`
--

CREATE TABLE `migrations` (
  `id` int(10) UNSIGNED NOT NULL,
  `migration` varchar(191) NOT NULL,
  `batch` int(11) NOT NULL
) ENGINE=InnoDB DEFAULT CHARSET=utf8mb4 COLLATE=utf8mb4_unicode_ci;

--
-- Dumping data for table `migrations`
--

INSERT INTO `migrations` (`id`, `migration`, `batch`) VALUES
(1, '2013_10_01_000001_Db_Deferred_Bindings', 1),
(2, '2013_10_01_000002_Db_System_Files', 1),
(3, '2013_10_01_000003_Db_System_Plugin_Versions', 1),
(4, '2013_10_01_000004_Db_System_Plugin_History', 1),
(5, '2013_10_01_000005_Db_System_Settings', 1),
(6, '2013_10_01_000006_Db_System_Parameters', 1),
(7, '2013_10_01_000007_Db_System_Add_Disabled_Flag', 1),
(8, '2013_10_01_000008_Db_System_Mail_Templates', 1),
(9, '2013_10_01_000009_Db_System_Mail_Layouts', 1),
(10, '2014_10_01_000010_Db_Jobs', 1),
(11, '2014_10_01_000011_Db_System_Event_Logs', 1),
(12, '2014_10_01_000012_Db_System_Request_Logs', 1),
(13, '2014_10_01_000013_Db_System_Sessions', 1),
(14, '2015_10_01_000014_Db_System_Mail_Layout_Rename', 1),
(15, '2015_10_01_000015_Db_System_Add_Frozen_Flag', 1),
(16, '2015_10_01_000016_Db_Cache', 1),
(17, '2015_10_01_000017_Db_System_Revisions', 1),
(18, '2015_10_01_000018_Db_FailedJobs', 1),
(19, '2016_10_01_000019_Db_System_Plugin_History_Detail_Text', 1),
(20, '2016_10_01_000020_Db_System_Timestamp_Fix', 1),
(21, '2017_08_04_121309_Db_Deferred_Bindings_Add_Index_Session', 1),
(22, '2017_10_01_000021_Db_System_Sessions_Update', 1),
(23, '2017_10_01_000022_Db_Jobs_FailedJobs_Update', 1),
(24, '2017_10_01_000023_Db_System_Mail_Partials', 1),
(25, '2017_10_23_000024_Db_System_Mail_Layouts_Add_Options_Field', 1),
(26, '2013_10_01_000001_Db_Backend_Users', 2),
(27, '2013_10_01_000002_Db_Backend_User_Groups', 2),
(28, '2013_10_01_000003_Db_Backend_Users_Groups', 2),
(29, '2013_10_01_000004_Db_Backend_User_Throttle', 2),
(30, '2014_01_04_000005_Db_Backend_User_Preferences', 2),
(31, '2014_10_01_000006_Db_Backend_Access_Log', 2),
(32, '2014_10_01_000007_Db_Backend_Add_Description_Field', 2),
(33, '2015_10_01_000008_Db_Backend_Add_Superuser_Flag', 2),
(34, '2016_10_01_000009_Db_Backend_Timestamp_Fix', 2),
(35, '2017_10_01_000010_Db_Backend_User_Roles', 2),
(36, '2018_12_16_000011_Db_Backend_Add_Deleted_At', 2),
(37, '2014_10_01_000001_Db_Cms_Theme_Data', 3),
(38, '2016_10_01_000002_Db_Cms_Timestamp_Fix', 3),
(39, '2017_10_01_000003_Db_Cms_Theme_Logs', 3),
(40, '2018_11_01_000001_Db_Cms_Theme_Templates', 3);

-- --------------------------------------------------------

--
-- Struktura tabeli dla tabeli `rainlab_blog_categories`
--

CREATE TABLE `rainlab_blog_categories` (
  `id` int(10) UNSIGNED NOT NULL,
  `name` varchar(191) DEFAULT NULL,
  `slug` varchar(191) DEFAULT NULL,
  `code` varchar(191) DEFAULT NULL,
  `description` text DEFAULT NULL,
  `parent_id` int(10) UNSIGNED DEFAULT NULL,
  `nest_left` int(11) DEFAULT NULL,
  `nest_right` int(11) DEFAULT NULL,
  `nest_depth` int(11) DEFAULT NULL,
  `created_at` timestamp NULL DEFAULT NULL,
  `updated_at` timestamp NULL DEFAULT NULL
) ENGINE=InnoDB DEFAULT CHARSET=utf8mb4 COLLATE=utf8mb4_unicode_ci;

--
-- Dumping data for table `rainlab_blog_categories`
--

INSERT INTO `rainlab_blog_categories` (`id`, `name`, `slug`, `code`, `description`, `parent_id`, `nest_left`, `nest_right`, `nest_depth`, `created_at`, `updated_at`) VALUES
(1, 'Uncategorized', 'uncategorized', NULL, NULL, NULL, 1, 2, 0, '2019-11-19 09:12:09', '2019-11-19 09:12:09');

-- --------------------------------------------------------

--
-- Struktura tabeli dla tabeli `rainlab_blog_posts`
--

CREATE TABLE `rainlab_blog_posts` (
  `id` int(10) UNSIGNED NOT NULL,
  `user_id` int(10) UNSIGNED DEFAULT NULL,
  `title` varchar(191) DEFAULT NULL,
  `slug` varchar(191) NOT NULL,
  `excerpt` text DEFAULT NULL,
  `content` longtext DEFAULT NULL,
  `content_html` longtext DEFAULT NULL,
  `published_at` timestamp NULL DEFAULT NULL,
  `published` tinyint(1) NOT NULL DEFAULT 0,
  `created_at` timestamp NULL DEFAULT NULL,
  `updated_at` timestamp NULL DEFAULT NULL,
  `metadata` mediumtext DEFAULT NULL,
  `seo_title` varchar(191) DEFAULT NULL,
  `seo_description` varchar(191) DEFAULT NULL,
  `seo_keywords` varchar(191) DEFAULT NULL,
  `canonical_url` varchar(191) DEFAULT NULL,
  `redirect_url` varchar(191) DEFAULT NULL,
  `robot_index` varchar(191) DEFAULT NULL,
  `robot_follow` varchar(191) DEFAULT NULL
) ENGINE=InnoDB DEFAULT CHARSET=utf8mb4 COLLATE=utf8mb4_unicode_ci;

--
-- Dumping data for table `rainlab_blog_posts`
--

INSERT INTO `rainlab_blog_posts` (`id`, `user_id`, `title`, `slug`, `excerpt`, `content`, `content_html`, `published_at`, `published`, `created_at`, `updated_at`, `metadata`, `seo_title`, `seo_description`, `seo_keywords`, `canonical_url`, `redirect_url`, `robot_index`, `robot_follow`) VALUES
(1, 1, 'First blog post', 'first-blog-post', 'The first ever blog post is here. It might be a good idea to update this post with some more relevant content.', 'This is your first ever **blog post**! It might be a good idea to update this post with some more relevant content.\n\nYou can edit this content by selecting **Blog** from the administration back-end menu.\n\n*Enjoy the good times!*', '<p>This is your first ever <strong>blog post</strong>! It might be a good idea to update this post with some more relevant content.</p>\n<p>You can edit this content by selecting <strong>Blog</strong> from the administration back-end menu.</p>\n<p><em>Enjoy the good times!</em></p>', '2019-11-19 09:12:09', 1, '2019-11-19 09:12:09', '2019-11-19 09:12:09', NULL, NULL, NULL, NULL, NULL, NULL, NULL, NULL);

-- --------------------------------------------------------

--
-- Struktura tabeli dla tabeli `rainlab_blog_posts_categories`
--

CREATE TABLE `rainlab_blog_posts_categories` (
  `post_id` int(10) UNSIGNED NOT NULL,
  `category_id` int(10) UNSIGNED NOT NULL
) ENGINE=InnoDB DEFAULT CHARSET=utf8mb4 COLLATE=utf8mb4_unicode_ci;

-- --------------------------------------------------------

--
-- Struktura tabeli dla tabeli `rainlab_sitemap_definitions`
--

CREATE TABLE `rainlab_sitemap_definitions` (
  `id` int(10) UNSIGNED NOT NULL,
  `theme` varchar(191) DEFAULT NULL,
  `data` mediumtext DEFAULT NULL,
  `created_at` timestamp NULL DEFAULT NULL,
  `updated_at` timestamp NULL DEFAULT NULL
) ENGINE=InnoDB DEFAULT CHARSET=utf8mb4 COLLATE=utf8mb4_unicode_ci;

--
-- Dumping data for table `rainlab_sitemap_definitions`
--

INSERT INTO `rainlab_sitemap_definitions` (`id`, `theme`, `data`, `created_at`, `updated_at`) VALUES
(1, 'default', '[{\"changefreq\":\"always\",\"priority\":\"0.5\",\"type\":\"all-static-pages\"}]', '2019-11-19 09:47:01', '2019-11-19 09:47:42'),
(2, 'standard-template', '[{\"changefreq\":\"always\",\"priority\":\"0.5\",\"type\":\"all-static-pages\"}]', '2020-02-03 10:06:02', '2020-02-03 10:06:09');

-- --------------------------------------------------------

--
-- Struktura tabeli dla tabeli `rainlab_translate_attributes`
--

CREATE TABLE `rainlab_translate_attributes` (
  `id` int(10) UNSIGNED NOT NULL,
  `locale` varchar(191) NOT NULL,
  `model_id` varchar(191) DEFAULT NULL,
  `model_type` varchar(191) DEFAULT NULL,
  `attribute_data` mediumtext DEFAULT NULL
) ENGINE=InnoDB DEFAULT CHARSET=utf8mb4 COLLATE=utf8mb4_unicode_ci;

--
-- Dumping data for table `rainlab_translate_attributes`
--

INSERT INTO `rainlab_translate_attributes` (`id`, `locale`, `model_id`, `model_type`, `attribute_data`) VALUES
(1, 'en', '1', 'SSI\\Apartamenty\\Models\\Apartment', '{\"name\":\"Celebration time EN234\",\"description\":\"\",\"slug\":\"celebration-time-en234\"}'),
(2, 'de', '1', 'SSI\\Apartamenty\\Models\\Apartment', '{\"name\":\"Celebrationen DE\",\"description\":\"\",\"slug\":\"\"}'),
(3, 'en', '3', 'SSI\\Apartamenty\\Models\\Apartment', '{\"name\":\"test2en\",\"slug\":\"test2en\",\"description\":\"<p>en<\\/p>\\r\\n\"}'),
(4, 'de', '3', 'SSI\\Apartamenty\\Models\\Apartment', '{\"name\":\"test2de\",\"slug\":\"test2de\",\"description\":\"<p>testde<\\/p>\\r\\n\"}'),
(5, 'en', '8', 'SSI\\Atrakcje\\Models\\Atrakcje', '{\"name\":\"Birde Reserve\",\"short_description\":\"The Karsiborska Kępa Reserve is located on the island of the same name, which is part of the Świna Delta - a place for birds of European rank. This reserve is the first reserve belonging to the Society.\",\"description\":\"<p>The Karsiborska Kępa Reserve is located on the island of the same name, which is part of the Świna Delta - a place for birds of European rank. This reserve is the first reserve belonging to the Society. Karsiborska Kępa Reserve is one of the first social reserves, and probably the first, in which active methods (active activities and works - as opposed to strict reserves closed to all human activities) were adopted as a way of protection.<\\/p>\\r\\n\"}'),
(6, 'de', '8', 'SSI\\Atrakcje\\Models\\Atrakcje', '{\"name\":\"Vogelschutzgebiet\",\"short_description\":\"Das „Karsiborska Kępa“ Reservat befindet sich auf der gleichnamigen Insel, die Teil des Świna Deltas ist - ein Vögel-Zufluchtsort von europäischem Rang. Dieses Reservat ist das erste Reservat der Gesellschaft.\",\"description\":\"<p>Das „Karsiborska Kępa“ Reservat befindet sich auf der gleichnamigen Insel, die Teil des Świna Deltas ist - ein Vögel-Zufluchtsort von europäischem Rang. Dieses Reservat ist das erste Reservat der Gesellschaft. Das „Karsiborska Kępa“ Reservat ist eines der ersten sozialen Reservate und wahrscheinlich das erste, in dem, als Schutzmaßnahme, aktive Methoden eingesetzt wurden (aktive Tätigkeiten und Arbeiten - im Gegensatz zu strikten Reservaten, die für alle menschlichen Aktivitäten geschlossen sind).<\\/p>\\r\\n\"}'),
(7, 'en', '9', 'SSI\\Atrakcje\\Models\\Atrakcje', '{\"name\":\"Imperial Resorts\",\"short_description\":\"Decorative sculptures on balconies, verandas, large windows, portals in front of the entrances, wide stairs - the architecture of the \\\"Three Imperial Resorts\\\" is unique on a global scale. Nowhere else is there so many decorations and variety. \",\"description\":\"<p>Decorative sculptures on balconies, verandas, large windows, portals in front of the entrances, wide stairs - the architecture of the \\\"Three Imperial Resorts\\\" is unique on a global scale. Nowhere else is there so many decorations and variety. The owners of that time competed with each other and thought that tourists should be attracted by beauty. They had great taste and big wallets, so they left elegant villas and guesthouses. Thanks to different fascinations of their owners, the report also differ from each other. Some are wooden and decorated with ornaments, and others resemble miniatures of Berlin tenements.<\\/p>\\r\\n\\r\\n<p>Buildings usually have 2 of 4 floors. Summer residences were created at the turn of the century. The houses are not similar, but they are distinguished by their diversity. Germany describes this building as spa architecture (German: Bäderarchitektur). Luxurious villas costed a fortune. At the time, however, money was not a case. Berliners who appreciated the charms of Ahlbeck, Heringsdorf, Bansin, and pre-war Świnoujście (German: Swinemunde) were to be a place of rest and a synonym of luxury.<\\/p>\\r\\n\"}'),
(8, 'de', '9', 'SSI\\Atrakcje\\Models\\Atrakcje', '{\"name\":\"Kaiserliche Resorts\",\"short_description\":\"Dekorative Skulpturen auf Balkonen, Veranden, großen Fenstern, Eingangsportalen, breiten Treppen - die Architektur der \\\"Drei kaiserlichen Heilbäder\\\" ist weltweit einzigartig. Nirgendwo sonst gibt es so viel Dekoration und Verschiedenheit. Die damaligen Eigentümer konkurrierten miteinander und meinten, dass Touristen sollten von Schönheit angezogen werden.\",\"description\":\"<p>Dekorative Skulpturen auf Balkonen, Veranden, großen Fenstern, Eingangsportalen, breiten Treppen - die Architektur der \\\"Drei kaiserlichen Heilbäder\\\" ist weltweit einzigartig. Nirgendwo sonst gibt es so viel Dekoration und Verschiedenheit. Die damaligen Eigentümer konkurrierten miteinander und meinten, dass Touristen sollten von Schönheit angezogen werden. Sie hatten Geschmack und reichhaltige Brieftaschen, haben sie viele elegante Villen und Pensionen hinterlassen. Durch die Faszination ihrer Eigentümer unterscheiden sie sich voneinander. Einige sind aus Holz und mit Ornamenten verziert. Andere ähneln Miniaturen von Berliner Mietshäusern.<\\/p>\\r\\n\\r\\n<p>Gebäude sind in der Regel zwei oder viergeschossig. Sommerresidenzen wurden um die Wende zum 20. Jahrhunderts eingerichtet. Die Häuser sind nicht ähnlich zueinander, sondern sie zeichnen sich durch ihre Vielfalt aus. Die Deutschen beschreiben solche Bauart als Bäderarchitektur. Luxuriöse Villen kosten ein Vermögen. Geld spielte damals jedoch keine Rolle. Für Berliner, die den Charme von Ahlbeck, Heringsdorf, Bansin und der Vorkriegs-Swinemünde hoch schätzten, waren sie ein Erholungsort und ein Synonym für Luxus.<\\/p>\\r\\n\"}'),
(9, 'en', '10', 'SSI\\Atrakcje\\Models\\Atrakcje', '{\"name\":\"\\\"Dutch\'\' Windmill in Benz\",\"short_description\":\"About 20 kilometers from Świnoujście in the town of Benz, there is a windmill located on a hill. From above, there is a picturesque view of the surrounding area, and you can see the varied terrain, surrounding water bodies and towns. \",\"description\":\"<p>About 20 kilometers from Świnoujście in the town of Benz, there is a windmill located on a hill. From above, there is a picturesque view of the surrounding area, and you can see the varied terrain, surrounding water bodies and towns.<\\/p>\\r\\n\\r\\n<p>Inside the windmill is an interesting milling museum (paid admission). The object itself and the city of Benz were immortalized in the paintings of famous American painter of German descent Lyonel Feiniger. The artist came 100 years ago to the island of Usedom, where he spent part of his life painting and drawing landscapes, immortalizing the beauty of the architecture of these lands. A windmill was his favorite subject of paintings.<\\/p>\\r\\n\"}'),
(10, 'de', '10', 'SSI\\Atrakcje\\Models\\Atrakcje', '{\"name\":\"\\\"Niederländische\\\" Windmühle in Benz\",\"short_description\":\"In der Stadt Benz (etwa 20 Kilometer von Swinemünde entfernt) befindet sich auf einem Hügel eine alte Windmühle. Von oben hat man einen malerischen Blick auf die Umgebung. Man kann das abwechslungsreiche Gelände, die umliegenden Gewässer und Städte sehen.\",\"description\":\"<p>In der Stadt Benz (etwa 20 Kilometer von Swinemünde entfernt) befindet sich auf einem Hügel eine alte Windmühle. Von oben hat man einen malerischen Blick auf die Umgebung. Man kann das abwechslungsreiche Gelände, die umliegenden Gewässer und Städte sehen.<\\/p>\\r\\n\\r\\n<p>In der Windmühle befindet sich ein interessantes Mühlenmuseum (kostenpflichtiger Eintritt). Das Objekt und die Stadt Benz wurden in den Gemälden vom berühmten amerikanischen Maler deutscher Herkunft Lyonel Feiniger verewigt. Der Künstler kam vor 100 Jahren auf die Insel Usedom, wo er einen Teil seines Lebens mit Malen und Zeichnen der Landschaft verbrachte, um die Schönheit der Architektur dieser Länder zu verewigen. Die Windmühle war sein Lieblingsmotiv.<\\/p>\\r\\n\"}'),
(11, 'en', '11', 'SSI\\Atrakcje\\Models\\Atrakcje', '{\"name\":\"Kaminke\",\"short_description\":\"Kamminke is one of the oldest fishing villages on the island of Usedom. It is located by the Szczecin Lagoon, at the Polish border. From the 17th century, the inhabitants of the colony made a living from fishing. They lived in thatched-roofed huts that can be seen in Kamminke to this day.\",\"description\":\"<p>Kamminke is one of the oldest fishing villages on the island of Usedom. It is located by the Szczecin Lagoon, at the Polish border. From the 17th century, the inhabitants of the colony made a living from fishing. They lived in thatched-roofed huts that can be seen in Kamminke to this day. The village is known for breathtaking views - some houses are located on over 20-meter cliffs that surround the bay of the Lagoon. In the middle of Kamminke, there is a viewpoint from which you can see Świnoujście and the Szczecin Lagoon. One of the streets only 210 meters long starts at the height of 6 and ends at as much as 24 meters above sea level. Above the waters of the Lagoon, there is a small fishing port, where yachts and motorboats with tourists make their way in the summer season. Next to it is a small beach with an unguarded beach, a small field for caravans, a spacious parking lot, a grassy field for football and volleyball. It is worth knowing that in Kamminke is the highest hill on the island of Usedom (71 m a.s.l.) Golm with the German Cemetery of War Victims, where victims of the Allied carpet raid on Świnoujście are buried in 1944. Over 20,000 graves make it the largest war cemetery in Mecklenburg Vorpommern and one of the largest in Germany.<\\/p>\\r\\n\"}'),
(12, 'de', '11', 'SSI\\Atrakcje\\Models\\Atrakcje', '{\"name\":\"Kamminke\",\"short_description\":\"Kamminke ist eines der ältesten Fischerdörfer der Insel Usedom. Es liegt an dem Stettiner Haff an der polnischen Grenze. Schon ab dem 17. Jahrhundert lebten die Bewohner der Siedlung vom Fischfang. Sie wohnten in strohgedeckten Häuschen, die bis heute in Kamminke zu finden sind.\",\"description\":\"<p>Kamminke ist eines der ältesten Fischerdörfer der Insel Usedom. Es liegt an dem Stettiner Haff an der polnischen Grenze. Schon ab dem 17. Jahrhundert lebten die Bewohner der Siedlung vom Fischfang. Sie wohnten in strohgedeckten Häuschen, die bis heute in Kamminke zu finden sind. Das Dorf ist malerisch gelegen - einige Häuser befinden sich auf über 20 Meter hohen Klippen, die die Bucht des Haffs umgeben. Mitten in Kamminke gibt es einen Aussichtspunkt, von dem aus Swinemünde und die Stettiner Haff zu sehen sind. Eine der Straßen mit einer Länge von nur 210 Metern beginnt auf einer Höhe von 6 Metern und endet auf bis zu 24 Metern über dem Meeresspiegel. Über den Gewässern des Haffs befindet sich ein kleiner Fischereihafen, wo im Sommer Yachten und Motorboote mit Touristen anlegen. Daneben befindet sich ein kleiner unbewachter Strand, ein kleines Feld für Wohnwagen, ein großer Parkplatz, ein Fußball- und Volleyballfeld. Es ist erwähnenswert, dass in Kamminke der höchste Hügel der Insel Usedom (71 m ü.M.) liegt. Auf dem Högel befindet sich der Friedhof der deutschen Kriegsopfer, auf dem die Opfer des alliierten Teppichangriffs auf Swinemünde 1944 begraben wurden. Über 20.000 Gräber machen ihn zum größten Kriegsfriedhof in Mecklenburg-Vorpommern und zu einem der größten in Deutschland.<\\/p>\\r\\n\"}'),
(13, 'en', '12', 'SSI\\Atrakcje\\Models\\Atrakcje', '{\"name\":\"Castle on Water and Medieval Church in Mellenthin\",\"short_description\":\"The town of Mellenthin is a must-see when visiting nearby the city of Świnoujście. Surrounded by fields and forests, it lies in the central part of the island of Usedom and, as one of the few on the island, has no access to the sea, to the Szczecin Lagoon, or the lake.\",\"description\":\"<p>The town of Mellenthin is a must-see when visiting nearby the city of Świnoujście. Surrounded by fields and forests, it lies in the central part of the island of Usedom and, as one of the few on the island, has no access to the sea, to the Szczecin Lagoon, or the lake. The oldest and most exciting place to visit in Mellenthin is the medieval church, which was built 1330 from stone and red brick. The choir, probably built in the fourteenth century, has a cross vault, which has survived to this day unique paintings, some of dating back to 1420. Around the church is an old cemetery surrounded by a brick wall - metal crosses have survived to this day. The first owner of the Mellenthin castle, Rüdiger von Neuenkirchen and his wife Ilsabe from Eickstädt, are buried in the church. The oldest element of the church is a millstone from the early Slavic times. It is now built into the wall at the entrance and used as a bowl with holy water.<\\/p>\\r\\n\"}'),
(14, 'de', '12', 'SSI\\Atrakcje\\Models\\Atrakcje', '{\"name\":\"Wasserburg und mittelalterliche Kirche in Mellenthin\",\"short_description\":\"Was Sie in der Nähe von Swinemünde unbedingt sehen müssen, ist die Stadt Mellenthin. Umgeben von Feldern und Wäldern liegt sie im zentralen Teil der Insel Usedom und hat als eine der wenigen auf der Insel keinen Zugang zum Meer, zur Stettiner Lagune oder zum See. \",\"description\":\"<p>Was Sie in der Nähe von Swinemünde unbedingt sehen müssen, ist die Stadt Mellenthin. Umgeben von Feldern und Wäldern liegt sie im zentralen Teil der Insel Usedom und hat als eine der wenigen auf der Insel keinen Zugang zum Meer, zur Stettiner Lagune oder zum See. Der älteste und interessanteste Ort in Mellenthin ist die mittelalterliche Kirche gebaut im Jahr 1330 aus Stein und rotem Backstein. Der Chor, wahrscheinlich im 14. Jahrhundert erbaut, hat ein Kreuzgewölbe, das bis heute einzigartige Gemälde erhalten hat, einige davon aus dem Jahr 1420. Rund um die Kirche befindet sich ein alter Friedhof, der von einer Mauer umgeben ist - Metallkreuze sind bis heute erhalten. Der erste Besitzer des Schlosses Mellenthin, Rüdiger von Neuenkirchen, und seine Frau Ilsabe aus Eickstädt sind in der Kirche begraben. Das älteste Element der Kirche ist ein Mühlstein aus der frühen slawischen Zeit. Es ist jetzt in die Wand am Eingang eingebaut und dient als Schüssel mit Weihwasser.<\\/p>\\r\\n\"}'),
(15, 'en', '13', 'SSI\\Atrakcje\\Models\\Atrakcje', '{\"name\":\"Stople\",\"short_description\":\"Breathtaking Stolpe is located on the southwestern part of the island and is one of the oldest cities on Usedom. For most of its existence, it was owned by the Schwerin family until World War II. Stolpe did not develop after the war. In the 15th century, a church was built in Stolpe, which was destroyed by lightning in 1867.  \",\"description\":\"<p>Breathtaking Stolpe is located on the southwestern part of the island and is one of the oldest cities on Usedom. For most of its existence, it was owned by the Schwerin family until World War II. Stolpe did not develop after the war. In the 15th century, a church was built in Stolpe, which was destroyed by lightning in 1867.<\\/p>\\r\\n\\r\\n<p>In the years 1871–73, it was rebuilt with the use of red brick, the organs made in Grüneberg\'s studio in Szczecin were installed. Local carpenters designed the interior. The church belongs to the Lutheran parish in Usedom. In front of the church, there is a memorial to the victims of World War I - a soldier holding a grenade. The attraction of the Stolpe is the castle, currently being renovated and reconstructed by the Association created especially for this purpose. Its first parts were built in the years 1570 and 1600. It was renovated and expanded at the end of the 17th century. Friedrich von Schwerin rebuilt the castle in 1905. Currently, events are organized inside it several times a year, including concerts. Buildings near the castle are also interesting.<\\/p>\\r\\n\"}'),
(16, 'de', '13', 'SSI\\Atrakcje\\Models\\Atrakcje', '{\"name\":\"Stolpe\",\"short_description\":\"Die malerische Stolpe liegt im südwestlichen Teil der Insel und ist eine der ältesten Städte der Usedom. Bis zum Zweiten Weltkrieg war sie größtenteils im Besitz der Familie Schwerin. Stolpe entwickelte sich nach dem Krieg nicht. Im 15. Jahrhundert wurde in Stolpe eine Kirche gebaut, die 1867 durch einen Blitz zerstört wurde.\",\"description\":\"<p>Die malerische Stolpe liegt im südwestlichen Teil der Insel und ist eine der ältesten Städte der Usedom. Bis zum Zweiten Weltkrieg war sie größtenteils im Besitz der Familie Schwerin. Stolpe entwickelte sich nach dem Krieg nicht. Im 15. Jahrhundert wurde in Stolpe eine Kirche gebaut, die 1867 durch einen Blitz zerstört wurde.<\\/p>\\r\\n\\r\\n<p>In den Jahren 1871-73 wurde es aus rotem Backstein wiederaufgebaut. Es wurden u.a. Orgeln aus Grünebergs Atelier in Stettin installiert. Der Innenraum wurde von lokalen Tischlern entworfen. Die Kirche gehört zur lutherischen Gemeinde in Usedom. Vor der Kirche befindet sich ein Denkmal für die Opfer des Ersten Weltkriegs - ein Soldat mit einer Granate. Die bekannteste Sehenswürdigkeit Stolpes ist das Schloss, das derzeit von dem speziell für diesen Zweck geschaffenen Verein renoviert und rekonstruiert wird. Die ersten Teile wurden in den Jahren 1570 und 1600 gebaut. Sie wurden dann Ende des 17. Jahrhunderts renoviert und erweitert. 1905 wurde das Schloss von Friedrich von Schwerin wieder umgebaut. Derzeit werden da mehrmals im Jahr verschiedene Veranstaltungen organisiert, darunter Konzerte. Interessant sind auch Gebäude in der Nähe des Schlosses.<\\/p>\\r\\n\"}'),
(17, 'en', '14', 'SSI\\Atrakcje\\Models\\Atrakcje', '{\"name\":\"Zinnowitz\",\"short_description\":\"Zinnowitz also is known as the pearl of the Baltic Sea, is located on the northern part of the island. It is the third, after Heringsdorf and Świnoujście, the oldest spa town on Usedom. The flourishing of the city in the 1920s resulted in beautiful buildings, both large hotels, and small family-run guesthouses, villas, and tenement houses.\",\"description\":\"<p>Zinnowitz also is known as the pearl of the Baltic Sea, is located on the northern part of the island. It is the third, after Heringsdorf and Świnoujście, the oldest spa town on Usedom. The flourishing of the city in the 1920s resulted in beautiful buildings, both large hotels, and small family-run guesthouses, villas, and tenement houses. The pier length of which is 315 meters, has an additional attraction in the form of a gondola, submerging on a movable stem a few meters underwater. Promenade Hall is a new attraction on the promenade - a house with an observation tower, whose terrace can be raised 20 meters. Once on the observation deck, there are 35 people. Zinnowitz has an indoor pool, tennis courts.<\\/p>\\r\\n\"}'),
(18, 'de', '14', 'SSI\\Atrakcje\\Models\\Atrakcje', '{\"name\":\"Zinnowitz\",\"short_description\":\"Zinnowitz, die Perle der Ostsee genannt, liegt im nördlichen Teil der Insel. Sie ist der dritte, nach Heringsdorf und Swinemünde, älteste Kurort in Usedom. Das Aufblühen der Stadt in den 1920er Jahren führte zu wunderschönen Gebäuden, sowohl großen Hotels als auch kleinen familiengeführten Gästehäusern, Villen und Mietshäusern.\",\"description\":\"<p>Zinnowitz, die Perle der Ostsee genannt, liegt im nördlichen Teil der Insel. Sie ist der dritte, nach Heringsdorf und Swinemünde, älteste Kurort in Usedom. Das Aufblühen der Stadt in den 1920er Jahren führte zu wunderschönen Gebäuden, sowohl großen Hotels als auch kleinen familiengeführten Gästehäusern, Villen und Mietshäusern. Die Mole, deren Länge 315 Meter beträgt, hat eine zusätzliche Attraktion in Form einer Gondel, die einige Meter unter Wasser auf einen beweglichen Stiel taucht. Die Promenadenhalle ist eine neue Attraktion an der Promenade - ein Haus mit einem Aussichtsturm, dessen Terrasse 20 Meter hoch angehoben werden kann. 35 Personen dürfen sich gleichzeitig auf der Aussichtsplattform befinden. Zinnowitz verfügt über auch ein Hallenbad und Tennisplätze.<\\/p>\\r\\n\"}'),
(19, 'en', '4', 'SSI\\Apartamenty\\Models\\Apartment', '{\"name\":\"\",\"slug\":\"\",\"description\":\"\"}'),
(20, 'de', '4', 'SSI\\Apartamenty\\Models\\Apartment', '{\"name\":\"\",\"slug\":\"\",\"description\":\"\"}'),
(21, 'en', '5', 'SSI\\Apartamenty\\Models\\Apartment', '{\"name\":\"\",\"slug\":\"\",\"description\":\"\"}'),
(22, 'de', '5', 'SSI\\Apartamenty\\Models\\Apartment', '{\"name\":\"\",\"slug\":\"\",\"description\":\"\"}'),
(23, 'en', '63', 'System\\Models\\File', '{\"title\":\"\",\"description\":\"\"}'),
(24, 'de', '63', 'System\\Models\\File', '{\"title\":\"\",\"description\":\"\"}'),
(25, 'en', '66', 'System\\Models\\File', '{\"title\":\"\",\"description\":\"\"}'),
(26, 'de', '66', 'System\\Models\\File', '{\"title\":\"\",\"description\":\"\"}'),
(27, 'en', '69', 'System\\Models\\File', '{\"title\":\"\",\"description\":\"\"}'),
(28, 'de', '69', 'System\\Models\\File', '{\"title\":\"\",\"description\":\"\"}'),
(29, 'en', '64', 'System\\Models\\File', '{\"title\":\"\",\"description\":\"\"}'),
(30, 'de', '64', 'System\\Models\\File', '{\"title\":\"\",\"description\":\"\"}'),
(31, 'en', '67', 'System\\Models\\File', '{\"title\":\"\",\"description\":\"\"}'),
(32, 'de', '67', 'System\\Models\\File', '{\"title\":\"\",\"description\":\"\"}'),
(33, 'en', '70', 'System\\Models\\File', '{\"title\":\"\",\"description\":\"\"}'),
(34, 'de', '70', 'System\\Models\\File', '{\"title\":\"\",\"description\":\"\"}'),
(35, 'en', '65', 'System\\Models\\File', '{\"title\":\"\",\"description\":\"\"}'),
(36, 'de', '65', 'System\\Models\\File', '{\"title\":\"\",\"description\":\"\"}'),
(37, 'en', '68', 'System\\Models\\File', '{\"title\":\"\",\"description\":\"\"}'),
(38, 'de', '68', 'System\\Models\\File', '{\"title\":\"\",\"description\":\"\"}'),
(39, 'en', '71', 'System\\Models\\File', '{\"title\":\"\",\"description\":\"\"}'),
(40, 'de', '71', 'System\\Models\\File', '{\"title\":\"\",\"description\":\"\"}'),
(41, 'en', '72', 'System\\Models\\File', '{\"title\":\"\",\"description\":\"\"}'),
(42, 'de', '72', 'System\\Models\\File', '{\"title\":\"\",\"description\":\"\"}'),
(43, 'en', '73', 'System\\Models\\File', '{\"title\":\"\",\"description\":\"\"}'),
(44, 'de', '73', 'System\\Models\\File', '{\"title\":\"\",\"description\":\"\"}'),
(45, 'en', '74', 'System\\Models\\File', '{\"title\":\"\",\"description\":\"\"}'),
(46, 'de', '74', 'System\\Models\\File', '{\"title\":\"\",\"description\":\"\"}'),
(47, 'en', '75', 'System\\Models\\File', '{\"title\":\"\",\"description\":\"\"}'),
(48, 'de', '75', 'System\\Models\\File', '{\"title\":\"\",\"description\":\"\"}'),
(49, 'en', '76', 'System\\Models\\File', '{\"title\":\"\",\"description\":\"\"}'),
(50, 'de', '76', 'System\\Models\\File', '{\"title\":\"\",\"description\":\"\"}'),
(51, 'en', '77', 'System\\Models\\File', '{\"title\":\"\",\"description\":\"\"}'),
(52, 'de', '77', 'System\\Models\\File', '{\"title\":\"\",\"description\":\"\"}'),
(53, 'en', '79', 'System\\Models\\File', '{\"title\":\"\",\"description\":\"\"}'),
(54, 'de', '79', 'System\\Models\\File', '{\"title\":\"\",\"description\":\"\"}'),
(55, 'en', '81', 'System\\Models\\File', '{\"title\":\"\",\"description\":\"\"}'),
(56, 'de', '81', 'System\\Models\\File', '{\"title\":\"\",\"description\":\"\"}'),
(57, 'en', '80', 'System\\Models\\File', '{\"title\":\"\",\"description\":\"\"}'),
(58, 'de', '80', 'System\\Models\\File', '{\"title\":\"\",\"description\":\"\"}'),
(59, 'en', '82', 'System\\Models\\File', '{\"title\":\"\",\"description\":\"\"}'),
(60, 'de', '82', 'System\\Models\\File', '{\"title\":\"\",\"description\":\"\"}'),
(61, 'en', '83', 'System\\Models\\File', '{\"title\":\"\",\"description\":\"\"}'),
(62, 'de', '83', 'System\\Models\\File', '{\"title\":\"\",\"description\":\"\"}'),
(63, 'en', '6', 'SSI\\Apartamenty\\Models\\Apartment', '{\"name\":\"\",\"slug\":\"\",\"description\":\"\"}'),
(64, 'de', '6', 'SSI\\Apartamenty\\Models\\Apartment', '{\"name\":\"\",\"slug\":\"\",\"description\":\"\"}'),
(65, 'en', '86', 'System\\Models\\File', '{\"title\":\"\",\"description\":\"\"}'),
(66, 'de', '86', 'System\\Models\\File', '{\"title\":\"\",\"description\":\"\"}'),
(67, 'en', '85', 'System\\Models\\File', '{\"title\":\"\",\"description\":\"\"}'),
(68, 'de', '85', 'System\\Models\\File', '{\"title\":\"\",\"description\":\"\"}'),
(69, 'en', '88', 'System\\Models\\File', '{\"title\":\"\",\"description\":\"\"}'),
(70, 'de', '88', 'System\\Models\\File', '{\"title\":\"\",\"description\":\"\"}'),
(71, 'en', '87', 'System\\Models\\File', '{\"title\":\"\",\"description\":\"\"}'),
(72, 'de', '87', 'System\\Models\\File', '{\"title\":\"\",\"description\":\"\"}'),
(73, 'en', '89', 'System\\Models\\File', '{\"title\":\"\",\"description\":\"\"}'),
(74, 'de', '89', 'System\\Models\\File', '{\"title\":\"\",\"description\":\"\"}'),
(75, 'en', '91', 'System\\Models\\File', '{\"title\":\"\",\"description\":\"\"}'),
(76, 'de', '91', 'System\\Models\\File', '{\"title\":\"\",\"description\":\"\"}'),
(77, 'en', '93', 'System\\Models\\File', '{\"title\":\"\",\"description\":\"\"}'),
(78, 'de', '93', 'System\\Models\\File', '{\"title\":\"\",\"description\":\"\"}'),
(79, 'en', '92', 'System\\Models\\File', '{\"title\":\"\",\"description\":\"\"}'),
(80, 'de', '92', 'System\\Models\\File', '{\"title\":\"\",\"description\":\"\"}'),
(81, 'en', '7', 'SSI\\Apartamenty\\Models\\Apartment', '{\"name\":\"\",\"slug\":\"\",\"description\":\"\"}'),
(82, 'de', '7', 'SSI\\Apartamenty\\Models\\Apartment', '{\"name\":\"\",\"slug\":\"\",\"description\":\"\"}'),
(83, 'en', '8', 'SSI\\Apartamenty\\Models\\Apartment', '{\"name\":\"\",\"slug\":\"\",\"description\":\"\"}'),
(84, 'de', '8', 'SSI\\Apartamenty\\Models\\Apartment', '{\"name\":\"\",\"slug\":\"\",\"description\":\"\"}'),
(85, 'en', '9', 'SSI\\Apartamenty\\Models\\Apartment', '{\"name\":\"\",\"slug\":\"\",\"description\":\"\"}'),
(86, 'de', '9', 'SSI\\Apartamenty\\Models\\Apartment', '{\"name\":\"\",\"slug\":\"\",\"description\":\"\"}'),
(87, 'en', '106', 'System\\Models\\File', '{\"title\":\"\",\"description\":\"\"}'),
(88, 'de', '106', 'System\\Models\\File', '{\"title\":\"\",\"description\":\"\"}'),
(89, 'en', '112', 'System\\Models\\File', '{\"title\":\"\",\"description\":\"\"}'),
(90, 'de', '112', 'System\\Models\\File', '{\"title\":\"\",\"description\":\"\"}'),
(91, 'en', '105', 'System\\Models\\File', '{\"title\":\"\",\"description\":\"\"}'),
(92, 'de', '105', 'System\\Models\\File', '{\"title\":\"\",\"description\":\"\"}'),
(93, 'en', '104', 'System\\Models\\File', '{\"title\":\"\",\"description\":\"\"}'),
(94, 'de', '104', 'System\\Models\\File', '{\"title\":\"\",\"description\":\"\"}'),
(95, 'en', '108', 'System\\Models\\File', '{\"title\":\"\",\"description\":\"\"}'),
(96, 'de', '108', 'System\\Models\\File', '{\"title\":\"\",\"description\":\"\"}'),
(97, 'en', '109', 'System\\Models\\File', '{\"title\":\"\",\"description\":\"\"}'),
(98, 'de', '109', 'System\\Models\\File', '{\"title\":\"\",\"description\":\"\"}'),
(99, 'en', '110', 'System\\Models\\File', '{\"title\":\"\",\"description\":\"\"}'),
(100, 'de', '110', 'System\\Models\\File', '{\"title\":\"\",\"description\":\"\"}'),
(101, 'en', '111', 'System\\Models\\File', '{\"title\":\"\",\"description\":\"\"}'),
(102, 'de', '111', 'System\\Models\\File', '{\"title\":\"\",\"description\":\"\"}'),
(103, 'en', '118', 'System\\Models\\File', '{\"title\":\"\",\"description\":\"\"}'),
(104, 'de', '118', 'System\\Models\\File', '{\"title\":\"\",\"description\":\"\"}'),
(105, 'en', '107', 'System\\Models\\File', '{\"title\":\"\",\"description\":\"\"}'),
(106, 'de', '107', 'System\\Models\\File', '{\"title\":\"\",\"description\":\"\"}'),
(107, 'en', '113', 'System\\Models\\File', '{\"title\":\"\",\"description\":\"\"}'),
(108, 'de', '113', 'System\\Models\\File', '{\"title\":\"\",\"description\":\"\"}'),
(109, 'en', '114', 'System\\Models\\File', '{\"title\":\"\",\"description\":\"\"}'),
(110, 'de', '114', 'System\\Models\\File', '{\"title\":\"\",\"description\":\"\"}'),
(111, 'en', '115', 'System\\Models\\File', '{\"title\":\"\",\"description\":\"\"}'),
(112, 'de', '115', 'System\\Models\\File', '{\"title\":\"\",\"description\":\"\"}'),
(113, 'en', '116', 'System\\Models\\File', '{\"title\":\"\",\"description\":\"\"}'),
(114, 'de', '116', 'System\\Models\\File', '{\"title\":\"\",\"description\":\"\"}'),
(115, 'en', '117', 'System\\Models\\File', '{\"title\":\"\",\"description\":\"\"}'),
(116, 'de', '117', 'System\\Models\\File', '{\"title\":\"\",\"description\":\"\"}'),
(117, 'en', '119', 'System\\Models\\File', '{\"title\":\"\",\"description\":\"\"}'),
(118, 'de', '119', 'System\\Models\\File', '{\"title\":\"\",\"description\":\"\"}'),
(119, 'en', '129', 'System\\Models\\File', '{\"title\":\"\",\"description\":\"\"}'),
(120, 'de', '129', 'System\\Models\\File', '{\"title\":\"\",\"description\":\"\"}'),
(121, 'en', '121', 'System\\Models\\File', '{\"title\":\"\",\"description\":\"\"}'),
(122, 'de', '121', 'System\\Models\\File', '{\"title\":\"\",\"description\":\"\"}'),
(123, 'en', '120', 'System\\Models\\File', '{\"title\":\"\",\"description\":\"\"}'),
(124, 'de', '120', 'System\\Models\\File', '{\"title\":\"\",\"description\":\"\"}'),
(125, 'en', '124', 'System\\Models\\File', '{\"title\":\"\",\"description\":\"\"}'),
(126, 'de', '124', 'System\\Models\\File', '{\"title\":\"\",\"description\":\"\"}'),
(127, 'en', '122', 'System\\Models\\File', '{\"title\":\"\",\"description\":\"\"}'),
(128, 'de', '122', 'System\\Models\\File', '{\"title\":\"\",\"description\":\"\"}'),
(129, 'en', '123', 'System\\Models\\File', '{\"title\":\"\",\"description\":\"\"}'),
(130, 'de', '123', 'System\\Models\\File', '{\"title\":\"\",\"description\":\"\"}'),
(131, 'en', '125', 'System\\Models\\File', '{\"title\":\"\",\"description\":\"\"}'),
(132, 'de', '125', 'System\\Models\\File', '{\"title\":\"\",\"description\":\"\"}'),
(133, 'en', '126', 'System\\Models\\File', '{\"title\":\"\",\"description\":\"\"}'),
(134, 'de', '126', 'System\\Models\\File', '{\"title\":\"\",\"description\":\"\"}'),
(135, 'en', '131', 'System\\Models\\File', '{\"title\":\"\",\"description\":\"\"}'),
(136, 'de', '131', 'System\\Models\\File', '{\"title\":\"\",\"description\":\"\"}'),
(137, 'en', '138', 'System\\Models\\File', '{\"title\":\"\",\"description\":\"\"}'),
(138, 'de', '138', 'System\\Models\\File', '{\"title\":\"\",\"description\":\"\"}'),
(139, 'en', '140', 'System\\Models\\File', '{\"title\":\"\",\"description\":\"\"}'),
(140, 'de', '140', 'System\\Models\\File', '{\"title\":\"\",\"description\":\"\"}'),
(141, 'en', '128', 'System\\Models\\File', '{\"title\":\"\",\"description\":\"\"}'),
(142, 'de', '128', 'System\\Models\\File', '{\"title\":\"\",\"description\":\"\"}'),
(143, 'en', '132', 'System\\Models\\File', '{\"title\":\"\",\"description\":\"\"}'),
(144, 'de', '132', 'System\\Models\\File', '{\"title\":\"\",\"description\":\"\"}'),
(145, 'en', '130', 'System\\Models\\File', '{\"title\":\"\",\"description\":\"\"}'),
(146, 'de', '130', 'System\\Models\\File', '{\"title\":\"\",\"description\":\"\"}'),
(147, 'en', '133', 'System\\Models\\File', '{\"title\":\"\",\"description\":\"\"}'),
(148, 'de', '133', 'System\\Models\\File', '{\"title\":\"\",\"description\":\"\"}'),
(149, 'en', '134', 'System\\Models\\File', '{\"title\":\"\",\"description\":\"\"}'),
(150, 'de', '134', 'System\\Models\\File', '{\"title\":\"\",\"description\":\"\"}'),
(151, 'en', '135', 'System\\Models\\File', '{\"title\":\"\",\"description\":\"\"}'),
(152, 'de', '135', 'System\\Models\\File', '{\"title\":\"\",\"description\":\"\"}'),
(153, 'en', '136', 'System\\Models\\File', '{\"title\":\"\",\"description\":\"\"}'),
(154, 'de', '136', 'System\\Models\\File', '{\"title\":\"\",\"description\":\"\"}'),
(155, 'en', '137', 'System\\Models\\File', '{\"title\":\"\",\"description\":\"\"}'),
(156, 'de', '137', 'System\\Models\\File', '{\"title\":\"\",\"description\":\"\"}'),
(157, 'en', '139', 'System\\Models\\File', '{\"title\":\"\",\"description\":\"\"}'),
(158, 'de', '139', 'System\\Models\\File', '{\"title\":\"\",\"description\":\"\"}'),
(159, 'en', '10', 'SSI\\Apartamenty\\Models\\Apartment', '{\"name\":\"\",\"slug\":\"\",\"description\":\"\"}'),
(160, 'de', '10', 'SSI\\Apartamenty\\Models\\Apartment', '{\"name\":\"\",\"slug\":\"\",\"description\":\"\"}'),
(161, 'en', '141', 'System\\Models\\File', '{\"title\":\"\",\"description\":\"\"}'),
(162, 'de', '141', 'System\\Models\\File', '{\"title\":\"\",\"description\":\"\"}'),
(163, 'en', '142', 'System\\Models\\File', '{\"title\":\"\",\"description\":\"\"}'),
(164, 'de', '142', 'System\\Models\\File', '{\"title\":\"\",\"description\":\"\"}'),
(165, 'en', '143', 'System\\Models\\File', '{\"title\":\"\",\"description\":\"\"}'),
(166, 'de', '143', 'System\\Models\\File', '{\"title\":\"\",\"description\":\"\"}'),
(167, 'en', '144', 'System\\Models\\File', '{\"title\":\"\",\"description\":\"\"}'),
(168, 'de', '144', 'System\\Models\\File', '{\"title\":\"\",\"description\":\"\"}'),
(169, 'en', '146', 'System\\Models\\File', '{\"title\":\"\",\"description\":\"\"}'),
(170, 'de', '146', 'System\\Models\\File', '{\"title\":\"\",\"description\":\"\"}'),
(171, 'en', '147', 'System\\Models\\File', '{\"title\":\"\",\"description\":\"\"}'),
(172, 'de', '147', 'System\\Models\\File', '{\"title\":\"\",\"description\":\"\"}'),
(173, 'en', '11', 'SSI\\Apartamenty\\Models\\Apartment', '{\"name\":\"\",\"slug\":\"\",\"description\":\"\"}'),
(174, 'de', '11', 'SSI\\Apartamenty\\Models\\Apartment', '{\"name\":\"\",\"slug\":\"\",\"description\":\"\"}'),
(175, 'en', '156', 'System\\Models\\File', '{\"title\":\"\",\"description\":\"\"}'),
(176, 'de', '156', 'System\\Models\\File', '{\"title\":\"\",\"description\":\"\"}'),
(177, 'en', '149', 'System\\Models\\File', '{\"title\":\"\",\"description\":\"\"}'),
(178, 'de', '149', 'System\\Models\\File', '{\"title\":\"\",\"description\":\"\"}'),
(179, 'en', '148', 'System\\Models\\File', '{\"title\":\"\",\"description\":\"\"}'),
(180, 'de', '148', 'System\\Models\\File', '{\"title\":\"\",\"description\":\"\"}'),
(181, 'en', '150', 'System\\Models\\File', '{\"title\":\"\",\"description\":\"\"}'),
(182, 'de', '150', 'System\\Models\\File', '{\"title\":\"\",\"description\":\"\"}'),
(183, 'en', '152', 'System\\Models\\File', '{\"title\":\"\",\"description\":\"\"}'),
(184, 'de', '152', 'System\\Models\\File', '{\"title\":\"\",\"description\":\"\"}'),
(185, 'en', '151', 'System\\Models\\File', '{\"title\":\"\",\"description\":\"\"}'),
(186, 'de', '151', 'System\\Models\\File', '{\"title\":\"\",\"description\":\"\"}'),
(187, 'en', '153', 'System\\Models\\File', '{\"title\":\"\",\"description\":\"\"}'),
(188, 'de', '153', 'System\\Models\\File', '{\"title\":\"\",\"description\":\"\"}'),
(189, 'en', '154', 'System\\Models\\File', '{\"title\":\"\",\"description\":\"\"}'),
(190, 'de', '154', 'System\\Models\\File', '{\"title\":\"\",\"description\":\"\"}'),
(191, 'en', '155', 'System\\Models\\File', '{\"title\":\"\",\"description\":\"\"}'),
(192, 'de', '155', 'System\\Models\\File', '{\"title\":\"\",\"description\":\"\"}'),
(193, 'en', '159', 'System\\Models\\File', '{\"title\":\"\",\"description\":\"\"}'),
(194, 'de', '159', 'System\\Models\\File', '{\"title\":\"\",\"description\":\"\"}'),
(195, 'en', '157', 'System\\Models\\File', '{\"title\":\"\",\"description\":\"\"}'),
(196, 'de', '157', 'System\\Models\\File', '{\"title\":\"\",\"description\":\"\"}'),
(197, 'en', '158', 'System\\Models\\File', '{\"title\":\"\",\"description\":\"\"}'),
(198, 'de', '158', 'System\\Models\\File', '{\"title\":\"\",\"description\":\"\"}'),
(199, 'en', '12', 'SSI\\Apartamenty\\Models\\Apartment', '{\"name\":\"\",\"slug\":\"\",\"description\":\"\"}'),
(200, 'de', '12', 'SSI\\Apartamenty\\Models\\Apartment', '{\"name\":\"\",\"slug\":\"\",\"description\":\"\"}'),
(201, 'en', '161', 'System\\Models\\File', '{\"title\":\"\",\"description\":\"\"}'),
(202, 'de', '161', 'System\\Models\\File', '{\"title\":\"\",\"description\":\"\"}'),
(203, 'en', '160', 'System\\Models\\File', '{\"title\":\"\",\"description\":\"\"}'),
(204, 'de', '160', 'System\\Models\\File', '{\"title\":\"\",\"description\":\"\"}'),
(205, 'en', '163', 'System\\Models\\File', '{\"title\":\"\",\"description\":\"\"}'),
(206, 'de', '163', 'System\\Models\\File', '{\"title\":\"\",\"description\":\"\"}'),
(207, 'en', '162', 'System\\Models\\File', '{\"title\":\"\",\"description\":\"\"}'),
(208, 'de', '162', 'System\\Models\\File', '{\"title\":\"\",\"description\":\"\"}'),
(209, 'en', '164', 'System\\Models\\File', '{\"title\":\"\",\"description\":\"\"}'),
(210, 'de', '164', 'System\\Models\\File', '{\"title\":\"\",\"description\":\"\"}'),
(211, 'en', '166', 'System\\Models\\File', '{\"title\":\"\",\"description\":\"\"}'),
(212, 'de', '166', 'System\\Models\\File', '{\"title\":\"\",\"description\":\"\"}'),
(213, 'en', '165', 'System\\Models\\File', '{\"title\":\"\",\"description\":\"\"}'),
(214, 'de', '165', 'System\\Models\\File', '{\"title\":\"\",\"description\":\"\"}'),
(215, 'en', '167', 'System\\Models\\File', '{\"title\":\"\",\"description\":\"\"}'),
(216, 'de', '167', 'System\\Models\\File', '{\"title\":\"\",\"description\":\"\"}'),
(217, 'en', '168', 'System\\Models\\File', '{\"title\":\"\",\"description\":\"\"}'),
(218, 'de', '168', 'System\\Models\\File', '{\"title\":\"\",\"description\":\"\"}'),
(219, 'en', '169', 'System\\Models\\File', '{\"title\":\"\",\"description\":\"\"}'),
(220, 'de', '169', 'System\\Models\\File', '{\"title\":\"\",\"description\":\"\"}'),
(221, 'en', '170', 'System\\Models\\File', '{\"title\":\"\",\"description\":\"\"}'),
(222, 'de', '170', 'System\\Models\\File', '{\"title\":\"\",\"description\":\"\"}'),
(223, 'en', '171', 'System\\Models\\File', '{\"title\":\"\",\"description\":\"\"}'),
(224, 'de', '171', 'System\\Models\\File', '{\"title\":\"\",\"description\":\"\"}'),
(225, 'en', '173', 'System\\Models\\File', '{\"title\":\"\",\"description\":\"\"}'),
(226, 'de', '173', 'System\\Models\\File', '{\"title\":\"\",\"description\":\"\"}'),
(227, 'en', '172', 'System\\Models\\File', '{\"title\":\"\",\"description\":\"\"}'),
(228, 'de', '172', 'System\\Models\\File', '{\"title\":\"\",\"description\":\"\"}'),
(229, 'en', '174', 'System\\Models\\File', '{\"title\":\"\",\"description\":\"\"}'),
(230, 'de', '174', 'System\\Models\\File', '{\"title\":\"\",\"description\":\"\"}'),
(231, 'en', '175', 'System\\Models\\File', '{\"title\":\"\",\"description\":\"\"}'),
(232, 'de', '175', 'System\\Models\\File', '{\"title\":\"\",\"description\":\"\"}'),
(233, 'en', '13', 'SSI\\Apartamenty\\Models\\Apartment', '{\"name\":\"\",\"slug\":\"\",\"description\":\"\"}'),
(234, 'de', '13', 'SSI\\Apartamenty\\Models\\Apartment', '{\"name\":\"\",\"slug\":\"\",\"description\":\"\"}'),
(235, 'en', '176', 'System\\Models\\File', '{\"title\":\"\",\"description\":\"\"}'),
(236, 'de', '176', 'System\\Models\\File', '{\"title\":\"\",\"description\":\"\"}'),
(237, 'en', '177', 'System\\Models\\File', '{\"title\":\"\",\"description\":\"\"}'),
(238, 'de', '177', 'System\\Models\\File', '{\"title\":\"\",\"description\":\"\"}'),
(239, 'en', '178', 'System\\Models\\File', '{\"title\":\"\",\"description\":\"\"}'),
(240, 'de', '178', 'System\\Models\\File', '{\"title\":\"\",\"description\":\"\"}'),
(241, 'en', '180', 'System\\Models\\File', '{\"title\":\"\",\"description\":\"\"}'),
(242, 'de', '180', 'System\\Models\\File', '{\"title\":\"\",\"description\":\"\"}'),
(243, 'en', '179', 'System\\Models\\File', '{\"title\":\"\",\"description\":\"\"}'),
(244, 'de', '179', 'System\\Models\\File', '{\"title\":\"\",\"description\":\"\"}'),
(245, 'en', '14', 'SSI\\Apartamenty\\Models\\Apartment', '{\"name\":\"\",\"slug\":\"\",\"description\":\"\"}'),
(246, 'de', '14', 'SSI\\Apartamenty\\Models\\Apartment', '{\"name\":\"\",\"slug\":\"\",\"description\":\"\"}'),
(247, 'en', '15', 'SSI\\Atrakcje\\Models\\Atrakcje', '{\"name\":\"Strawberry Town in Koserow\",\"short_description\":\"In Koserow, located 20 kilometers from Świnoujście, you can visit the biggest tourist attraction - the Karls family theme park. This is another park of this type in this popular in Germany network.\",\"description\":\"<p>In Koserow, located 20 kilometers from Świnoujście, you can visit the biggest tourist attraction - the Karls family theme park. This is another park of this type in this popular in Germany network.<\\/p>\\r\\n\\r\\n<p>The theme park is located on an area of 4.25 ha, just off the main road No. 111. The first family enterprise was opened in 1921 at the strawberry farm in Rövershagen near Rostock. It started very innocently from selling strawberries. The owners noticed that there are so many customers that they started to trade other products such as juices, strawberry marmalades, wine, strawberry marzipan, or sweets. In 1993 they opened their first amusement park.<\\/p>\\r\\n\\r\\n<p>In the one in Koserow, you can slide down the slide on a pillow, ride a pony, or even a tractor. Admission to the park is free. You have to pay for some attractions and of course for shopping.<\\/p>\\r\\n\"}'),
(248, 'de', '15', 'SSI\\Atrakcje\\Models\\Atrakcje', '{\"name\":\"Erdbeerstadt in Koserow\",\"short_description\":\"In Koserow, 20 Kilometer von Świnoujście entfernt, können Sie die größte Touristenattraktion besuchen – Karls Erlebnis-Dorf. Dies ist ein weiterer Park von diesem beliebten Netzwerk in Deutschland.\",\"description\":\"<p>In Koserow, 20 Kilometer von Świnoujście entfernt, können Sie die größte Touristenattraktion besuchen – Karls Erlebnis-Dorf. Dies ist ein weiterer Park von diesem beliebten Netzwerk in Deutschland.<\\/p>\\r\\n\\r\\n<p>Das Erlebnis-Dorf befindet sich auf einer Fläche von 4,25 ha, direkt an der Landstraße 111. Das erste Familienunternehmen wurde 1921 auf der Erdbeerfarm in Rövershagen bei Rostock eröffnet. Es begann sehr unschuldig mit dem Verkauf von Erdbeeren. Die Eigentümer haben bemerkten, dass es sehr viele Kunden gab, deswegen fingen sie an, andere Produkte wie Säfte, Erdbeermarmeladen, Wein, Erdbeermarzipan oder Süßigkeiten zu handeln. 1993 eröffneten sie ihren ersten Erlebnis-Dorf.<\\/p>\\r\\n\\r\\n<p>In diesem in Koserow können Sie auf der Rutsche mit einem Kissen herunterrutschen, ein Pony reiten oder ein Traktor fahren. Der Eintritt ist frei. Allerdings müssen Sie für einige Attraktionen und natürlich für das Einkaufen bezahlen.<\\/p>\\r\\n\"}'),
(249, 'en', '16', 'SSI\\Atrakcje\\Models\\Atrakcje', '{\"name\":\"Oceanographic Museum\",\"short_description\":\"The \'\'Open Atlantic\'\'  is the heart of OZEANEUM and all aquariums, and it is the largest tank filled with 2.6 million liters of water. This 17-meter diagonal and 9-meter deep pool can be admired from two levels. The 50 square meters acrylic panoramic glass with a thickness of 30cm was used to withstand the enormous pressure of water.\",\"description\":\"<p>The \'\'Open Atlantic\'\'  is the heart of OZEANEUM and all aquariums, and it is the largest tank filled with 2.6 million liters of water. This 17-meter diagonal and 9-meter deep pool can be admired from two levels. The 50 square meters acrylic panoramic glass with a thickness of 30cm was used to withstand the enormous pressure of water.<\\/p>\\r\\n\\r\\n<p>The new attraction of the aquarium is the 11-meter shipwreck. This shipwreck provides shelter for various inhabitants of the reservoir, such as sea bream or sea bass. The wreck itself is a miniature replica of a sunken cargo ship from 1909.<\\/p>\\r\\n\\r\\n<p>Peruvian penguins are everyone\'s favorites. They can be seen from the observation deck.<\\/p>\\r\\n\"}'),
(250, 'de', '16', 'SSI\\Atrakcje\\Models\\Atrakcje', '{\"name\":\"OZEANEUM Stralsund\",\"short_description\":\"Das Herz des OZEANEUMS und aller Aquarien ist der „Offene Atlantik“ - der größte mit 2,6 Millionen Litern Wasser gefüllte Tank. Dieses 17 Meter diagonale und 9 Meter tiefe Becken kann von zwei Ebenen aus bewundert werden. Das 50 Quadratmeter große Acryl-Panorama-Glas ist 30 Zentimeter dick, um dem enormen Wasserdruck standzuhalten.\",\"description\":\"<p>Das Herz des OZEANEUMS und aller Aquarien ist der „Offene Atlantik“ - der größte mit 2,6 Millionen Litern Wasser gefüllte Tank. Dieses 17 Meter diagonale und 9 Meter tiefe Becken kann von zwei Ebenen aus bewundert werden. Das 50 Quadratmeter große Acryl-Panorama-Glas ist 30 Zentimeter dick, um dem enormen Wasserdruck standzuhalten.<\\/p>\\r\\n\\r\\n<p>Die neue Attraktion des Aquariums ist das 11 Meter lange Wrack. Dieses Wrack bietet Schutz für verschiedene Bewohner des Tanks, wie Seebrasse oder Wolfsbarsch. Das Wrack selbst ist eine Miniaturnachbildung eines versunkenen Frachtschiffs aus dem Jahr 1909.<\\/p>\\r\\n\\r\\n<p>Peruanische Pinguine sind jedermanns Favoriten. Sie können auf der Aussichtsplattform gesehen werden.<\\/p>\\r\\n\"}'),
(251, 'en', '209', 'System\\Models\\File', '{\"title\":\"\",\"description\":\"\"}'),
(252, 'de', '209', 'System\\Models\\File', '{\"title\":\"\",\"description\":\"\"}'),
(253, 'en', '17', 'SSI\\Atrakcje\\Models\\Atrakcje', '{\"name\":\"\",\"short_description\":\"The market in Greifswald surprises with its size. Spread over an area of 11 thousand square meters, Sorbian granite looks like an intricately woven rug. Today\'s market appearance is the result of the successful architectural competition design, which was organized to celebrate the 750th anniversary of the founding of the city. Gothic residential granaries, burgher houses with their colorful facades, and the town hall - you have to see it all.\",\"description\":\"<p>The market in Greifswald surprises with its size. Spread over an area of 11 thousand square meters, Sorbian granite looks like an intricately woven rug. Today\'s market appearance is the result of the successful architectural competition design, which was organized to celebrate the 750th anniversary of the founding of the city. Gothic residential granaries, burgher houses with their colorful facades, and the town hall - you have to see it all.<\\/p>\\r\\n\\r\\n<p>The old city port is today a living museum that testifies to the skills of its ancestors in the traditional art of building boats and ships and to their marine life. \\\" Under this slogan, Museumshafen Greifswald e.V. runs the largest former city port in Germany. It is a shelter for an extensive collection of old fishing boats and sailing freighter.<\\/p>\\r\\n\"}'),
(254, 'de', '17', 'SSI\\Atrakcje\\Models\\Atrakcje', '{\"name\":\"Greifswald\",\"short_description\":\"Der Markt in Greifswald überrascht mit seiner Größe. Verteilt auf eine Fläche von 11 Tausend m2 Sorbischer Granit sieht aus wie ein kunstvoll gewebter Teppich. Das heutige Erscheinungsbild des Marktes ist das Ergebnis der Umsetzung des Siegerentwurfs vom Architekturwettbewerb, der anlässlich des 750.\",\"description\":\"<p>Der Markt in Greifswald überrascht mit seiner Größe. Verteilt auf eine Fläche von 11 Tausend m2 Sorbischer Granit sieht aus wie ein kunstvoll gewebter Teppich. Das heutige Erscheinungsbild des Marktes ist das Ergebnis der Umsetzung des Siegerentwurfs vom Architekturwettbewerb, der anlässlich des 750. Jahrestages der Gründung der Stadt organisiert wurde. Gotische Getreidespeicher, Bürgerhäuser mit ihren farbenfrohen Fassaden und das Rathaus – das alles muss man einfach sehen.<\\/p>\\r\\n\\r\\n<p>Der alte Stadthafen ist heute ein lebendiges Museum, das die Fähigkeiten der Vorfahren in der traditionellen Kunst des Baus von Booten und Schiffen und ihres maritimen Lebens bestätigt. \\\" Unter diesem Motto betreibt der Verein Museumshafen Greifswald e.V. den größten ehemaligen Stadthafen Deutschlands. Es ist ein Unterschlupf für eine große Sammlung von alter Fischerboote und Segelfrachter.<\\/p>\\r\\n\"}'),
(255, 'en', '15', 'SSI\\Apartamenty\\Models\\Apartment', '{\"name\":\"\",\"slug\":\"\",\"description\":\"\"}'),
(256, 'de', '15', 'SSI\\Apartamenty\\Models\\Apartment', '{\"name\":\"\",\"slug\":\"\",\"description\":\"\"}'),
(257, 'en', '16', 'SSI\\Apartamenty\\Models\\Apartment', '{\"name\":\"1-room apartment standard \",\"slug\":\"1-room-apartment-standard \",\"description\":\"<p>The apartment with an area of 30 square meters consists of a living room with a kitchenette. In the living room, there are two fold-out couches which ensures comfortable stay for both two and four people.<\\/p>\\r\\n\\r\\n<p>The kitchenette equipped with an electric hob, fridge, electric kettle, tableware, a set of pots and cutlery will allow you to prepare meals.<\\/p>\\r\\n\\r\\n<p>The apartment is also equipped with a table with chairs, a TV, and a spacious wardrobe where you will find a vacuum cleaner, balcony dryer, mop and bucket, ironing board, and iron. It will also be a great place to store suitcases and luggage.<\\/p>\\r\\n\\r\\n<p>Each of the apartments has a balcony or an entrance to its own garden.<\\/p>\\r\\n\\r\\n<p>In the bathroom, there is a shower, a hairdryer, and a washing machine.<\\/p>\\r\\n\\r\\n<p>Each apartment also has a set of bed linen and towels.<\\/p>\\r\\n\\r\\n<p>Pets are welcome, there is an additional charge for their stay.<\\/p>\\r\\n\"}'),
(258, 'de', '16', 'SSI\\Apartamenty\\Models\\Apartment', '{\"name\":\"1-Zimmer-Apartment Standard \",\"slug\":\"1-zimmer-apartment-standard \",\"description\":\"<p>1-Zimmer-Apartment Standard<\\/p>\\r\\n\\r\\n<p>Das Apartment mit einer Fläche von 30 m<sup>2<\\/sup> besteht aus dem Wohnzimmer mit der Küchenzeile. Im Wohnzimmer befinden sich zwei ausklappbare Couches, was den komfortablen Aufenthalt sowohl für zwei als auch für vier Personen bietet.<\\/p>\\r\\n\\r\\n<p>Die Küchenzeile wird mit der elektrischen Heizplatte, dem Kühlschrank, dem elektrischen Wasserkocher, Geschirr, Topfsatz und Besteck ausgerüstet. Es besteht die Möglichkeit, das Essen zuzubereiten.<\\/p>\\r\\n\\r\\n<p>Das Apartment wird auch mit dem Tisch und Stühlen, TV und einem großen Schrank mit dem Staubsauger, Wäschetrockner, Eimer mit Wischer, Bügelbrett und Bügeleisen ausgerüstet. Es können hier auch die Koffer und das Gepäck aufbewahrt werden.<\\/p>\\r\\n\\r\\n<p>Jedes Apartment besitzt den Balkon oder den Ausgang zum eigenen Garten.<\\/p>\\r\\n\\r\\n<p>Im Badezimmer befindet sich die Dusche, der Haartrockner und die Waschmaschine.<\\/p>\\r\\n\\r\\n<p>Jedes Apartment verfügt über die Bettwäsche und Handtücher.<\\/p>\\r\\n\\r\\n<p>Unser Hotel heißt Ihre Haustiere herzlich willkommen. Das Übernachten von Ihren Haustieren ist jedoch gebührenpflichtig.<\\/p>\\r\\n\"}');
INSERT INTO `rainlab_translate_attributes` (`id`, `locale`, `model_id`, `model_type`, `attribute_data`) VALUES
(259, 'en', '17', 'SSI\\Apartamenty\\Models\\Apartment', '{\"name\":\"1-room apartment standard plus \",\"slug\":\"1-room-apartment-standard-plus \",\"description\":\"<p>The apartment with an area of 40 square meters consists of a living room with a kitchenette. In the living room, there are two fold-out couches which ensures comfortable stay for both two and four people.<\\/p>\\r\\n\\r\\n<p>The kitchenette equipped with an electric hob, fridge, electric kettle, tableware, a set of pots and cutlery will allow you to prepare meals.<\\/p>\\r\\n\\r\\n<p>The apartment is also equipped with a table with chairs, a TV, and a spacious wardrobe where you will find a vacuum cleaner, balcony dryer, mop and bucket, ironing board, and iron. It will also be a great place to store suitcases and luggage.<\\/p>\\r\\n\\r\\n<p>Each of the apartments has a balcony or an entrance to its own garden.<\\/p>\\r\\n\\r\\n<p>In the bathroom, there is a shower, a hairdryer, and a washing machine.<\\/p>\\r\\n\\r\\n<p>Each apartment also has a set of bed linen and towels.<\\/p>\\r\\n\\r\\n<p>Pets are welcome, there is an additional charge for their stay.<\\/p>\\r\\n\"}'),
(260, 'de', '17', 'SSI\\Apartamenty\\Models\\Apartment', '{\"name\":\"1-Zimmer-Apartament Standard Plus \",\"slug\":\"1-zimmer-apartament-standard-plus\",\"description\":\"<p>Das Apartment mit einer Fläche von 40 m<sup>2<\\/sup> besteht aus dem Wohnzimmer mit der Küchenzeile. Im Wohnzimmer befinden sich zwei ausklappbare Couches, was den komfortablen Aufenthalt sowohl für zwei als auch für vier Personen bietet.<\\/p>\\r\\n\\r\\n<p>Die Küchenzeile wird mit der elektrischen Heizplatte, dem Kühlschrank, dem elektrischen Wasserkocher, Geschirr, Topfsatz und Besteck ausgerüstet. Es besteht die Möglichkeit, das Essen zuzubereiten.<\\/p>\\r\\n\\r\\n<p>Das Apartment wird auch mit dem Tisch und Stühlen, TV und einem großen Schrank mit dem Staubsauger, Wäschetrockner, Eimer mit Wischer, Bügelbrett und Bügeleisen ausgerüstet. Es können hier auch die Koffer und das Gepäck aufbewahrt werden.<\\/p>\\r\\n\\r\\n<p>Jedes Apartment besitzt den Balkon oder den Ausgang zum Garten.<\\/p>\\r\\n\\r\\n<p>Im Badezimmer befindet sich die Dusche, der Haartrockner und die Waschmaschine.<\\/p>\\r\\n\\r\\n<p>Jedes Apartment verfügt über die Bettwäsche und Handtücher.<\\/p>\\r\\n\\r\\n<p>Unser Hotel heißt Ihre Haustiere herzlich willkommen. Das Übernachten von Ihren Haustieren ist jedoch gebührenpflichtig.<\\/p>\\r\\n\"}'),
(261, 'en', '18', 'SSI\\Apartamenty\\Models\\Apartment', '{\"name\":\"1-bedroom apartment \",\"slug\":\"1-bedroom-apartment \",\"description\":\"<p>The apartment with an area of 45 square meters consists of a living room with a kitchenette and a bedroom. In the bedroom, there is a large bed and additionally a fold-out couch in the living room so that the apartment will provide a comfortable stay for up to 4 people.<\\/p>\\r\\n\\r\\n<p>The kitchenette equipped with an electric hob, fridge, dishwasher, electric kettle, tableware, a set of pots and cutlery will allow you to prepare meals.<\\/p>\\r\\n\\r\\n<p>The apartment is also equipped with a table with chairs, a TV, and a spacious wardrobe where you will find a vacuum cleaner, balcony dryer, mop and bucket, ironing board, and iron. It will also be a great place to store suitcases and luggage.<\\/p>\\r\\n\\r\\n<p>Each of the apartments has a balcony.<\\/p>\\r\\n\\r\\n<p>In the bathroom, there is a shower, a hairdryer, and a washing machine.<\\/p>\\r\\n\\r\\n<p>Each apartment also has a set of bed linen and towels.<\\/p>\\r\\n\\r\\n<p>Pets are welcome, there is an additional charge for their stay.<\\/p>\\r\\n\"}'),
(262, 'de', '18', 'SSI\\Apartamenty\\Models\\Apartment', '{\"name\":\"2-Zimmer-Apartment \",\"slug\":\"2-zimmer-apartment \",\"description\":\"<p>Das Apartment mit einer Fläche von 45 m<sup>2<\\/sup> besteht aus dem Wohnzimmer mit der Küchenzeile und dem Schlafzimmer. Im Schlafzimmer befindet sich in großes Bett, im Wohnzimmer gibt es zusätzlich eine ausklappbare Couch. Dadurch bietet das Apartment den komfortablen Aufenthalt für max. 4 Personen.<\\/p>\\r\\n\\r\\n<p>Die Küchenzeile wird mit der elektrischen Heizplatte, dem Kühlschrank, dem elektrischen Wasserkocher, Geschirr, Topfsatz und Besteck ausgerüstet. Es besteht die Möglichkeit, das Essen zuzubereiten.<\\/p>\\r\\n\\r\\n<p>Das Apartment wird auch mit dem Tisch und Stühlen, TV und einem großen Schrank mit dem Staubsauger, Wäschetrockner, Eimer mit Wischer, Bügelbrett und Bügeleisen ausgerüstet. Es können hier auch die Koffer und das Gepäck aufbewahrt werden.<\\/p>\\r\\n\\r\\n<p>Jedes Apartment besitzt den Balkon.<\\/p>\\r\\n\\r\\n<p>Im Badezimmer befindet sich die Dusche, der Haartrockner und die Waschmaschine.<\\/p>\\r\\n\\r\\n<p>Jedes Apartment verfügt über die Bettwäsche und Handtücher.<\\/p>\\r\\n\\r\\n<p>Unser Hotel heißt Ihre Haustiere herzlich willkommen. Das Übernachten von Ihren Haustieren ist jedoch gebührenpflichtig.<\\/p>\\r\\n\"}'),
(263, 'en', '19', 'SSI\\Apartamenty\\Models\\Apartment', '{\"name\":\"1-bedroom apartment Comfort \",\"slug\":\"1-bedroom-apartment-comfort\",\"description\":\"<p>The apartment with an area of 50 square meters consists of a living room with a kitchenette and a bedroom. In the living room, there are two fold-out sofas, which ensures a comfortable stay for both two and four people.<\\/p>\\r\\n\\r\\n<p>The kitchenette equipped with an electric hob, fridge, electric kettle, tableware, a set of pots and cutlery will allow you to prepare meals. Some apartments also have a dishwasher.<\\/p>\\r\\n\\r\\n<p>The apartment is also equipped with a table with chairs, a TV, and a spacious wardrobe where you will find a vacuum cleaner, balcony dryer, mop and bucket, ironing board, and iron. It will also be a great place to store suitcases and luggage.<\\/p>\\r\\n\\r\\n<p>Each of the apartments has a balcony.<\\/p>\\r\\n\\r\\n<p>In the bathroom, there is a shower, a hairdryer, and a washing machine.<\\/p>\\r\\n\\r\\n<p>Each apartment also has a set of bed linen and towels.<\\/p>\\r\\n\\r\\n<p>Pets are welcome, there is an additional charge for their stay.<\\/p>\\r\\n\\r\\n<p>The kitchenette equipped with an electric hob, fridge, electric kettle, tableware, a set of pots and cutlery will allow you to prepare meals.<\\/p>\\r\\n\\r\\n<p>In the first bedroom, there is a wide bed, while in the second one you will find a fold-out couch.<\\/p>\\r\\n\\r\\n<p>The apartment is also equipped with a table with chairs, a TV, and a spacious wardrobe where you will find a vacuum cleaner, balcony dryer, mop and bucket, ironing board, and iron. It will also be a great place to store suitcases and luggage.<\\/p>\\r\\n\\r\\n<p>Each of the apartments has a balcony.<\\/p>\\r\\n\\r\\n<p>In the bathroom, there is a shower, a hairdryer, and a washing machine.<\\/p>\\r\\n\\r\\n<p>Each apartment also has a set of bed linen and towels.<\\/p>\\r\\n\\r\\n<p>Pets are welcome, there is an additional charge for their stay.<\\/p>\\r\\n\"}'),
(264, 'de', '19', 'SSI\\Apartamenty\\Models\\Apartment', '{\"name\":\"2-Zimmer-Apartment Comfort \",\"slug\":\"2-zimmer-apartment-comfort \",\"description\":\"<p>2-Zimmer-Apartment Comfort<\\/p>\\r\\n\\r\\n<p>Das Apartment mit einer Fläche von 50 m<sup>2<\\/sup> besteht aus dem Wohnzimmer mit der Küchenzeile und dem Schlafzimmer. Im Wohnzimmer gibt es zwei ausklappbare Couches. Dadurch bietet das Apartment den komfortablen Aufenthalt sowohl für 2 als auch für 4 Personen.<\\/p>\\r\\n\\r\\n<p>Die Küchenzeile wird mit der elektrischen Heizplatte, dem Kühlschrank, dem elektrischen Wasserkocher, Geschirr, Topfsatz und Besteck ausgerüstet. Es besteht die Möglichkeit, das Essen zuzubereiten. Manche Apartments &nbsp;haben auch die Spülmaschine.<\\/p>\\r\\n\\r\\n<p>Das Apartment wird auch mit dem Tisch und Stühlen, TV und einem großen Schrank mit dem Staubsauger, Wäschetrockner, Eimer mit Wischer, Bügelbrett und Bügeleisen ausgerüstet. Es können hier auch die Koffer und das Gepäck aufbewahrt werden.<\\/p>\\r\\n\\r\\n<p>Jedes Apartment besitzt den Balkon.<\\/p>\\r\\n\\r\\n<p>Im Badezimmer befindet sich die Dusche, der Haartrockner und die Waschmaschine.<\\/p>\\r\\n\\r\\n<p>Jedes Apartment verfügt über die Bettwäsche und Handtücher.<\\/p>\\r\\n\\r\\n<p>Unser Hotel heißt Ihre Haustiere herzlich willkommen. Das Übernachten von Ihren Haustieren ist jedoch gebührenpflichtig.<\\/p>\\r\\n\"}'),
(265, 'en', '20', 'SSI\\Apartamenty\\Models\\Apartment', '{\"name\":\"2-bedroom apartment Superior \",\"slug\":\"2-bedroom-apartment-Superior \",\"description\":\"<p>The apartment with an area of 56 square meters consists of a living room with a kitchenette and two bedrooms. In the living room, there is a fold-out couch, TV, and table with chairs.<\\/p>\\r\\n\\r\\n<p>The kitchenette equipped with an electric hob, fridge, electric kettle, tableware, a set of pots and cutlery will allow you to prepare meals.<\\/p>\\r\\n\\r\\n<p>In the first bedroom, there is a wide bed, while in the second one you will find a fold-out couch.<\\/p>\\r\\n\\r\\n<p>The apartment is also equipped with a table with chairs, a TV, and a spacious wardrobe where you will find a vacuum cleaner, balcony dryer, mop and bucket, ironing board, and iron. It will also be a great place to store suitcases and luggage.<\\/p>\\r\\n\\r\\n<p>Each of the apartments has a balcony.<\\/p>\\r\\n\\r\\n<p>In the bathroom, there is a shower, a hairdryer, and a washing machine.<\\/p>\\r\\n\\r\\n<p>Each apartment also has a set of bed linen and towels.<\\/p>\\r\\n\\r\\n<p>Pets are welcome, there is an additional charge for their stay.<\\/p>\\r\\n\"}'),
(266, 'de', '20', 'SSI\\Apartamenty\\Models\\Apartment', '{\"name\":\"3-Zimmer Apartment Superior \",\"slug\":\"3-zimmer-apartment-superior \",\"description\":\"<p>Das Apartment mit einer Fläche von 56 m<sup>2<\\/sup> besteht aus dem Wohnzimmer mit der Küchenzeile und zwei Schlafzimmern. Im Wohnzimmer befindet sich eine ausklappbare Couch, TV und der Tisch mit Stühlen.<\\/p>\\r\\n\\r\\n<p>Die Küchenzeile wird mit der elektrischen Heizplatte, dem Kühlschrank, dem elektrischen Wasserkocher, Geschirr, Topfsatz und Besteck ausgerüstet. Es besteht die Möglichkeit, das Essen zuzubereiten.<\\/p>\\r\\n\\r\\n<p>Im ersten Schlafzimmer befindet sich ein breites Bett, im anderen Schlafzimmer gibt es eine ausklappbare Couch.<\\/p>\\r\\n\\r\\n<p>Das Apartment wird auch mit und einem großen Schrank mit dem Staubsauger, Wäschetrockner, Eimer mit Wischer, Bügelbrett und Bügeleisen ausgerüstet. Es können hier auch die Koffer und das Gepäck aufbewahrt werden.<\\/p>\\r\\n\\r\\n<p>Jedes Apartment besitzt den Balkon.<\\/p>\\r\\n\\r\\n<p>Im Badezimmer befindet sich die Dusche, der Haartrockner und die Waschmaschine.<\\/p>\\r\\n\\r\\n<p>Jedes Apartment verfügt über die Bettwäsche und Handtücher.<\\/p>\\r\\n\\r\\n<p>Unser Hotel heißt Ihre Haustiere herzlich willkommen. Das Übernachten von Ihren Haustieren ist jedoch gebührenpflichtig.<\\/p>\\r\\n\"}'),
(267, 'en', '21', 'SSI\\Apartamenty\\Models\\Apartment', '{\"name\":\"2-floor Apartment II Comfort \",\"slug\":\"2-floor-Apartment-II-Comfort \",\"description\":\"<p>The apartment with an area of 75 square meters consists of two floors. On the first floor, there is a room with two fold-out couches and a kitchenette, and a separate bathroom with shower and washing machine.<\\/p>\\r\\n\\r\\n<p>On the second floor there are two rooms and two bathrooms.<\\/p>\\r\\n\\r\\n<p>In the first room, there is a large bed and a kitchenette.<\\/p>\\r\\n\\r\\n<p>In the second room, there are two large beds and a  fold-out couch. It is also equipped with a kitchenette.<\\/p>\\r\\n\\r\\n<p>Each of the annexes is equipped with an electric hob, fridge, electric kettle, tableware, a set of pots and cutlery for preparing meals.<\\/p>\\r\\n\\r\\n<p>The apartment is also equipped with a table with chairs, a TV, and a spacious wardrobe where you will find a vacuum cleaner, balcony dryer, mop and bucket, ironing board, and iron. It will also be a great place to store suitcases and luggage.<\\/p>\\r\\n\\r\\n<p>The apartment guarantees a comfortable stay for up to 8 people.<\\/p>\\r\\n\\r\\n<p>Each apartment also has a set of bed linen and towels.<\\/p>\\r\\n\\r\\n<p>Pets are welcome, there is an additional charge for their stay.<\\/p>\\r\\n\"}'),
(268, 'de', '21', 'SSI\\Apartamenty\\Models\\Apartment', '{\"name\":\"Zweigeschossiges Apartment Comfort \",\"slug\":\"zweigeschossiges-apartment-comfort \",\"description\":\"<p>Das Apartment mit einer Fläche von 75 m<sup>2<\\/sup> besteht aus zwei Geschossen. Im ersten Geschoss befindet sich das Zimmer mit zwei ausklappbaren Couches und die Küchenzeile sowie das gesonderte Badezimmer mit der Dusche und Waschmaschine.<\\/p>\\r\\n\\r\\n<p>Im zweiten Geschoss gibt es zwei Zimmer und zwei Badezimmer.<\\/p>\\r\\n\\r\\n<p>Im ersten Zimmer gibt es ein großes Bett und die Küchenzeile.<\\/p>\\r\\n\\r\\n<p>Das andere Zimmer besitzt zwei große Betten und eine ausklappbare Couch und besitzt auch die Küchenzeile.<\\/p>\\r\\n\\r\\n<p>Jede Küchenzeile wird mit der elektrischen Heizplatte, dem Kühlschrank, dem elektrischen Wasserkocher, Geschirr, Topfsatz und Besteck ausgerüstet. Es besteht die Möglichkeit, das Essen zuzubereiten.<\\/p>\\r\\n\\r\\n<p>Das Apartment wird auch mit dem Tisch und Stühlen, TV und einem großen Schrank mit dem Staubsauger, Wäschetrockner, Eimer mit Wischer, Bügelbrett und Bügeleisen ausgerüstet. Es können hier auch die Koffer und das Gepäck aufbewahrt werden.<\\/p>\\r\\n\\r\\n<p>Das Apartment bieten den komfortablen Aufenthalt für max. 8 Personen.<\\/p>\\r\\n\\r\\n<p>Jedes Apartment verfügt über die Bettwäsche und Handtücher.<\\/p>\\r\\n\\r\\n<p>Unser Hotel heißt Ihre Haustiere herzlich willkommen. Das Übernachten von Ihren Haustieren ist jedoch gebührenpflichtig.<\\/p>\\r\\n\"}'),
(269, 'en', '22', 'SSI\\Apartamenty\\Models\\Apartment', '{\"name\":\"2-floor Apartment II  Deluxe \",\"slug\":\"2-floor-Apartment-II -Deluxe \",\"description\":\"<p>The apartment with an area of 85 square meters consists of two floors. On the first floor, there is a bedroom and bathroom with shower and washing machine. On the second floor there are two rooms: a living room with a kitchenette and a bedroom.<\\/p>\\r\\n\\r\\n<p>In the living room, there are two fold-out couches, TV, table with chairs and a terrace entrance.<\\/p>\\r\\n\\r\\n<p>The kitchenette is equipped with an electric hob, dishwasher, oven, fridge, electric kettle, tableware, a set of pots and cutlery for preparing meals.<\\/p>\\r\\n\\r\\n<p>In the bedroom, there is a large bed and a wardrobe.<\\/p>\\r\\n\\r\\n<p>In the bathroom on the second floor, there is a shower and a bathtub.<\\/p>\\r\\n\\r\\n<p>In the corridor on the first floor, there is a spacious wardrobe, where you will find a vacuum cleaner, balcony dryer, mop and bucket, ironing board and iron. It will also be a great place to store suitcases and luggage.<\\/p>\\r\\n\\r\\n<p>The apartment guarantees a comfortable stay for up to 8 people.<\\/p>\\r\\n\\r\\n<p>Each apartment also has a set of bed linen and towels.<\\/p>\\r\\n\\r\\n<p>Pets are welcome, there is an additional charge for their stay.<\\/p>\\r\\n\"}'),
(270, 'de', '22', 'SSI\\Apartamenty\\Models\\Apartment', '{\"name\":\"Zweigeschossiges Apartment Deluxe \",\"slug\":\"zweigeschossiges-apartment-deluxe \",\"description\":\"<p>Das Apartment mit einer Fläche von 85 m<sup>2<\\/sup> besteht auch zwei Geschossen. &nbsp;Im ersten Geschoss befindet sich das Schlafzimmer und das Badezimmer mit der Dusche und der Waschmaschine. Im zweiten Geschoss gibt es zwei Zimmer d.h. das Wohnzimmer mit der Küchenzeile und das Schlafzimmer.<\\/p>\\r\\n\\r\\n<p>Im Wohnzimmer befinden sich zwei ausklappbare Couches, TV, der Tisch mit Stühlen und der Ausgang zur Terrasse.<\\/p>\\r\\n\\r\\n<p>Die Küchenzeile wird mit der elektrischen Heizplatte, dem Kühlschrank, dem elektrischen Wasserkocher, Geschirr, Topfsatz und Besteck ausgerüstet. Es besteht die Möglichkeit, das Essen zuzubereiten.<\\/p>\\r\\n\\r\\n<p>Im Schlafzimmer gibt es ein großes Bett und einen Schrank.<\\/p>\\r\\n\\r\\n<p>Das Badezimmer im zweiten Geschoss besitzt die Dusche und die Badewanne.<\\/p>\\r\\n\\r\\n<p>In der Flur im ersten Geschoss befindet sich ein großer Schrank &nbsp;mit dem Staubsauger, Wäschetrockner, Eimer mit Wischer, Bügelbrett und Bügeleisen ausgerüstet. Es können hier auch die Koffer und das Gepäck aufbewahrt werden.<\\/p>\\r\\n\\r\\n<p>Das Apartment bietet den komfortablen Aufenthalt für max. 8 Personen.<\\/p>\\r\\n\\r\\n<p>Jedes Apartment verfügt über die Bettwäsche und Handtücher.<\\/p>\\r\\n\\r\\n<p>Unser Hotel heißt Ihre Haustiere herzlich willkommen. Das Übernachten von Ihren Haustieren ist jedoch gebührenpflichtig.<\\/p>\\r\\n\"}'),
(271, 'en', '18', 'SSI\\Atrakcje\\Models\\Atrakcje', '{\"name\":\"STAWA MŁYNY\",\"short_description\":\"The windmill is one of the most popular symbols of Świnoujście, its image can be found in brochures and guides. People who want to see the windmill up close will certainly experience an unforgettable adventure as it is located in a very picturesque place.\",\"description\":\"<h2>Windmill being a symbol of youth<\\/h2>\\r\\n\\r\\n<p>The windmill is one of the most popular symbols of Świnoujście, its image can be found in brochures and guides. People who want to see the windmill up close will certainly experience an unforgettable adventure as it is located in a very picturesque place. There is a legend associated with Stawa Młyny, which says that at the time when Świnoujście became a port city, the inhabitants began working on ships and going on long trips. After returning home, they were always older, and their faces were destroyed by a long stay at sea. The wife of one of the sailors could not accept that her husband Krzysztof had grown old. She went ashore at night and cried. The old miller heard it and told her to come with her husband the next day. The sailor was to walk, bathe in the sea and cover the mud. After a week, the miller took the sailor inside the windmill for secret treatment, Krzysztof walked out rejuvenated. The news spread quickly, and other sailors also began to visit the windmill. However, the time came when death took the old miller. No one knew his secret way of rejuvenation, and at the moment of the miller\'s death, the windmill mechanism stopped. Despite this, people who fight for their young appearance come to Świnoujście and follow the advice the miller shared with Krzysztof.<\\/p>\\r\\n\"}'),
(272, 'de', '18', 'SSI\\Atrakcje\\Models\\Atrakcje', '{\"name\":\"WINDMÜHLE – SYMBOL DER JUGEND\",\"short_description\":\"Die Windmühle ist eine der bekanntesten Symbole von Swinemünde. Ihr Bild ist in Broschüren und Reiseführern zu finden. Menschen, die die Windmühle aus der Nähe sehen möchten, werden sicherlich ein unvergessliches Abenteuer erleben, da sie sich an einem sehr malerischen Ort befindet\",\"description\":\"<p>Die Windmühle ist eine der bekanntesten Symbole von Swinemünde. Ihr Bild ist in Broschüren und Reiseführern zu finden. Menschen, die die Windmühle aus der Nähe sehen möchten, werden sicherlich ein unvergessliches Abenteuer erleben, da sie sich an einem sehr malerischen Ort befindet. Mit der Mühlenbake ist eine Legende verbunden, die besagt, dass die Einwohner, als Swinemünde eine Hafenstadt wurde, anfingen, an Schiffen zu arbeiten und lange Reisen zu unternehmen. Nach ihrer Rückkehr waren sie immer älter und ihre Gesichter wurden durch einen langen Aufenthalt auf See zerstört. Die Frau einen der Seeleute konnte nicht akzeptieren, dass ihr Mann Krzysztof alt geworden war. Sie ging nachts an Ufer und weinte. Der alte Müller hörte es und sagte ihr, sie solle am nächsten Tag mit ihrem Mann kommen. Der Seemann sollte spazieren, im Meer baden und sich mit dem Schlamm bedecken. Nach einer Woche nahm der Müller den Seemann in die Windmühle und unterzog ihn dort einer geheimen Behandlung. Krzysztof ging verjüngt aus. Die Nachricht verbreitete sich schnell und andere Seeleute begannen ebenfalls, die Windmühle zu besuchen. Die Zeit kam jedoch, als der Tod den alten Müller nahm. Niemand kannte seinen geheimen Weg zur Verjüngung und als der Müller starb, blieb der Windmühlenmechanismus stehen. Trotzdem kommen Menschen, die um ihr jugendliches Aussehen kämpfen, nach Świnoujście und folgen dem Rat, den der Müller Krzysztof gegeben hat. <\\/p>\\r\\n\"}'),
(273, 'en', '377', 'System\\Models\\File', '{\"title\":\"\",\"description\":\"\"}'),
(274, 'de', '377', 'System\\Models\\File', '{\"title\":\"\",\"description\":\"\"}'),
(275, 'en', '376', 'System\\Models\\File', '{\"title\":\"\",\"description\":\"\"}'),
(276, 'de', '376', 'System\\Models\\File', '{\"title\":\"\",\"description\":\"\"}'),
(277, 'en', '3', 'SSI\\PakietyPobytowe\\Models\\Package', '{\"name\":\"\",\"description\":\"\"}'),
(278, 'de', '3', 'SSI\\PakietyPobytowe\\Models\\Package', '{\"name\":\"\",\"description\":\"\"}'),
(279, 'en', '31', 'SSI\\Apartamenty\\Models\\Amenity', '{\"name\":\" bath\"}'),
(280, 'de', '31', 'SSI\\Apartamenty\\Models\\Amenity', '{\"name\":\" Bad\"}'),
(281, 'en', '30', 'SSI\\Apartamenty\\Models\\Amenity', '{\"name\":\" wine cooler\"}'),
(282, 'de', '30', 'SSI\\Apartamenty\\Models\\Amenity', '{\"name\":\" Weinkühler\"}'),
(283, 'en', '27', 'SSI\\Apartamenty\\Models\\Amenity', '{\"name\":\" Washing Machine\"}'),
(284, 'de', '27', 'SSI\\Apartamenty\\Models\\Amenity', '{\"name\":\" Waschmaschine\"}'),
(285, 'en', '26', 'SSI\\Apartamenty\\Models\\Amenity', '{\"name\":\" oven\"}'),
(286, 'de', '26', 'SSI\\Apartamenty\\Models\\Amenity', '{\"name\":\" Ofen\"}'),
(287, 'en', '25', 'SSI\\Apartamenty\\Models\\Amenity', '{\"name\":\"Pets\"}'),
(288, 'de', '25', 'SSI\\Apartamenty\\Models\\Amenity', '{\"name\":\" Tiere\"}'),
(289, 'en', '24', 'SSI\\Apartamenty\\Models\\Amenity', '{\"name\":\" a set of towels\"}'),
(290, 'de', '24', 'SSI\\Apartamenty\\Models\\Amenity', '{\"name\":\" ein Satz Handtücher\"}'),
(291, 'en', '23', 'SSI\\Apartamenty\\Models\\Amenity', '{\"name\":\" bedding set\"}'),
(292, 'de', '23', 'SSI\\Apartamenty\\Models\\Amenity', '{\"name\":\" Bettwäsche-Set\"}'),
(293, 'en', '22', 'SSI\\Apartamenty\\Models\\Amenity', '{\"name\":\" washing machine\"}'),
(294, 'de', '22', 'SSI\\Apartamenty\\Models\\Amenity', '{\"name\":\" Waschmaschine\"}'),
(295, 'en', '21', 'SSI\\Apartamenty\\Models\\Amenity', '{\"name\":\" hair dryer\"}'),
(296, 'de', '21', 'SSI\\Apartamenty\\Models\\Amenity', '{\"name\":\" Haartrockner\"}'),
(297, 'en', '20', 'SSI\\Apartamenty\\Models\\Amenity', '{\"name\":\" shower\"}'),
(298, 'de', '20', 'SSI\\Apartamenty\\Models\\Amenity', '{\"name\":\" Dusche\"}'),
(299, 'en', '19', 'SSI\\Apartamenty\\Models\\Amenity', '{\"name\":\" iron and ironing board\"}'),
(300, 'de', '19', 'SSI\\Apartamenty\\Models\\Amenity', '{\"name\":\" Bügeleisen und Bügelbrett\"}'),
(301, 'en', '18', 'SSI\\Apartamenty\\Models\\Amenity', '{\"name\":\" balcony dryer\"}'),
(302, 'de', '18', 'SSI\\Apartamenty\\Models\\Amenity', '{\"name\":\" Balkontrockner\"}'),
(303, 'en', '17', 'SSI\\Apartamenty\\Models\\Amenity', '{\"name\":\" vacuum cleaner\"}'),
(304, 'de', '17', 'SSI\\Apartamenty\\Models\\Amenity', '{\"name\":\" Staubsauger\"}'),
(305, 'en', '16', 'SSI\\Apartamenty\\Models\\Amenity', '{\"name\":\"big wardrobe\"}'),
(306, 'de', '16', 'SSI\\Apartamenty\\Models\\Amenity', '{\"name\":\"großer Kleiderschrank\"}'),
(307, 'en', '15', 'SSI\\Apartamenty\\Models\\Amenity', '{\"name\":\" cutlery\"}'),
(308, 'de', '15', 'SSI\\Apartamenty\\Models\\Amenity', '{\"name\":\" Besteck\"}'),
(309, 'en', '14', 'SSI\\Apartamenty\\Models\\Amenity', '{\"name\":\" set of pots\"}'),
(310, 'de', '14', 'SSI\\Apartamenty\\Models\\Amenity', '{\"name\":\" Satz Töpfe\"}'),
(311, 'en', '13', 'SSI\\Apartamenty\\Models\\Amenity', '{\"name\":\" tableware\"}'),
(312, 'de', '13', 'SSI\\Apartamenty\\Models\\Amenity', '{\"name\":\" Geschirr\"}'),
(313, 'en', '12', 'SSI\\Apartamenty\\Models\\Amenity', '{\"name\":\" Electric Kettle\"}'),
(314, 'de', '12', 'SSI\\Apartamenty\\Models\\Amenity', '{\"name\":\" Wasserkocher\"}'),
(315, 'en', '11', 'SSI\\Apartamenty\\Models\\Amenity', '{\"name\":\" fridge\"}'),
(316, 'de', '11', 'SSI\\Apartamenty\\Models\\Amenity', '{\"name\":\" Kühlschrank\"}'),
(317, 'en', '10', 'SSI\\Apartamenty\\Models\\Amenity', '{\"name\":\" electric hob\"}'),
(318, 'de', '10', 'SSI\\Apartamenty\\Models\\Amenity', '{\"name\":\" Elektroherd\"}'),
(319, 'en', '9', 'SSI\\Apartamenty\\Models\\Amenity', '{\"name\":\" table with chairs\"}'),
(320, 'de', '9', 'SSI\\Apartamenty\\Models\\Amenity', '{\"name\":\" Tisch mit Stühlen\"}'),
(321, 'en', '8', 'SSI\\Apartamenty\\Models\\Amenity', '{\"name\":\"TV\"}'),
(322, 'de', '8', 'SSI\\Apartamenty\\Models\\Amenity', '{\"name\":\" Fernseher\"}'),
(323, 'en', '7', 'SSI\\Apartamenty\\Models\\Amenity', '{\"name\":\" big bed\"}'),
(324, 'de', '7', 'SSI\\Apartamenty\\Models\\Amenity', '{\"name\":\" großes Bett\"}'),
(325, 'en', '4', 'SSI\\Atrakcje\\Models\\Atrakcje', '{\"name\":\"Park Zdrojowy\",\"short_description\":\"The establishment of the Park Zdrojowy coincides with the beginnings of the city of Świnoujście in 1765 and the construction of the resort half a century later. The opening of the first summer season took place in 1824, and the first spa house was opened in 1826 (it was located near the port quay).\",\"description\":\"<p>The establishment of the Park Zdrojowy coincides with the beginnings of the city of Świnoujście in 1765 and the construction of the resort half a century later. The opening of the first summer season took place in 1824, and the first spa house was opened in 1826 (it was located near the port quay). Unfortunately, it was demolished immediately after the outbreak of World War I). The senior president of Pomerania (Kingdom of Prussia) Johann August von Sack got involved in the development of the spa, thanks to which the project of the Park Zdrojowy was developed by Peter Joseph Lenne, the famous Prussian garden architect. In 1827, P. J. Lenne sent about 1.5 thousand seedlings of trees and shrubs from Sanssouci. The next year, the park was already properly arranged. The entrance to the Park Zdrojowy is several meters from the Rondo Apartments. <\\/p>\\r\\n\"}'),
(326, 'de', '4', 'SSI\\Atrakcje\\Models\\Atrakcje', '{\"name\":\"Kurpark\",\"short_description\":\"Die Einrichtung des Kurparks fällt mit den Anfängen der Stadt Swinemünde im Jahr 1765 und dem Bau des Kurorts ein halbes Jahrhundert später zusammen. Die Eröffnung der ersten Badesaison fand 1824 statt und das erste Kurhaus wurde bereits 1826 in Betrieb genommen (es befand sich in der Nähe des Hafenkais, wurde leider kurz nach Ausbruch des Ersten Weltkriegs abgerissen).\",\"description\":\"<p>Die Einrichtung des Kurparks fällt mit den Anfängen der Stadt Swinemünde im Jahr 1765 und dem Bau des Kurorts ein halbes Jahrhundert später zusammen. Die Eröffnung der ersten Badesaison fand 1824 statt und das erste Kurhaus wurde bereits 1826 in Betrieb genommen (es befand sich in der Nähe des Hafenkais, wurde leider kurz nach Ausbruch des Ersten Weltkriegs abgerissen). Der Präsident von Pommern (Königreich Preußen) Johann August von Sack war an der Entwicklung des Kurortes beteiligt. Dank ihm wurde das Projekt des Kurparks von Peter Joseph Lenne, dem berühmten preußischen Gartenarchitekten, entwickelt. 1827 sandte P. J. Lenne etwa 1,5 Tausend Setzlinge von Bäumen und Sträuchern aus Sanssouci. Im folgenden Jahr war der Park bereits richtig aufgebaut. Der Eingang zum Kurpark liegt ein Dutzend Meter von den Rondo Apartments entfernt. <\\/p>\\r\\n\"}'),
(327, 'en', '5', 'SSI\\Atrakcje\\Models\\Atrakcje', '{\"name\":\"Gerhard\'s Fort\",\"short_description\":\"Gerhard\'s Fort is one of the few living museums in Europe where tourists can temporarily move in time and walk in shoes of military service. Visiting the Fort takes the form of accelerated military training. \",\"description\":\"<p>Gerhard\'s Fort is one of the few living museums in Europe where tourists can temporarily move in time and walk in shoes of military service. Visiting the Fort takes the form of accelerated military training. Tourists visit the fortress under the protection of a \\\"despicable\\\" and, of course, uniformed Prussian soldier. During the march around and inside the fortress, visitors will learn about its history, undergoing several tests at the same time, to check if the candidate is suitable for military service! <\\/p>\\r\\n\"}'),
(328, 'de', '5', 'SSI\\Atrakcje\\Models\\Atrakcje', '{\"name\":\"Fort Gerhard\",\"short_description\":\"Das Fort Gerhard ist eines der wenigen lebenden Museen in Europa, in denen Touristen  eine Zeitreise machen können und den Geschmack des Militärdienstes am eigenen Leibe erfahren können . Der Besuch des Forts erfolgt in Form einer beschleunigten militärischen Musterung. \",\"description\":\"<p>Das Fort Gerhard ist eines der wenigen lebenden Museen in Europa, in denen Touristen &nbsp;eine Zeitreise machen <a name=\\\"_Hlk43184778\\\">können<\\/a> und den Geschmack des Militärdienstes am eigenen Leibe erfahren können . Der Besuch des Forts erfolgt in Form einer beschleunigten militärischen Musterung. Touristen besuchen die Festung unter der Aufsicht eines „echten“ und natürlich uniformierten preußischen Soldaten. Während des Marsches durch das Gelände und der Innenräume des Forts lernen die Besucher seine Geschichte kennen und gleichzeitig durchlaufen sie mehrere Tests, um zu prüfen, ob der Kandidat für den Militärdienst geeignet ist!<\\/p>\\r\\n\"}'),
(329, 'en', '6', 'SSI\\Atrakcje\\Models\\Atrakcje', '{\"name\":\"Underground Military City On Wolin Island\",\"short_description\":\"On the island of Wolin, there is a military facility, the secret of which has been closely guarded for years. It\'s a network of underground corridors connecting several large shelters, hidden under coastal dunes.\",\"description\":\"<p>During World War II, there were huge cannons protected by hundreds of tons of concrete to defend the Kriegsmarine base in Świnoujście. After the war, the complex was rebuilt, and the shelters connected by a kilometer of underground corridors to form a fully autonomous \\\"underground city.\\\" It was from here that Polish generals were to command the landing of units of the Polish People\'s Army in Scandinavia! The complex served, among others, as the Advanced Command Post of the Polish Front (Seaside).\\r\\n\\t<br>\\r\\n\\t<br>Travel back in time and explore the amazing history of the war-conflict that was to plunge Poland into a hell of nuclear strikes! You can\'t miss it!\\r\\n\\t<br>\\r\\n\\t<br>Sightseeing in an interactive way under the guidance of a Polish soldier is a real journey through time. <\\/p>\\r\\n\"}'),
(330, 'de', '6', 'SSI\\Atrakcje\\Models\\Atrakcje', '{\"name\":\"Unterirdische Militärstadt auf der Insel Wollin\",\"short_description\":\"Auf der Insel Wollin gibt es eine militärische Einrichtung, deren Geheimnis jahrelang streng gehütet wurde. Es ist ein Netzwerk von unterirdischen Korridoren, die mehrere, unter Küstendünen versteckte, große Schutzräume verbinden.\",\"description\":\"<p>Auf der Insel Wollin gibt es eine militärische Einrichtung, deren Geheimnis jahrelang streng gehütet wurde. Es ist ein Netzwerk von unterirdischen Korridoren, die mehrere, unter Küstendünen versteckte, große Schutzräume verbinden.<\\/p>\\r\\n\\r\\n<p>Während des Zweiten Weltkriegs standen hier riesige Kanonen, die, geschützt von Hunderten Tonnen Beton, die Kriegsmarine-Basis in Swinemünde verteidigen sollten. Nach dem Krieg wurde der Komplex wiederaufgebaut und die Schutzräume durch einen Kilometer unterirdischer Korridore zu einer völlig autonomen \\\"unterirdischen Stadt\\\" verbunden. Von hier aus sollten polnische Generäle die Landung von Einheiten der polnischen Volksarmee in Skandinavien befehligen! Der Komplex diente unter anderem als Vorgeschobene Kommandoposten der polnischen Küstenfront.<\\/p>\\r\\n\\r\\n<p>Reisen Sie heute in die Vergangenheit und lernen Sie die erstaunliche Geschichte des Erdkriegskonflikts kennen, der Polen in eine Hölle der Atomschläge stürzen sollte! Sie können es nicht verpassen!<\\/p>\\r\\n\\r\\n<p>Der interaktive Besuch des Komplexes unter Anleitung eines polnischen Soldaten ist eine echte Zeitreise.<\\/p>\\r\\n\"}'),
(331, 'en', '7', 'SSI\\Atrakcje\\Models\\Atrakcje', '{\"name\":\"Lighthouse\",\"short_description\":\"This is the highest navigation sign of the Baltic Sea coast - it was built in 1854 on the right bank of the Świna River in the now-defunct Osternothafen district. Initially, it had the form of an octagonal tower built of yellow brick with a height of almost 65 meters. \",\"description\":\"<p>This is the highest navigation sign of the Baltic Sea coast - it was built in 1854 on the right bank of the Świna River in the now-defunct Osternothafen district. Initially, it had the form of an octagonal tower built of yellow brick with a height of almost 65 meters. As a result of a general renovation in the 20th century, the tower changed its appearance - it became round with an octagonal base. Allied raids during WWII caused serious damage, which was repaired successively. A major renovation at the turn of 1999 and 2000 led to its current appearance and opening to tourists. <\\/p>\\r\\n\"}'),
(332, 'de', '7', 'SSI\\Atrakcje\\Models\\Atrakcje', '{\"name\":\"Der Leuchtturm\",\"short_description\":\"Dies ist das höchste Schifffahrtszeichen der Ostseeküste. Es wurde 1854 am rechten Ufer des Flusses Swine im heute nicht mehr existierenden Stadtteil Osternothafen erbaut. Ursprünglich hatte es die Form eines achteckigen Turms aus gelbem Backstein, der fast 65 Meter hoch war.\",\"description\":\"<p>Dies ist das höchste Schifffahrtszeichen der Ostseeküste. Es wurde 1854 am rechten Ufer des Flusses Swine im heute nicht mehr existierenden Stadtteil Osternothafen erbaut. Ursprünglich hatte es die Form eines achteckigen Turms aus gelbem Backstein, der fast 65 Meter hoch war. Infolge der Generalrenovierung im 20. Jahrhundert veränderte der Turm sein Aussehen - er wurde im Querschnitt rund und auf einem achteckigen Sockel montiert. Die Luftangriffe der Alliierten während des zweiten Weltkrieges verursachten schwere Schäden, die hintereinander behoben wurden. Eine umfassende Renovierung an der Wende vom 1999 zum 2000 führte zu seinem derzeitigen Erscheinungsbild und der Eröffnung für Touristen.&nbsp;<\\/p>\\r\\n\\r\\n<p>\\r\\n\\t<br>\\r\\n<\\/p>\\r\\n\"}');

-- --------------------------------------------------------

--
-- Struktura tabeli dla tabeli `rainlab_translate_indexes`
--

CREATE TABLE `rainlab_translate_indexes` (
  `id` int(10) UNSIGNED NOT NULL,
  `locale` varchar(191) NOT NULL,
  `model_id` varchar(191) DEFAULT NULL,
  `model_type` varchar(191) DEFAULT NULL,
  `item` varchar(191) DEFAULT NULL,
  `value` mediumtext DEFAULT NULL
) ENGINE=InnoDB DEFAULT CHARSET=utf8mb4 COLLATE=utf8mb4_unicode_ci;

--
-- Dumping data for table `rainlab_translate_indexes`
--

INSERT INTO `rainlab_translate_indexes` (`id`, `locale`, `model_id`, `model_type`, `item`, `value`) VALUES
(1, 'en', '1', 'SSI\\Apartamenty\\Models\\Apartment', 'slug', 'celebration-time-en234'),
(2, 'en', '3', 'SSI\\Apartamenty\\Models\\Apartment', 'slug', 'test2en'),
(3, 'de', '3', 'SSI\\Apartamenty\\Models\\Apartment', 'slug', 'test2de'),
(4, 'en', '16', 'SSI\\Apartamenty\\Models\\Apartment', 'slug', '1-room-apartment-standard '),
(5, 'en', '17', 'SSI\\Apartamenty\\Models\\Apartment', 'slug', '1-room-apartment-standard-plus '),
(6, 'en', '19', 'SSI\\Apartamenty\\Models\\Apartment', 'slug', '1-bedroom-apartment-comfort'),
(7, 'en', '18', 'SSI\\Apartamenty\\Models\\Apartment', 'slug', '1-bedroom-apartment '),
(8, 'en', '20', 'SSI\\Apartamenty\\Models\\Apartment', 'slug', '2-bedroom-apartment-Superior '),
(9, 'en', '21', 'SSI\\Apartamenty\\Models\\Apartment', 'slug', '2-floor-Apartment-II-Comfort '),
(10, 'en', '22', 'SSI\\Apartamenty\\Models\\Apartment', 'slug', '2-floor-Apartment-II -Deluxe '),
(11, 'de', '16', 'SSI\\Apartamenty\\Models\\Apartment', 'slug', '1-zimmer-apartment-standard '),
(12, 'de', '17', 'SSI\\Apartamenty\\Models\\Apartment', 'slug', '1-zimmer-apartament-standard-plus'),
(13, 'de', '18', 'SSI\\Apartamenty\\Models\\Apartment', 'slug', '2-zimmer-apartment '),
(14, 'de', '19', 'SSI\\Apartamenty\\Models\\Apartment', 'slug', '2-zimmer-apartment-comfort '),
(15, 'de', '20', 'SSI\\Apartamenty\\Models\\Apartment', 'slug', '3-zimmer-apartment-superior '),
(16, 'de', '21', 'SSI\\Apartamenty\\Models\\Apartment', 'slug', 'zweigeschossiges-apartment-comfort '),
(17, 'de', '22', 'SSI\\Apartamenty\\Models\\Apartment', 'slug', 'zweigeschossiges-apartment-deluxe ');

-- --------------------------------------------------------

--
-- Struktura tabeli dla tabeli `rainlab_translate_locales`
--

CREATE TABLE `rainlab_translate_locales` (
  `id` int(10) UNSIGNED NOT NULL,
  `code` varchar(191) NOT NULL,
  `name` varchar(191) DEFAULT NULL,
  `is_default` tinyint(1) NOT NULL DEFAULT 0,
  `is_enabled` tinyint(1) NOT NULL DEFAULT 0,
  `sort_order` int(11) NOT NULL DEFAULT 0
) ENGINE=InnoDB DEFAULT CHARSET=utf8mb4 COLLATE=utf8mb4_unicode_ci;

--
-- Dumping data for table `rainlab_translate_locales`
--

INSERT INTO `rainlab_translate_locales` (`id`, `code`, `name`, `is_default`, `is_enabled`, `sort_order`) VALUES
(1, 'en', 'English', 0, 1, 2),
(2, 'pl', 'Polski', 1, 1, 1),
(3, 'de', 'Deutsch', 0, 1, 3);

-- --------------------------------------------------------

--
-- Struktura tabeli dla tabeli `rainlab_translate_messages`
--

CREATE TABLE `rainlab_translate_messages` (
  `id` int(10) UNSIGNED NOT NULL,
  `code` varchar(191) DEFAULT NULL,
  `message_data` mediumtext DEFAULT NULL,
  `found` tinyint(1) NOT NULL DEFAULT 1
) ENGINE=InnoDB DEFAULT CHARSET=utf8mb4 COLLATE=utf8mb4_unicode_ci;

--
-- Dumping data for table `rainlab_translate_messages`
--

INSERT INTO `rainlab_translate_messages` (`id`, `code`, `message_data`, `found`) VALUES
(1, 'musisz.zaakceptować.regulamin', '{\"x\":\"Musisz zaakceptowa\\u0107 regulamin\",\"en\":\" You must accept the rules\",\"de\":\" Sie m\\u00fcssen die Regeln akzeptieren\"}', 1),
(2, 'proszę.wpisać.imię', '{\"x\":\"Prosz\\u0119 wpisa\\u0107 imi\\u0119\",\"en\":\"Please enter a Name\",\"de\":\" Bitte geben Sie einen Namen ein\"}', 1),
(3, 'proszę.wpisać.numer.telefonu', '{\"x\":\"Prosz\\u0119 wpisa\\u0107 numer telefonu\",\"en\":\" Please enter a phone number\",\"de\":\" Bitte geben Sie eine Telefonnummer ein\"}', 1),
(4, 'proszę.wpisać.email', '{\"x\":\"Prosz\\u0119 wpisa\\u0107 email\",\"en\":\"Please enter an email\",\"de\":\" Bitte geben Sie eine E-Mail ein\"}', 1),
(5, 'proszę.wpisać.tekst.wiadomości', '{\"x\":\"Prosz\\u0119 wpisa\\u0107 tekst wiadomo\\u015bci\",\"en\":\" Please enter a message\",\"de\":\" Bitte geben Sie eine Nachricht ein\"}', 1),
(6, 'nieprawidłowy.numer.pole.może.zawierać.numery.oraz.znak.plusa', '{\"x\":\"Nieprawid\\u0142owy numer, pole mo\\u017ce zawiera\\u0107 numery oraz znak plusa\",\"en\":\" Invalid number, field may contain numbers and plus sign\",\"de\":\" Ung\\u00fcltige Nummer, Feld kann Zahlen und Pluszeichen enthalten\"}', 1),
(7, 'nieprawidłowy.email', '{\"x\":\"Nieprawid\\u0142owy email\",\"en\":\" Invalid email\",\"de\":\" Ung\\u00fcltige E-Mail\"}', 1),
(8, 'formularz.nie.został.wysłany.poprawnie', '{\"x\":\"Formularz nie zosta\\u0142 wys\\u0142any poprawnie\",\"en\":\" The form has not been sent correctly\",\"de\":\" Das Formular wurde nicht korrekt gesendet\"}', 1),
(9, 'formularz.został.wysłany', '{\"x\":\"Formularz zosta\\u0142 wys\\u0142any\",\"en\":\" The form has been sent\",\"de\":\" Das Formular wurde gesendet\"}', 1),
(10, '', '{\"x\":\"\"}', 1),
(11, 'telefon', '{\"x\":\"Telefon\",\"en\":\"Phone\"}', 1),
(12, 'zadzwoń', '{\"x\":\"Zadzwo\\u0144\",\"en\":\"call\",\"de\":\" Anruf\"}', 1),
(13, 'rezerwacja', '{\"x\":\"Rezerwacja\",\"en\":\"Reservation\",\"de\":\" Reservierung\"}', 1),
(14, 'apartamenty.rondo', '{\"x\":\"Apartamenty Rondo\",\"en\":\" Rondo Apartments\",\"de\":\" Rondo Wohnungen\"}', 1),
(15, 'arkada.inwest.sp.z.o.o', '{\"x\":\"Arkada-Inwest Sp. z o.o.\"}', 1),
(16, 'biuro.apartamenty.rodo', '{\"x\":\"Biuro APARTAMENTY RODO\",\"de\":\" B\\u00fcro WOHNUNGEN RODO\",\"en\":\"Office APARTMENTS RONDO\"}', 1),
(17, 'ul.piastowska.35.parter', '{\"x\":\"ul. Piastowska 35 (parter)\",\"de\":\" ul. Piastowska 35 (Erdgeschoss)\"}', 1),
(18, '72.600.świnoujście', '{\"x\":\"72-600 \\u015awinouj\\u015bcie\",\"de\":\"72-600 Swinem\\u00fcnde \"}', 1),
(19, 'godziny.otwarcia.biura', '{\"x\":\"Godziny otwarcia biura:\",\"en\":\" Office opening hours:\",\"de\":\" B\\u00fcro-\\u00d6ffnungszeiten:\"}', 1),
(20, 'poniedziałek.piątek.0800.1800', '{\"x\":\"Poniedzia\\u0142ek - Pi\\u0105tek 08:00 - 18:00\",\"en\":\" Monday - Friday 08:00 - 18:00\",\"de\":\" Montag - Freitag 08:00 - 18:00 Uhr\"}', 1),
(21, 'sobota.niedziela.0900.1700', '{\"x\":\"Sobota - Niedziela 09:00 - 17:00\",\"de\":\" Samstag - Sonntag 09:00 - 17:00 Uhr\",\"en\":\" Saturday - Sunday 09:00 - 17:00\"}', 1),
(22, 'przestronne.apartamenty', '{\"x\":\"przestronne apartamenty\",\"en\":\" spacious apartments\",\"de\":\" ger\\u00e4umige Wohnungen\"}', 1),
(23, 'restauracja.rondo.ristorante', '{\"x\":\"restauracja Rondo Ristorante\",\"en\":\"restauracja Rondo Ristorante\",\"de\":\" Restaurant Rondo Ristorante\"}', 1),
(24, 'rondo.wellness.bali.spa', '{\"x\":\"Rondo Wellness & Bali Spa\"}', 1),
(25, 'dogodna.lokalizacja.w.centrum', '{\"x\":\"dogodna lokalizacja w centrum\",\"en\":\" convenient central location\",\"de\":\" g\\u00fcnstige zentrale Lage\"}', 1),
(26, 'obok.parku.zdrojowego', '{\"x\":\"obok parku zdrojowego\",\"en\":\" next to the spa park\",\"de\":\" neben dem Spa-Park\"}', 1),
(27, 'wypoczynek.w.wysokim.standardzie', '{\"x\":\"Wypoczynek w wysokim standardzie\",\"en\":\" Recreation to a high standard\",\"de\":\"Erholung im hohen Standard\"}', 1),
(28, 'rezerwuj.już', '{\"x\":\"rezerwuj Ju\\u017c\",\"en\":\" book already\",\"de\":\" schon buchen\"}', 1),
(29, 'od.299.pln.za.apartament', '{\"x\":\"od 299 pln za apartament\",\"en\":\" from 299 PLN per apartment\",\"de\":\"ab 299 PLN pro Apartment\"}', 1),
(30, 'apartament', '{\"x\":\"Apartament\",\"en\":\"Apartment\",\"de\":\" Wohnung\"}', 1),
(31, 'cena.od', '{\"x\":\"cena od\",\"en\":\" price from\",\"de\":\" Preis von\"}', 1),
(32, 'rezerwuj', '{\"x\":\"rezerwuj\",\"en\":\" book\",\"de\":\"Buchen\"}', 1),
(33, 'pln.za.apartament', '{\"x\":\"pln za apartament\",\"en\":\" PLN per apartment\",\"de\":\" PLN pro Wohnung\"}', 1),
(34, 'od', '{\"x\":\"od\",\"en\":\"from\",\"de\":\"ab\"}', 1),
(35, 'apartamenty.na.zdrojowej', '{\"x\":\"Apartamenty na Zdrojowej\",\"en\":\" Apartments on Zdrojowa\",\"de\":\" Wohnungen auf Zdrojowa\"}', 1),
(36, 'pakiety.pobytowe', '{\"x\":\"Pakiety pobytowe\",\"en\":\" Stay packages\",\"de\":\" Pakete bleiben\"}', 1),
(37, 'rondo.ristorante', '{\"x\":\"Rondo Ristorante\"}', 1),
(38, 'bali.spa', '{\"x\":\"Bali SPA\"}', 1),
(39, 'komfortowe.apartamenty.nad.morzem', '{\"x\":\"Komfortowe apartamenty nad morzem\",\"en\":\"Comfortable apartments by the sea\",\"de\":\"Komfortable Apartments am Meer\"}', 1),
(40, 'już.od.299.pln', '{\"x\":\"ju\\u017c od 299 pln\",\"en\":\" from 299 PLN\",\"de\":\" ab 299 PLN\"}', 1),
(41, 'za.apartament', '{\"x\":\"za apartament\",\"en\":\" for the apartment\",\"de\":\" f\\u00fcr die Wohnung\"}', 1),
(42, 'atrakcyjne.pakiety.pobytowe', '{\"x\":\"Atrakcyjne pakiety Pobytowe\",\"en\":\" Attractive Stay packages\",\"de\":\"Attraktive Aufenthaltspakete\"}', 1),
(43, 'zobacz.wszystkie', '{\"x\":\"zobacz wszystkie\",\"en\":\" see all\",\"de\":\"zeige alles\"}', 1),
(44, 'apartament.dla', '{\"x\":\"apartament dla\",\"en\":\"Apartment for \",\"de\":\" Wohnung f\\u00fcr\"}', 1),
(45, 'osób', '{\"x\":\"os\\u00f3b\",\"en\":\"Person\",\"de\":\" Menschen\"}', 1),
(46, 'więcej.informacji', '{\"x\":\"wi\\u0119cej informacji\",\"en\":\"more informations\",\"de\":\"mehr Info\"}', 1),
(47, 'warto.zwiedzić', '{\"x\":\"Warto zwiedzi\\u0107\",\"en\":\" Worth visiting\",\"de\":\"Sehensw\\u00fcrdigkeiten\"}', 1),
(48, 'polityka.cookie', '{\"x\":\"polityka cookie\",\"en\":\" cookie policy\",\"de\":\"Cookie-Richtlinie\"}', 1),
(49, 'realizacja', '{\"x\":\"realizacja\",\"en\":\" implementation\",\"de\":\"Ersteller: hotelio biz\"}', 1),
(50, 'hotelio.strony.dla.hoteli', '{\"x\":\"Hotelio - strony dla hoteli\",\"en\":\" Hotel - sites for hotels\",\"de\":\" Hotelio - Websites f\\u00fcr Hotels\"}', 1),
(51, 'rezerwacja.cennik', '{\"x\":\"Rezerwacja \\/ Cennik\",\"en\":\"Rezerwacja \\/ Cennik\",\"de\":\" Reservierung \\/ Preisliste\"}', 1),
(52, 'osoby', '{\"x\":\"osoby\",\"en\":\"Person\",\"de\":\" Personen\"}', 1),
(53, 'miejsca.parkingowe.dla.uczestników', '{\"x\":\"Miejsca parkingowe dla uczestnik\\u00f3w\",\"en\":\" Parking spaces for participants\",\"de\":\" Parkpl\\u00e4tze f\\u00fcr Teilnehmer\"}', 1),
(54, 'zaplecze.noclegowe', '{\"x\":\"Zaplecze noclegowe\",\"en\":\" Accommodation facilities\",\"de\":\" Unterk\\u00fcnfte\"}', 1),
(55, 'kompleksowa.organizacja', '{\"x\":\"Kompleksowa organizacja\",\"en\":\" Comprehensive organization\",\"de\":\" Umfassende Organisation\"}', 1),
(56, 'restauracja.ala.carte', '{\"x\":\"Restauracja a\\u2019la carte\",\"en\":\" A la carte restaurant\",\"de\":\" A-la-carte-Restaurant\"}', 1),
(57, 'strefa.relaksu.wellness.balispa', '{\"x\":\"Strefa relaksu (wellness & balispa)\",\"en\":\" Relaxation area (wellness & spa spa)\",\"de\":\" Entspannungsbereich (Wellness & Spa Spa)\"}', 1),
(58, 'apartamenty.zdrojowa', '{\"x\":\"Apartamenty Zdrojowa\",\"en\":\"Zrojowa Apartments\",\"de\":\" Zdrojowa Wohnungen\"}', 1),
(59, 'zobacz.nasze.apartamenty.na.zdrojowej.w.świnoujściu', '{\"x\":\"Zobacz nasze apartamenty na Zdrojowej w \\u015awinouj\\u015bciu\",\"en\":\" See our apartments in Zdrojowa in \\u015awinouj\\u015bcie\",\"de\":\" Sehen Sie unsere Wohnungen in Zdrojowa in \\u015awinouj\\u015bcie\"}', 1),
(60, 'idealna.lokalizacja.w.dzielnicy.nadmorskiej.zaledwie.350.metrów.od.morza', '{\"x\":\"Idealna lokalizacja w dzielnicy nadmorskiej zaledwie 350 metr\\u00f3w od morza\",\"en\":\" Ideal location in the seaside district only 350 meters from the sea\",\"de\":\" Ideale Lage im K\\u00fcstenviertel, nur 350 Meter vom Meer entfernt\"}', 1),
(61, 'uroczystości', '{\"x\":\"Uroczysto\\u015bci\",\"en\":\" celebrations\",\"de\":\" Feierlichkeiten\"}', 1),
(62, 'biznes', '{\"x\":\"Biznes\",\"en\":\" Business\",\"de\":\"Buisness\"}', 1),
(63, 'szukasz.noclegu.nad.morzem.nasze.apartamenty.i.pokoje.są.nowoczesne.i.wygodne', '{\"x\":\"Szukasz noclegu nad morzem? Nasze apartamenty i pokoje s\\u0105 nowoczesne i wygodne.\",\"en\":\" Looking for accommodation by the sea? Our apartments and rooms are modern and comfortable.\",\"de\":\"Suchen Sie eine Unterkunft am Meer? Unsere Apartments und Zimmer sind modern und komfortabel.\"}', 1),
(64, 'apartamenty.123.pokojowe.położone.zaledwie.350.metrów.od.morza.tuż.obok.promenady.w.świnoujściu', '{\"x\":\"Apartamenty 1,2,3 pokojowe po\\u0142o\\u017cone zaledwie 350 metr\\u00f3w od morza tu\\u017c obok promenady w \\u015awinouj\\u015bciu.\",\"de\":\" 1,2,3-Zimmer-Apartments, nur 350 m vom Meer entfernt, neben der Promenade in \\u015awinouj\\u015bcie.\"}', 1),
(65, 'gdzie.zjeść.w.świnoujściu.kuchnia.włoska.albo.dobra.ryba.nad.morzem', '{\"x\":\"Gdzie zje\\u015b\\u0107 w \\u015awinouj\\u015bciu? Kuchnia w\\u0142oska, albo dobra ryba nad morzem?\",\"de\":\" Wo in \\u015awinouj\\u015bcie essen? Italienische K\\u00fcche oder guter Fisch am Meer?\",\"en\":\" Where to eat in \\u015awinouj\\u015bcie? Italian cuisine or good fish by the sea?\"}', 1),
(66, 'relaks.w.kameralnym.spa.nad.morzem.połącz.wypoczynek.nad.bałtykiem.z.zabiegami.spa', '{\"x\":\"Relaks w kameralnym spa nad morzem? Po\\u0142\\u0105cz wypoczynek nad Ba\\u0142tykiem z zabiegami spa.\",\"en\":\"Relax in an intimate spa by the sea? Combine rest on the Baltic Sea with spa treatments.\",\"de\":\" Entspannen Sie in einem intimen Spa am Meer? Kombinieren Sie Ruhe an der Ostsee mit Wellnessanwendungen.\"}', 1),
(67, 'szukasz.sali.na.weselem.chrzciny.komunie.lub.inne.przyjęcie.rodzinne', '{\"x\":\"Szukasz sali na weselem chrzciny, komunie lub inne przyj\\u0119cie rodzinne?\",\"en\":\" Are you looking for a wedding hall for baptisms, communions or other family parties?\",\"de\":\" Suchen Sie einen Hochzeitssaal f\\u00fcr Taufen, Kommunionen oder andere Familienfeiern?\"}', 1),
(68, 'chcesz.zorganizować.konferencję.szkolenie.spotkanie.firmowe.nad.morzem', '{\"x\":\"Chcesz zorganizowa\\u0107 konferencj\\u0119, szkolenie spotkanie firmowe nad morzem?\",\"de\":\" M\\u00f6chten Sie eine Konferenz, ein Training oder ein Unternehmenstreffen am Meer organisieren?\",\"en\":\" Do you want to organize a conference, training, company meeting by the sea?\"}', 1),
(69, 'skorzystaj.z.atrakcyjnych.pakietów.pobytowych', '{\"x\":\"Skorzystaj z atrakcyjnych pakiet\\u00f3w pobytowych\",\"en\":\" Take advantage of attractive stay packages\",\"de\":\" Nutzen Sie attraktive Aufenthaltspakete\"}', 1),
(70, 'parter', '{\"x\":\"(parter)\",\"en\":\"(ground floor)\",\"de\":\"(Erdgeschoss)\"}', 1),
(71, 'ul', '{\"x\":\"ul.\",\"en\":\"St.\",\"de\":\"Stra\\u00dfe\"}', 1),
(72, 'poniedziałek.piątek', '{\"x\":\"Poniedzia\\u0142ek - Pi\\u0105tek\",\"en\":\"Monday \\u2013 Friday \",\"de\":\"Montag \\u2013 Freitag \"}', 1),
(73, 'sobota.niedziela', '{\"x\":\"Sobota - Niedziela\",\"en\":\" Saturday Sunday\",\"de\":\"Samstag \\u2013 Sonntag\"}', 1),
(74, 'numery.kont', '{\"x\":\"Numery kont:\",\"en\":\" Account numbers:\",\"de\":\" Kontonummern:\"}', 1),
(75, 'konto.do.wpłat.w.pln', '{\"x\":\"Konto do wp\\u0142at w PLN\",\"en\":\" Account for payments in PLN\",\"de\":\" Konto f\\u00fcr Zahlungen in PLN\"}', 1),
(76, 'konto.do.wpłat.w.obcej.walucie', '{\"x\":\"Konto do wp\\u0142at w obcej walucie\",\"en\":\" Account for payments in a foreign currency\",\"de\":\" Konto f\\u00fcr Zahlungen in einer Fremdw\\u00e4hrung\"}', 1),
(77, 'imie', '{\"x\":\"Imie\",\"en\":\"Name\",\"de\":\" Name\"}', 1),
(78, 'numer.telefonu', '{\"x\":\"Numer Telefonu\",\"en\":\"Phone number:\",\"de\":\" Telefonnummer\"}', 1),
(79, 'email', '{\"x\":\"Email\"}', 1),
(80, 'wiadomość', '{\"x\":\"Wiadomo\\u015b\\u0107\",\"en\":\" Message\",\"de\":\" Botschaft\"}', 1),
(81, 'oświadczam.że.zapoznałem.się.z.ogólnymi.zasadami.przetwarzaniadanych.osobowych.inbspakceptuje', '{\"x\":\"o\\u015bwiadczam, \\u017ce zapozna\\u0142em si\\u0119 z og\\u00f3lnymi zasadami przetwarzaniadanych osobowych i&nbsp;akceptuje\",\"en\":\" I declare that I have read the general principles of personal data processing and I&nbsp;accept\",\"de\":\" Ich erkl\\u00e4re, dass ich die allgemeinen Grunds\\u00e4tze der Verarbeitung personenbezogener Daten gelesen habe und akzeptiere\"}', 1),
(82, 'politykę.cookie', '{\"x\":\"polityk\\u0119 cookie\",\"en\":\" cookie policy\",\"de\":\"Cookie-Richtlinie\"}', 1),
(83, 'wyślij', '{\"x\":\"Wy\\u015blij\",\"en\":\"send\",\"de\":\" Senden\"}', 1),
(84, 'od.250.pln.za.apartament', '{\"x\":\"od 250 pln za apartament\",\"en\":\" from 250 PLN per apartment\",\"de\":\"ab 250 PLN pro Apartment\"}', 1),
(85, 'biuro.apartamenty.zdrojowa', '{\"x\":\"Biuro APARTAMENTY ZDROJOWA\",\"de\":\" B\\u00fcro WOHNUNGEN RODO\",\"en\":\"Office APARTMENTS Zdrojowa\"}', 1),
(86, 'zapoznaj.się.z.ofertą.apartamentów.rondo', '{\"x\":\"Zapoznaj si\\u0119 z ofert\\u0105 Apartament\\u00f3w Rondo\",\"en\":\" See our apartments in Zdrojowa in \\u015awinouj\\u015bcie\",\"de\":\" Sehen Sie unsere Wohnungen in RONDO in \\u015awinouj\\u015bcie\"}', 1),
(87, 'idealna.lokalizacja.przy.parku.zdrojowym', '{\"x\":\"idealna lokalizacja przy Parku Zdrojowym\",\"en\":\" ideal location at the Zdroje Park\",\"de\":\" Ideale Lage im Zdroje Park\"}', 1),
(88, 'już.od.250.pln', '{\"x\":\"ju\\u017c od 250 pln\",\"en\":\" from 250 PLN\",\"de\":\" ab 250 PLN\"}', 1),
(89, 'rondo.bali.spa', '{\"x\":\"Rondo Bali SPA\"}', 1),
(90, 'gabinet.masażu.w.apartamentach.zdrojowa', '{\"x\":\"Gabinet masa\\u017cu w Apartamentach Zdrojowa\",\"en\":\" Massage room in the Zdrojowa Apartments\",\"de\":\" Massageraum in den Zdrojowa Apartments\"}', 1),
(91, 'apartamenty.zdrojowa.oferują.również.odprężenie.w.gabinecie.masażu.w.którym.zabiegi.wykonują.balijskie.masażystki', '{\"x\":\"Apartamenty Zdrojowa oferuj\\u0105 r\\u00f3wnie\\u017c odpr\\u0119\\u017cenie w gabinecie masa\\u017cu, w kt\\u00f3rym zabiegi wykonuj\\u0105 balijskie masa\\u017cystki.\",\"en\":\" Zdrojowa Apartments also offer relaxation in a massage parlor, in which treatments are performed by Balinese masseuses.\",\"de\":\" Die Zdrojowa Apartments bieten auch Entspannung in einem Massagesalon, in dem Behandlungen von balinesischen Masseurinnen durchgef\\u00fchrt werden.\"}', 1),
(92, 'pln', '{\"x\":\"pln\"}', 1),
(93, 'regulamin.rodo', '{\"x\":\"regulamin \\/ rodo\",\"en\":\" regulations \\/ rhodium\",\"de\":\" Vorschriften \\/ Rhodium\"}', 1),
(94, 'regulamin', '{\"x\":\"regulamin\",\"en\":\" regulations\",\"de\":\" Vorschriften\"}', 1),
(95, 'data.przyjazdu', '{\"x\":\"data przyjazdu\",\"en\":\" Arrival date\",\"de\":\" Ankunftsdatum\"}', 1),
(96, 'data.wyjazdu', '{\"x\":\"data wyjazdu\",\"en\":\" date of departure\",\"de\":\" Abreisedatum\"}', 1),
(97, 'szukaj', '{\"x\":\"Szukaj\",\"en\":\" Search\",\"de\":\" Suche\"}', 1),
(98, 'formularz.kontaktowy', '{\"x\":\"Formularz kontaktowy\",\"en\":\" Contact form\",\"de\":\" Kontakt Formular\"}', 1);

-- --------------------------------------------------------

--
-- Struktura tabeli dla tabeli `sessions`
--

CREATE TABLE `sessions` (
  `id` varchar(191) NOT NULL,
  `payload` text DEFAULT NULL,
  `last_activity` int(11) DEFAULT NULL,
  `user_id` int(10) UNSIGNED DEFAULT NULL,
  `ip_address` varchar(45) DEFAULT NULL,
  `user_agent` text DEFAULT NULL
) ENGINE=InnoDB DEFAULT CHARSET=utf8mb4 COLLATE=utf8mb4_unicode_ci;

-- --------------------------------------------------------

--
-- Struktura tabeli dla tabeli `ssi_apartamenty_amenities`
--

CREATE TABLE `ssi_apartamenty_amenities` (
  `id` int(10) UNSIGNED NOT NULL,
  `name` varchar(191) NOT NULL
) ENGINE=InnoDB DEFAULT CHARSET=utf8mb4 COLLATE=utf8mb4_unicode_ci;

--
-- Dumping data for table `ssi_apartamenty_amenities`
--

INSERT INTO `ssi_apartamenty_amenities` (`id`, `name`) VALUES
(7, 'duże łóżko'),
(8, 'telewizor'),
(9, 'stół z krzesłami'),
(10, 'elektryczna płyta grzewcza'),
(11, 'lodówka'),
(12, 'czajnik elektryczny'),
(13, 'zastawa stołowa'),
(14, 'komplet garnków'),
(15, 'sztućce'),
(16, 'duża szafa'),
(17, 'odkurzacz'),
(18, 'suszarka balkonowa'),
(19, 'żelazko i deska do prasowania'),
(20, 'prysznic'),
(21, 'suszarka do włosów'),
(22, 'pralka'),
(23, 'komplet pościeli'),
(24, 'komplet ręczników'),
(25, 'zwierzęta'),
(26, 'piekarnik'),
(27, 'zmywarka'),
(28, 'sauna'),
(29, 'jacuzzi'),
(30, 'chłodziarka do wina'),
(31, 'wanna');

-- --------------------------------------------------------

--
-- Struktura tabeli dla tabeli `ssi_apartamenty_apartments`
--

CREATE TABLE `ssi_apartamenty_apartments` (
  `id` int(10) UNSIGNED NOT NULL,
  `created_at` timestamp NULL DEFAULT NULL,
  `updated_at` timestamp NULL DEFAULT NULL,
  `deleted_at` timestamp NULL DEFAULT NULL,
  `name` varchar(191) NOT NULL,
  `description` text NOT NULL,
  `price` int(11) DEFAULT NULL,
  `slug` varchar(191) NOT NULL,
  `max_guests` int(11) NOT NULL,
  `hotres_tag` varchar(191) DEFAULT NULL
) ENGINE=InnoDB DEFAULT CHARSET=utf8mb4 COLLATE=utf8mb4_unicode_ci;

--
-- Dumping data for table `ssi_apartamenty_apartments`
--

INSERT INTO `ssi_apartamenty_apartments` (`id`, `created_at`, `updated_at`, `deleted_at`, `name`, `description`, `price`, `slug`, `max_guests`, `hotres_tag`) VALUES
(1, '2020-03-19 08:47:46', '2020-04-03 14:22:37', '2020-04-03 14:22:37', 'Celebration time', '<p>Brunch truffaut snackwave tofu sartorial tacos affogato gluten-free authentic meggings echo park. Trust fund neutra fanny pack pickled roof party, gentrify chambray 3 wolf moon cold-pressed tumeric umami small batch street art kombucha photo booth. Everyday carry tattooed sriracha quinoa air plant. Helvetica lomo ugh, forage food truck selfies live-edge pork belly truffaut wolf fam heirloom polaroid farm-to-table VHS. Drinking vinegar irony VHS umami stumptown.</p>', 299, 'celebration-time', 4, NULL),
(2, '2020-03-25 14:11:21', '2020-04-03 14:22:37', '2020-04-03 14:22:37', 'Testowy apartament', '<p>Lorem ipsum dolor sit amet, consectetur adipisicing elit. Numquam pariatur rem repellendus sint sunt! Accusamus excepturi labore laboriosam nam perferendis perspiciatis suscipit ullam voluptate voluptatem? Culpa, dignissimos doloribus esse explicabo facere impedit ipsa ipsam iste itaque iusto libero maiores mollitia non quia quod ratione repudiandae, sequi sunt tenetur vero voluptatum!</p>', 500, 'testowy-apartament', 8, NULL),
(3, '2020-04-01 10:10:12', '2020-04-03 14:22:37', '2020-04-03 14:22:37', 'test2pl', '<p>pl</p>', 88, 'test2pl', 8, NULL),
(4, '2020-04-03 14:10:46', '2020-05-11 12:42:40', '2020-05-11 12:42:40', 'Apartament 2-osobowy standard', '<p>Nowoczesny jednopokojowy apartament z aneksem kuchennym. Standardowe apartamenty składają się z salonu z aneksem kuchennym oraz łazienki. Wyposażone są w duże łóżko, stolik kawowy, stół z krzesłami, telewizor.</p>\r\n\r\n<p>Aneks kuchenny umożliwia przygotowywanie posiłków, wyposażony jest w elektryczną płytę grzewczą, lodówkę, czajnik elektryczny, zastawę stołową, komplet garnków oraz sztućce.</p>\r\n\r\n<p>Szafa w korytarzu mieści odkurzacz, suszarkę balkonową, wiadro z mopem, deskę do prasowania i żelazko. Będzie tez doskonałym miejscem do przechowywania walizek i bagaży.</p>\r\n\r\n<p>Duża i komfortowa łazienka jest wyposażona jest w prysznic, suszarkę do włosów oraz pralkę.</p>\r\n\r\n<p>W każdym apartamencie znajduje się również komplet pościeli oraz ręczników.&nbsp;</p>\r\n\r\n<p>\r\n	<br>\r\n</p>', 180, 'apartament-2-osobowy-standard', 2, 'standard'),
(5, '2020-04-03 14:26:58', '2020-05-11 12:42:40', '2020-05-11 12:42:40', 'Apartament 2-osobowy standard plus', '<p>Apartamenty w standardzie plus składają się z salonu z aneksem kuchennym oraz łazienki. W salonie znajduje się duże wygodne łóżko, rozkładana kanapa, stolik kawowy, stół z krzesłami, telewizor.&nbsp;</p>\r\n\r\n<p>Aneks kuchenny wyposażony jest w elektryczną płytę grzewczą, lodówkę, czajnik elektryczny, zastawę stołową, komplet garnków oraz sztućce.</p>\r\n\r\n<p>Szafa w korytarzu mieści odkurzacz, suszarkę balkonową, wiadro z mopem, deskę do prasowania i żelazko. Będzie tez doskonałym miejscem do przechowywania walizek i bagaży.</p>\r\n\r\n<p>Duża i komfortowa łazienka jest wyposażona w prysznic, suszarkę do włosów oraz pralkę.</p>\r\n\r\n<p>Apartament gwarantuje komfortowy pobyt dla 2-4 osób.</p>\r\n\r\n<p>W każdym apartamencie się również komplety pościeli oraz ręczników.&nbsp;</p>\r\n\r\n<p>Zwierzęta domowe są mile widziane, ich pobyt wiąże się z dodatkową opłatą.</p>\r\n\r\n<p>\r\n	<br>\r\n</p>\r\n\r\n<p>\r\n	<br>\r\n</p>', 200, 'apartament-2-osobowy-standard-plus', 4, 'standardplus'),
(6, '2020-04-03 14:50:28', '2020-05-11 12:42:40', '2020-05-11 12:42:40', 'Apartament 2-pokojowy', '<p>Nowoczesny dwupokojowy apartament składa się z sypialni, salonu z aneksem kuchennym oraz łazienki.</p>\r\n\r\n<p>Wygodny sen zapewni wygodne szerokie łóżko.</p>\r\n\r\n<p>W salonie znajduje się rozkładana kanapa, stolik kawowy, stół z krzesłami, telewizor.&nbsp;</p>\r\n\r\n<p>Aneks kuchenny wyposażony jest w elektryczną płytę grzewczą, lodówkę, czajnik elektryczny, zastawę stołową, komplet garnków oraz sztućce.</p>\r\n\r\n<p>Szafa w korytarzu mieści odkurzacz, suszarkę balkonową, wiadro z mopem, deskę do prasowania i żelazko. Będzie tez doskonałym miejscem do przechowywania walizek i bagaży. Dodatkowo w apartamencie znajduje się szafa na garderobę.</p>\r\n\r\n<p>Duża i komfortowa łazienka jest wyposażona w prysznic, suszarkę do włosów oraz pralkę.</p>\r\n\r\n<p>Apartament gwarantuje komfortowy pobyt dla 2-4 osób.</p>\r\n\r\n<p>W każdym apartamencie się również komplety pościeli oraz ręczników.&nbsp;</p>\r\n\r\n<p>Zwierzęta domowe są mile widziane, ich pobyt wiąże się z dodatkową opłatą.</p>', 255, 'apartament-2-pokojowy', 4, '2pokojowy'),
(7, '2020-04-03 14:57:26', '2020-05-11 12:42:40', '2020-05-11 12:42:40', 'Apartament 2-pokojowy Deluxe', '<p>Nowoczesny apartament składa się z sypialni, łazienki, salonu z aneksem kuchennym wyposażonym w zmywarkę oraz piekarnik.&nbsp;</p>\r\n\r\n<p>Dobry sen zapewni wygodne duże łóżko.</p>\r\n\r\n<p>W salonie są dwie rozkładane kanapy, stolik kawowy, stół z krzesłami, telewizor.&nbsp;</p>\r\n\r\n<p>Aneks kuchenny wyposażony jest w elektryczną płytę grzewczą, lodówkę, czajnik elektryczny, zastawę stołową, komplet garnków oraz sztućce.</p>\r\n\r\n<p>Szafa w korytarzu mieści odkurzacz, suszarkę balkonową, wiadro z mopem, deskę do prasowania i żelazko. Będzie tez doskonałym miejscem do przechowywania walizek i bagaży. Dodatkowo w apartamencie znajduje się szafa na garderobę.</p>\r\n\r\n<p>Duża i komfortowa łazienka jest wyposażona w prysznic, suszarkę do włosów, toaletę oraz pralkę.</p>\r\n\r\n<p>Apartament gwarantuje komfortowy pobyt dla 2-4 osób.</p>\r\n\r\n<p>W każdym apartamencie się również komplety pościeli oraz ręczników.&nbsp;</p>\r\n\r\n<p>Zwierzęta domowe są mile widziane, ich pobyt wiąże się z dodatkową opłatą.</p>', 260, 'apartament-2-pokojowy-deluxe', 4, '2pokojowydeluxe'),
(8, '2020-04-03 15:07:13', '2020-05-11 12:42:40', '2020-05-11 12:42:40', 'Superior', '<p>Nowoczesny trzypokojowy apartament składa się z salonu z aneksem kuchennym, garderoby, łazienki oraz dwóch sypialni.</p>\r\n\r\n<p>W salonie znajduje się kanapa, stolik kawowy, fotel, stół z krzesłami oraz telewizor.</p>\r\n\r\n<p>Aneks kuchenny wyposażony jest w piekarnik, zmywarkę, elektryczną płytę grzewczą, lodówkę, czajnik elektryczny, zastawę stołową, komplet garnków oraz sztućce.</p>\r\n\r\n<p>Garderoba mieści odkurzacz, suszarkę balkonową, wiadro z mopem, deskę do prasowania i żelazko. Będzie tez doskonałym miejscem do przechowywania walizek i bagaży.</p>\r\n\r\n<p>Mniejszy pokój posiada rozkładaną kanapę, pojemną szafę oraz biurko. Może być wykorzystana jako sypialnia lub gabinet.</p>\r\n\r\n<p>W głównej sypialni jest komfortowe łóżko. Jest również pojemna szafa.&nbsp;</p>\r\n\r\n<p>Duża i komfortowa łazienka jest wyposażona w prysznic, suszarkę do włosów, toaletę oraz pralkę.</p>\r\n\r\n<p>Apartament gwarantuje komfortowy pobyt dla 2-6 osób.</p>\r\n\r\n<p>Dodatkowo apartament ma wyjście do ogródka od wewnętrznej strony budynku.</p>\r\n\r\n<p>W każdym apartamencie są komplety pościeli oraz ręczników.&nbsp;</p>\r\n\r\n<p>Zwierzęta domowe są mile widziane, ich pobyt wiąże się z dodatkową opłatą.</p>', 355, 'superior', 6, 'superior'),
(9, '2020-04-03 15:15:53', '2020-05-11 12:42:40', '2020-05-11 12:42:40', 'Penthouse Black', '<p>Luksusowy apartament o powierzchni 135 m2 składa się z salonu z aneksem kuchennym, trzech sypialni dwóch łazienek oraz strefy relaksu.&nbsp;</p>\r\n\r\n<p>W salonie mieści się duża rozkładana sofa, telewizor z nagłośnieniem oraz stół z krzesłami.&nbsp;</p>\r\n\r\n<p>Aneks kuchenny wyposażony jest w piekarnik, lodówkę, elektryczną płytę grzewczą, kuchenkę mikrofalową, zmywarkę, chłodziarkę do wina, czajnik elektryczny, opiekacz, zastawę stołową, komplet garnków i sztućce.</p>\r\n\r\n<p>Mniejszy pokój posiada rozkładaną kanapę, pojemną szafę oraz biurko. Może zatem służyć zarówno jako sypialnia lub gabinet.</p>\r\n\r\n<p>Drugi pokój ma wygodne łóżko oraz dużą szafę.</p>\r\n\r\n<p>W głównej sypialni, poza dużym łóżkiem i szafą, znajduje się również biurko, fotel oraz telewizor. &nbsp;</p>\r\n\r\n<p>Duża i komfortowa łazienka jest wyposażona w prysznic, suszarkę do włosów oraz pralkę.</p>\r\n\r\n<p>Strefa relaksu to miejsce prywatnego jacuzzi, sauny oraz drugiej łazienki.</p>\r\n\r\n<p>Apartament otoczony jest tarasem, na który można się dostać z każdego pomieszczenia i skorzystać z leżaków oraz stołu z krzesłami.</p>\r\n\r\n<p>Apartament gwarantuje komfortowy pobyt dla 2-8 osób.</p>\r\n\r\n<p>W każdym apartamencie się również komplety pościeli oraz ręczników.&nbsp;</p>\r\n\r\n<p>Zwierzęta domowe są mile widziane, ich pobyt wiąże się z dodatkową opłatą.</p>\r\n\r\n<p>Na wyposażeniu apartamentu jest odkurzacz, suszarka balkonowa, wiadro z mopem, deska do prasowania i żelazko.&nbsp;</p>\r\n\r\n<p>\r\n	<br>\r\n</p>', 900, 'penthouse-black', 8, 'penthouseblack'),
(10, '2020-04-06 14:58:01', '2020-05-11 12:42:40', '2020-05-11 12:42:40', 'Penthouse Grey', '<p>Luksusowy apartament o powierzchni 80 m2 składa się z salonu z aneksem kuchennym, sypialni z garderobą oraz dwóch łazienek.</p>\r\n\r\n<p>W salonie jest duża rozkładana sofa, telewizor, stół z krzesłami oraz pojemna szafa. Przy salonie znajduje się również dodatkowa toaleta.</p>\r\n\r\n<p>Aneks kuchenny wyposażony jest w piekarnik, lodówkę, elektryczną płytę grzewczą, kuchenkę mikrofalową, zmywarkę, chłodziarkę do wina, czajnik elektryczny, opiekacz, zastawę stołową, komplet garnków i sztućce.&nbsp;</p>\r\n\r\n<p>Salon od aneksu kuchennego oddziela wyspa z dwoma wysokimi krzesłami.</p>\r\n\r\n<p>Sypialnia posiada duże wygodne łóżko, fotel oraz telewizor. Z sypialni jest bezpośrednie przejście do garderoby, w której znajduje się również pralka. W łazience przy sypialni jest prysznic oraz wanna z hydromasażem.</p>\r\n\r\n<p>Garderoba mieści odkurzacz, suszarkę balkonową, wiadro z mopem, deskę do prasowania i żelazko. Pomieści również bagaże.</p>\r\n\r\n<p>Cały apartament otoczony jest tarasem, na który można się dostać z każdego pomieszczenia i skorzystać z leżaków oraz stołu z krzesłami.</p>\r\n\r\n<p>Apartament gwarantuje komfortowy pobyt dla 2-4 osób.</p>\r\n\r\n<p>W każdym apartamencie są komplety pościeli oraz ręczników.&nbsp;</p>\r\n\r\n<p>Zwierzęta domowe są mile widziane, ich pobyt wiąże się z dodatkową opłatą.</p>\r\n\r\n<p>\r\n	<br>\r\n</p>', 540, 'penthouse-grey', 4, 'penthouse-grey'),
(11, '2020-04-06 15:03:02', '2020-05-11 12:42:40', '2020-05-11 12:42:40', 'Mini Penthouse Honey', '<p>Luksusowy apartament składa się z salonu z aneksem kuchennym, łazienki oraz garderoby.</p>\r\n\r\n<p>W salonie jest wygodne łóżko, fotel, stół z krzesłami, telewizor oraz pojemna szafa.</p>\r\n\r\n<p>Aneks kuchenny wyposażony jest w piekarnik, lodówkę, elektryczną płytę grzewczą, mikrofalę, zmywarkę, czajnik elektryczny, opiekacz, zastawę stołową, komplet garnków i sztućce.&nbsp;</p>\r\n\r\n<p>Duża i komfortowa łazienka jest wyposażona w prysznic, suszarkę do włosów oraz pralkę.</p>\r\n\r\n<p>Apartament posiada wyjście na taras.</p>\r\n\r\n<p>Garderoba mieści odkurzacz, suszarkę balkonową, wiadro z mopem, deskę do prasowania i żelazko. Pomieści również bagaże.</p>\r\n\r\n<p>Apartament gwarantuje komfortowy pobyt 2 osób.</p>\r\n\r\n<p>W każdym apartamencie są komplety pościeli oraz ręczników.&nbsp;</p>\r\n\r\n<p>Zwierzęta domowe są mile widziane, ich pobyt wiąże się z dodatkową opłatą.</p>', 235, 'mini-penthouse-honey', 2, 'mini-penthouse-honey'),
(12, '2020-04-06 15:42:13', '2020-05-11 12:42:40', '2020-05-11 12:42:40', 'Apartament standard w kompleksie', '<p>Nowoczesny jednopokojowy apartament usytuowany w budynku przylegającym do hotelu.</p>\r\n\r\n<p>Apartament składa się z salonu z aneksem kuchennym oraz łazienki.</p>\r\n\r\n<p>W salonie znajduje się duże łóżko, rozkładana kanapa, stolik kawowy, stół z krzesłami, telewizor.&nbsp;</p>\r\n\r\n<p>Aneks kuchenny wyposażony jest w elektryczną płytę grzewczą, lodówkę, czajnik elektryczny, zastawę stołową, komplet garnków oraz sztućce.</p>\r\n\r\n<p>Szafa w korytarzu mieści odkurzacz, suszarkę balkonową, wiadro z mopem, deskę do prasowania i żelazko. Pomieści również bagaże.</p>\r\n\r\n<p>Duża i komfortowa łazienka jest wyposażona w prysznic, suszarkę do włosów oraz pralkę.</p>\r\n\r\n<p>Apartament gwarantuje komfortowy pobyt 2-4 osób.</p>\r\n\r\n<p>W każdym apartamencie są komplety pościeli oraz ręczników.&nbsp;</p>\r\n\r\n<p>Zwierzęta domowe są mile widziane, ich pobyt wiąże się z dodatkową opłatą.</p>', 160, 'apartament-standard-w-kompleksie', 4, 'apartament-standard-w-kompleksie'),
(13, '2020-04-06 16:42:13', '2020-05-11 12:42:40', '2020-05-11 12:42:40', 'Apartament 2-pokojowy w kompleksie', '<p>Nowoczesny dwupokojowy apartament usytuowany w budynku przylegającym do hotelu.</p>\r\n\r\n<p>Apartament składa się z sypialni, salonu z aneksem kuchennym oraz łazienki.</p>\r\n\r\n<p>W sypialni jest duże łóżko oraz pojemna szafa.</p>\r\n\r\n<p>W salonie jest rozkładana kanapa, stolik kawowy, stół z krzesłami, telewizor.&nbsp;</p>\r\n\r\n<p>Aneks kuchenny wyposażony jest w elektryczną płytę grzewczą, lodówkę, czajnik elektryczny, zastawę stołową, komplet garnków oraz sztućce.</p>\r\n\r\n<p>Szafa w korytarzu mieści odkurzacz, suszarkę balkonową, wiadro z mopem, deskę do prasowania i żelazko. Pomieści również bagaże.</p>\r\n\r\n<p>Duża i komfortowa łazienka jest wyposażona w prysznic, suszarkę do włosów oraz pralkę.</p>\r\n\r\n<p>Apartament gwarantuje komfortowy pobyt 2-4 osób.</p>\r\n\r\n<p>W każdym apartamencie jest komplet pościeli oraz ręczników.&nbsp;</p>\r\n\r\n<p>Zwierzęta domowe są mile widziane, ich pobyt wiąże się z dodatkową opłatą.</p>', 235, 'apartament-2-pokojowy-w-kompleksie', 4, 'apartament-2-pokojowy-w-kompleksie'),
(14, '2020-04-06 17:01:20', '2020-05-11 12:42:40', '2020-05-11 12:42:40', 'Apartament standard plus w kompleksie', '<p>Nowoczesny jednopokojowy apartament usytuowany w budynku przylegającym do hotelu.</p>\r\n\r\n<p>Apartament składa się z salonu z aneksem kuchennym oraz łazienki.</p>\r\n\r\n<p>W salonie znajduje się duże łóżko, rozkładana kanapa, stolik kawowy, stół z krzesłami, telewizor.&nbsp;</p>\r\n\r\n<p>Aneks kuchenny wyposażony jest w elektryczną płytę grzewczą, lodówkę, czajnik elektryczny, zastawę stołową, komplet garnków oraz sztućce.</p>\r\n\r\n<p>Szafa w korytarzu mieści odkurzacz, suszarkę balkonową, wiadro z mopem, deskę do prasowania i żelazko. Pomieści również bagaże.</p>\r\n\r\n<p>Duża i komfortowa łazienka jest wyposażona w prysznic, suszarkę do włosów oraz pralkę.</p>\r\n\r\n<p>Apartament gwarantuje komfortowy pobyt 2-4 osób.</p>\r\n\r\n<p>W każdym apartamencie są komplety pościeli oraz ręczników.&nbsp;</p>\r\n\r\n<p>Zwierzęta domowe są mile widziane, ich pobyt wiąże się z dodatkową opłatą.</p>\r\n\r\n<p>\r\n	<br>\r\n</p>', 180, 'apartament-standard-plus-w-kompleksie', 4, 'apartament-standard-plus-w-kompleksie'),
(15, '2020-04-14 18:46:45', '2020-05-11 12:42:40', '2020-05-11 12:42:40', 'Apartament typu studio w kompleksie', '<p>Nowoczesny dwupokojowy apartament usytuowany w budynku przylegającym do hotelu, który wyróżnia się na tle pozostałych niebanalnym designem.</p>\r\n\r\n<p>Apartament składa się z małej choć stylowej sypialni, salonu z aneksem kuchennym oraz łazienki.</p>\r\n\r\n<p>W sypialni jest duże łóżko oraz pojemna szafa.</p>\r\n\r\n<p>W salonie jest rozkładana kanapa, stolik kawowy, stół z krzesłami, telewizor.&nbsp;</p>\r\n\r\n<p>Aneks kuchenny wyposażony jest w elektryczną płytę grzewczą, lodówkę, czajnik elektryczny, zastawę stołową, komplet garnków oraz sztućce.</p>\r\n\r\n<p>Szafa w korytarzu mieści odkurzacz, suszarkę balkonową, wiadro z mopem, deskę do prasowania i żelazko. Pomieści również bagaże.</p>\r\n\r\n<p>Duża i komfortowa łazienka jest wyposażona w prysznic, suszarkę do włosów oraz pralkę.</p>\r\n\r\n<p>Apartament gwarantuje komfortowy pobyt 2-4 osób.</p>\r\n\r\n<p>W każdym apartamencie jest komplet pościeli oraz ręczników.&nbsp;</p>\r\n\r\n<p>Zwierzęta domowe są mile widziane, ich pobyt wiąże się z dodatkową opłatą.</p>\r\n\r\n<p>\r\n	<br>\r\n</p>', 235, 'apartament-typu-studio-w-kompleksie', 4, 'apartament-typu-studio-w-kompleksie'),
(16, '2020-05-11 12:49:08', '2020-05-22 11:35:00', NULL, 'Apartament 1-pokojowy standard', '<p>Apartament o powierzchni 30m<sup>2</sup> składa się z salonu z aneksem kuchennym. W salonie znajdują się dwie rozkładane kanapy, co zapewnia komfortowy pobyt zarówno dwóch jak i czterech osób.</p>\r\n\r\n<p>Aneks kuchenny wyposażony w elektryczną płytę grzewczą, lodówkę, czajnik elektryczny, zastawę stołową, komplet garnków i sztućce umożliwi przygotowanie posiłków.</p>\r\n\r\n<p>Apartament wyposażony jest również w stół z krzesłami, telewizor oraz pojemną szafę, w której mieści się odkurzacz, suszarka balkonowa, wiadro z mopem, deska do prasowania oraz żelazko. Będzie również doskonałym miejscem do przechowywania walizek i bagaży.</p>\r\n\r\n<p>Każdy z apartamentów posiada balkon lub wyjście na własny ogródek.</p>\r\n\r\n<p>W łazience znajduje się prysznic, suszarka do włosów oraz pralka.</p>\r\n\r\n<p>Na wyposażeniu każdego apartamentu znajduje się komplet pościeli oraz ręczników.</p>\r\n\r\n<p>Zwierzęta domowe są mile widziane, ich pobyt wiąże się z dodatkową opłatą.</p>\r\n\r\n<p>\r\n	<br>\r\n</p>', 240, 'apartament-1-pokojowy-standard', 4, 'jednopokojowy'),
(17, '2020-05-11 12:51:20', '2020-05-24 11:45:34', NULL, 'Apartament 1-pokojowy standard plus', '<p>Apartament o powierzchni 40m<sup>2</sup> składa się z salonu z aneksem kuchennym. W salonie znajdują się dwie rozkładane kanapy, co zapewnia komfortowy pobyt zarówno dwóch jak i czterech osób.</p>\r\n\r\n<p>Aneks kuchenny wyposażony w elektryczną płytę grzewczą, lodówkę, czajnik elektryczny, zastawę stołową, komplet garnków i sztućce umożliwi przygotowanie posiłków.</p>\r\n\r\n<p>Apartament wyposażony jest również w stół z krzesłami, telewizor oraz pojemną szafę, w której mieści się odkurzacz, suszarka balkonowa, wiadro z mopem, deska do prasowania oraz żelazko. Będzie również doskonałym miejscem do przechowywania walizek i bagaży.</p>\r\n\r\n<p>Każdy z apartamentów posiada balkon lub wyjście na ogródek.</p>\r\n\r\n<p>W łazience znajduje się prysznic, suszarka do włosów oraz pralka.</p>\r\n\r\n<p>Na wyposażeniu każdego apartamentu znajduje się komplet pościeli oraz ręczników.</p>\r\n\r\n<p>Zwierzęta domowe są mile widziane, ich pobyt wiąże się z dodatkową opłatą.</p>\r\n\r\n<p>\r\n	<br>\r\n</p>', 260, 'apartament-1-pokojowy-standard-plus', 4, 'stdjpk'),
(18, '2020-05-11 12:52:44', '2020-07-06 08:46:05', NULL, 'Apartament 2-pokojowy', '<p>Apartament o powierzchni 45m<sup>2</sup> składa się z salonu z aneksem kuchennym oraz sypialni. W sypialni znajduje się duże łóżko, dodatkowo w salonie jest również rozkładana kanapa, dzięki czemu apartament zapewni komfortowy pobyt do 4 osób.</p>\r\n\r\n<p>Aneks kuchenny wyposażony w elektryczną płytę grzewczą, lodówkę, zmywarkę, czajnik elektryczny, zastawę stołową, komplet garnków i sztućce umożliwi przygotowanie posiłków.</p>\r\n\r\n<p>Apartament wyposażony jest również w stół z krzesłami, telewizor oraz pojemną szafę, w której mieści się odkurzacz, suszarka balkonowa, wiadro z mopem, deska do prasowania oraz żelazko. Będzie również doskonałym miejscem do przechowywania walizek i bagaży.</p>\r\n\r\n<p>Każdy z apartamentów posiada balkon.</p>\r\n\r\n<p>W łazience znajduje się prysznic, suszarka do włosów oraz pralka.</p>\r\n\r\n<p>Na wyposażeniu każdego apartamentu znajduje się komplet pościeli oraz ręczników.</p>\r\n\r\n<p>Zwierzęta domowe są mile widziane, ich pobyt wiąże się z dodatkową opłatą.</p>\r\n\r\n<p>\r\n	<br>\r\n</p>', 280, 'apartament-2-pokojowy', 4, '2pokojowy'),
(19, '2020-05-11 12:54:16', '2020-05-22 12:35:04', NULL, 'Apartament 2-pokojowy Comfort', '<p>Apartament o powierzchni 50m<sup>2</sup> składa się z salonu z aneksem kuchennym oraz sypialni. W salonie znajdują się dwie rozkładane kanapy, co zapewnia komfortowy pobyt zarówno dwóch jak i czterech osób.</p>\r\n\r\n<p>Aneks kuchenny wyposażony w elektryczną płytę grzewczą, lodówkę, czajnik elektryczny, zastawę stołową, komplet garnków i sztućce umożliwi przygotowanie posiłków. W części apartamentów na wyposażeniu znajduje się również zmywarka.</p>\r\n\r\n<p>Apartament wyposażony jest również w stół z krzesłami, telewizor oraz pojemną szafę, w której mieści się odkurzacz, suszarka balkonowa, wiadro z mopem, deska do prasowania oraz żelazko. Będzie również doskonałym miejscem do przechowywania walizek i bagaży.</p>\r\n\r\n<p>Każdy z apartamentów posiada balkon.</p>\r\n\r\n<p>W łazience znajduje się prysznic, suszarka do włosów oraz pralka.</p>\r\n\r\n<p>Na wyposażeniu każdego apartamentu znajduje się komplet pościeli oraz ręczników.</p>\r\n\r\n<p>Zwierzęta domowe są mile widziane, ich pobyt wiąże się z dodatkową opłatą.</p>', 300, 'apartament-2-pokojowy-comfort', 4, 'comfortdwupokojowy'),
(20, '2020-05-11 12:56:11', '2020-05-22 12:59:39', NULL, 'Apartament 3-pokojowy Superior', '<p>Apartament o powierzchni 56 m<sup>2</sup> składa się z salonu z aneksem kuchennym oraz dwóch sypialni. W salonie znajduje się rozkładana kanapa, telewizor oraz stół z krzesłami.</p>\r\n\r\n<p>Aneks kuchenny wyposażony w elektryczną płytę grzewczą, lodówkę, czajnik elektryczny, zastawę stołową, komplet garnków i sztućce umożliwi przygotowanie posiłków.</p>\r\n\r\n<p>W pierwszej sypialni znajduje się szerokie łóżko, w drugiej natomiast rozkładana kanapa.</p>\r\n\r\n<p>Apartament wyposażony jest również w pojemną szafę, w której mieści się odkurzacz, suszarka balkonowa, wiadro z mopem, deska do prasowania oraz żelazko. Będzie również doskonałym miejscem do przechowywania walizek i bagaży.</p>\r\n\r\n<p>Każdy z apartamentów posiada balkon.</p>\r\n\r\n<p>W łazience znajduje się prysznic, suszarka do włosów oraz pralka.</p>\r\n\r\n<p>Na wyposażeniu każdego apartamentu znajduje się komplet pościeli oraz ręczników.</p>\r\n\r\n<p>Zwierzęta domowe są mile widziane, ich pobyt wiąże się z dodatkową opłatą.</p>\r\n\r\n<p>\r\n	<br>\r\n</p>', 320, 'apartament-3-pokojowy-superior', 6, 'trzypokojowesuperior'),
(21, '2020-05-11 12:57:32', '2020-07-06 08:49:08', NULL, 'Apartament II poziomowy Comfort', '<p>Apartament o powierzchni 75 m<sup>2</sup> składa się z dwóch pięter. Na pierwszym piętrze mieści się pokój z dwoma rozkładanymi kanapami oraz aneksem kuchennym i osobna łazienka z prysznicem i pralką.</p>\r\n\r\n<p>Na drugim piętrze położone są dwa pokoje oraz dwie łazienki.</p>\r\n\r\n<p>W pierwszym pokoju znajduje się duże łóżko oraz aneks kuchenny.</p>\r\n\r\n<p>Drugi pokój posiada dwa duże łóżka oraz rozkładaną kanapę, również jest wyposażony w aneks kuchenny.</p>\r\n\r\n<p>Każdy z aneksów wyposażony jest w elektryczną płytę grzewczą, lodówkę, czajnik elektryczny, zastawę stołową, komplet garnków i sztućce umożliwi przygotowanie posiłków.</p>\r\n\r\n<p>Apartament wyposażony jest również w stół z krzesłami, telewizor oraz pojemną szafę, w której mieści się odkurzacz, suszarka balkonowa, wiadro z mopem, deska do prasowania oraz żelazko. Będzie również doskonałym miejscem do przechowywania walizek i bagaży. </p>\r\n\r\n<p>Apartament zapewnia komfortowy pobyt do 8 osób.</p>\r\n\r\n<p>Na wyposażeniu każdego apartamentu znajduje się komplet pościeli oraz ręczników.</p>\r\n\r\n<p>Zwierzęta domowe są mile widziane, ich pobyt wiąże się z dodatkową opłatą.</p>\r\n\r\n<p>\r\n	<br>\r\n</p>', 350, 'apartament-ii-poziomowy-comfort', 8, 'dwupoziomowycomfort'),
(22, '2020-05-11 12:59:33', '2020-06-03 13:55:38', NULL, 'Apartament II poziomowy Deluxe', '<p>Apartament o powierzchni 85 m<sup>2</sup> składa się z dwóch pięter, na pierwszym znajduje się sypialnia oraz łazienka z prysznicem i pralką. Na drugim piętrze umiejscowione są dwa pokoje: salon z aneksem kuchennym oraz sypialnia.</p>\r\n\r\n<p>W salonie znajdują się dwie rozkładane kanapy, telewizor, stół z krzesłami oraz wyjście na taras.</p>\r\n\r\n<p>Aneks kuchenny wyposażony jest w elektryczną płytę grzewczą, zmywarkę, piekarnik, lodówkę, czajnik elektryczny, zastawę stołową, komplet garnków i sztućce umożliwi przygotowanie posiłków.</p>\r\n\r\n<p>W sypialni mieści się duże łóżko oraz szafa.</p>\r\n\r\n<p>Łazienka na piętrze posiada zarówno prysznic jak i wannę.</p>\r\n\r\n<p>W korytarzu na pierwszym piętrze znajduje się pojemna szafa, w której mieści się odkurzacz, suszarka balkonowa, wiadro z mopem, deska do prasowania oraz żelazko. Będzie również doskonałym miejscem do przechowywania walizek i bagaży.</p>\r\n\r\n<p>Apartament zapewnia komfortowy pobyt do 8 osób.</p>\r\n\r\n<p>Na wyposażeniu każdego apartamentu znajduje się komplet pościeli oraz ręczników.</p>\r\n\r\n<p>Zwierzęta domowe są mile widziane, ich pobyt wiąże się z dodatkową opłatą.</p>\r\n\r\n<p>\r\n	<br>\r\n</p>', 380, 'apartament-ii-poziomowy-deluxe', 8, 'deluxedwupoziomowy');

-- --------------------------------------------------------

--
-- Struktura tabeli dla tabeli `ssi_apartamenty_apartments_amenities`
--

CREATE TABLE `ssi_apartamenty_apartments_amenities` (
  `apartment_id` int(11) NOT NULL,
  `amenity_id` int(11) NOT NULL
) ENGINE=InnoDB DEFAULT CHARSET=utf8mb4 COLLATE=utf8mb4_unicode_ci;

--
-- Dumping data for table `ssi_apartamenty_apartments_amenities`
--

INSERT INTO `ssi_apartamenty_apartments_amenities` (`apartment_id`, `amenity_id`) VALUES
(1, 1),
(1, 2),
(1, 4),
(1, 5),
(1, 3),
(1, 6),
(2, 4),
(2, 5),
(2, 6),
(3, 1),
(4, 12),
(4, 19),
(4, 16),
(4, 7),
(4, 10),
(4, 14),
(4, 23),
(4, 24),
(4, 11),
(4, 17),
(4, 22),
(4, 20),
(4, 9),
(4, 18),
(4, 21),
(4, 15),
(4, 8),
(4, 13),
(4, 25),
(5, 12),
(5, 16),
(5, 7),
(5, 10),
(5, 14),
(5, 23),
(5, 24),
(5, 11),
(5, 17),
(5, 22),
(5, 20),
(5, 9),
(5, 18),
(5, 21),
(5, 15),
(5, 8),
(5, 13),
(5, 19),
(5, 25),
(6, 12),
(6, 16),
(6, 7),
(6, 10),
(6, 14),
(6, 23),
(6, 24),
(6, 11),
(6, 17),
(6, 22),
(6, 20),
(6, 9),
(6, 18),
(6, 21),
(6, 15),
(6, 8),
(6, 13),
(6, 19),
(6, 25),
(7, 12),
(7, 16),
(7, 7),
(7, 10),
(7, 14),
(7, 23),
(7, 24),
(7, 11),
(7, 17),
(7, 26),
(7, 22),
(7, 20),
(7, 9),
(7, 18),
(7, 21),
(7, 15),
(7, 8),
(7, 13),
(7, 19),
(7, 25),
(8, 12),
(8, 16),
(8, 7),
(8, 10),
(8, 14),
(8, 23),
(8, 24),
(8, 11),
(8, 17),
(8, 26),
(8, 22),
(8, 20),
(8, 9),
(8, 18),
(8, 21),
(8, 15),
(8, 8),
(8, 13),
(8, 19),
(8, 27),
(8, 25),
(7, 27),
(9, 30),
(9, 12),
(9, 16),
(9, 7),
(9, 10),
(9, 29),
(9, 14),
(9, 23),
(9, 24),
(9, 11),
(9, 17),
(9, 26),
(9, 22),
(9, 20),
(9, 28),
(9, 9),
(9, 18),
(9, 21),
(9, 15),
(9, 8),
(9, 31),
(9, 13),
(9, 19),
(9, 27),
(9, 25),
(10, 30),
(10, 12),
(10, 16),
(10, 7),
(10, 10),
(10, 14),
(10, 23),
(10, 24),
(10, 11),
(10, 17),
(10, 26),
(10, 22),
(10, 20),
(10, 9),
(10, 18),
(10, 21),
(10, 15),
(10, 8),
(10, 31),
(10, 13),
(10, 19),
(10, 27),
(10, 25),
(11, 12),
(11, 16),
(11, 7),
(11, 10),
(11, 14),
(11, 23),
(11, 24),
(11, 11),
(11, 17),
(11, 22),
(11, 20),
(11, 9),
(11, 18),
(11, 21),
(11, 15),
(11, 8),
(11, 13),
(11, 19),
(11, 27),
(11, 25),
(12, 12),
(12, 16),
(12, 7),
(12, 10),
(12, 14),
(12, 23),
(12, 24),
(12, 11),
(12, 17),
(12, 22),
(12, 20),
(12, 9),
(12, 18),
(12, 21),
(12, 15),
(12, 8),
(12, 13),
(12, 19),
(12, 25),
(14, 12),
(14, 16),
(14, 7),
(14, 10),
(14, 14),
(14, 23),
(14, 24),
(14, 11),
(14, 17),
(14, 22),
(14, 20),
(14, 9),
(14, 18),
(14, 21),
(14, 15),
(14, 8),
(14, 13),
(14, 19),
(14, 25),
(13, 12),
(13, 16),
(13, 7),
(13, 10),
(13, 14),
(13, 23),
(13, 24),
(13, 11),
(13, 17),
(13, 22),
(13, 20),
(13, 9),
(13, 18),
(13, 21),
(13, 15),
(13, 8),
(13, 13),
(13, 19),
(13, 25),
(15, 12),
(15, 16),
(15, 7),
(15, 10),
(15, 14),
(15, 23),
(15, 24),
(15, 11),
(15, 17),
(15, 22),
(15, 20),
(15, 9),
(15, 18),
(15, 21),
(15, 15),
(15, 8),
(15, 13),
(15, 19),
(15, 25),
(16, 12),
(16, 16),
(16, 7),
(16, 10),
(16, 14),
(16, 23),
(16, 24),
(16, 11),
(16, 17),
(16, 20),
(16, 9),
(16, 18),
(16, 15),
(16, 8),
(16, 13),
(16, 19),
(16, 25),
(17, 12),
(17, 16),
(17, 10),
(17, 14),
(17, 23),
(17, 24),
(17, 11),
(17, 17),
(17, 22),
(17, 20),
(17, 9),
(17, 18),
(17, 21),
(17, 15),
(17, 8),
(17, 13),
(17, 19),
(17, 25),
(18, 12),
(18, 16),
(18, 10),
(18, 14),
(18, 23),
(18, 24),
(18, 11),
(18, 17),
(18, 22),
(18, 20),
(18, 9),
(18, 18),
(18, 21),
(18, 15),
(18, 8),
(18, 13),
(18, 19),
(18, 25),
(19, 12),
(19, 16),
(19, 10),
(19, 14),
(19, 23),
(19, 24),
(19, 11),
(19, 17),
(19, 22),
(19, 20),
(19, 9),
(19, 18),
(19, 21),
(19, 15),
(19, 8),
(19, 13),
(19, 19),
(19, 25),
(20, 12),
(20, 16),
(20, 10),
(20, 14),
(20, 23),
(20, 24),
(20, 11),
(20, 17),
(20, 22),
(20, 20),
(20, 9),
(20, 18),
(20, 21),
(20, 15),
(20, 8),
(20, 13),
(20, 19),
(20, 25),
(21, 12),
(21, 16),
(21, 10),
(21, 14),
(21, 23),
(21, 24),
(21, 11),
(21, 17),
(21, 22),
(21, 20),
(21, 9),
(21, 18),
(21, 21),
(21, 15),
(21, 8),
(21, 13),
(21, 19),
(21, 25),
(22, 12),
(22, 16),
(22, 10),
(22, 14),
(22, 23),
(22, 24),
(22, 11),
(22, 17),
(22, 26),
(22, 22),
(22, 20),
(22, 9),
(22, 18),
(22, 21),
(22, 15),
(22, 8),
(22, 13),
(22, 19),
(22, 27),
(22, 25),
(16, 22);

-- --------------------------------------------------------

--
-- Struktura tabeli dla tabeli `ssi_atrakcje_`
--

CREATE TABLE `ssi_atrakcje_` (
  `id` int(10) UNSIGNED NOT NULL,
  `created_at` timestamp NULL DEFAULT NULL,
  `updated_at` timestamp NULL DEFAULT NULL,
  `deleted_at` timestamp NULL DEFAULT NULL,
  `name` varchar(191) NOT NULL,
  `short_description` text NOT NULL,
  `description` text NOT NULL,
  `slug` varchar(191) NOT NULL,
  `on_main` tinyint(1) NOT NULL DEFAULT 0,
  `sort_order` int(11) NOT NULL DEFAULT 0
) ENGINE=InnoDB DEFAULT CHARSET=utf8mb4 COLLATE=utf8mb4_unicode_ci;

--
-- Dumping data for table `ssi_atrakcje_`
--

INSERT INTO `ssi_atrakcje_` (`id`, `created_at`, `updated_at`, `deleted_at`, `name`, `short_description`, `description`, `slug`, `on_main`, `sort_order`) VALUES
(1, '2020-03-26 14:18:33', '2020-04-03 10:10:40', '2020-04-03 10:10:40', 'Podziemne miasto na wyspie Wolin', 'Na wyspie Wolin znajduje się obiekt militarny, którego tajemnica przez lata była pilnie strzeżona. To sieć podziemnych korytarzy łączących kilka wielkich schronów, ukrytych pod nadmorskimi wydmami.', '<p>Na wyspie Wolin znajduje się obiekt militarny, którego tajemnica przez lata była pilnie strzeżona. To sieć podziemnych korytarzy łączących kilka wielkich schronów, ukrytych pod nadmorskimi wydmami.</p>', 'podziemne-miasto-na-wyspie-wolin', 1, 0),
(2, '2020-03-26 14:20:06', '2020-04-03 10:10:40', '2020-04-03 10:10:40', 'Cesarskie kurorty', 'Od roku 1952, dzięki polityce prowadzonej przez państwo, niemiecka część wyspy Uznam ożyła turystycznie. Po przemianach w Heringsdorfie zostało zbudowane nowe molo, którego otwarcie nastąpiło w 1995 roku.', '<p>Od roku 1952, dzięki polityce prowadzonej przez państwo, niemiecka część wyspy Uznam ożyła turystycznie. Po przemianach w Heringsdorfie zostało zbudowane nowe molo, którego otwarcie nastąpiło w 1995 roku.&nbsp;</p>', 'cesarskie-kurorty', 1, 0),
(3, '2020-03-26 14:20:43', '2020-04-03 10:10:40', '2020-04-03 10:10:40', 'Rezerwat ptaków', 'Rezerwat Karsiborska Kępa jest położony na wyspie o tej samej nazwie, będącej częścią Delty Świny – ostoi ptaków o randze europejskiej. Rezerwat ten jest pierwszym rezerwatem należącym do Towarzystwa.', '<p>Rezerwat Karsiborska Kępa jest położony na wyspie o tej samej nazwie, będącej częścią Delty Świny – ostoi ptaków o randze europejskiej. Rezerwat ten jest pierwszym rezerwatem należącym do Towarzystwa.</p>', 'rezerwat-ptakow', 1, 0),
(4, '2020-04-03 09:49:13', '2020-05-22 12:36:23', NULL, 'Park Zdrojowy', 'Założenie Parku Zdrojowego pokrywa się z początkami miasta Świnoujście w 1765 i budową kurortu pół wieku później.', '<p>Założenie Parku Zdrojowego pokrywa się z początkami miasta Świnoujście w 1765 i budową kurortu pół wieku później. Otwarcie pierwszego sezonu kąpieliskowego odbyło się w 1824, a pierwszy dom zdrojowy oddano do użytku już w 1826 (położony był w pobliżu nabrzeża portowego, niestety został rozebrany zaraz po wybuchu I wojny światowej). W rozwój uzdrowiska zaangażował się sam nadprezydent Pomorza (Królestwo Prus) Johann August von Sack, dzięki któremu projekt Parku Zdrojowego opracował Peter Joseph Lenne, słynny pruski architekt ogrodów. P. J. Lenne w 1827 przesłał z Sanssouci około 1,5 tysiąca sadzonek drzew i krzewów. W roku następnym, park był już właściwie skomponowany. Wejście do Parku Zdrojowego jest kilkanaście metrów od Apartamentów Rondo.</p>\r\n\r\n<p>\r\n	<br>\r\n</p>', 'park-zdrojowy', 1, 1),
(5, '2020-04-03 10:11:29', '2020-07-09 10:33:23', NULL, 'Fort Gerharda', 'Fort Gerharda jest jednym z niewielu w Europie żywych muzeów, gdzie turyści mogą na chwilę przenieść się w czasie! I na własnej skórze poczuć smak wojskowej służby.', '<p>Fort Gerharda jest jednym z niewielu w Europie żywych muzeów, gdzie turyści mogą na chwilę przenieść się w czasie! I na własnej skórze poczuć smak wojskowej służby. Zwiedzanie Fortu ma formę przyspieszonego przeszkolenia wojskowego. Turyści zwiedzają fortecę pod opieką „podłego” i oczywiście umundurowanego pruskiego żołdaka . W czasie marszu po terenie i wnętrzach Fortu zwiedzający poznają jego historię, przechodząc jednocześnie kilka prób, które sprawdzą czy kandydat nadaje się do wojskowej służby! </p>\r\n\r\n<p>\r\n	<br>\r\n</p>', 'fort-gerharda', 1, 2),
(6, '2020-04-03 10:14:34', '2020-07-09 10:39:11', NULL, 'Podziemne miasto militarne na wyspie Wolin', 'Na wyspie Wolin znajduje się obiekt militarny, którego tajemnica przez lata była pilnie strzeżona.', '<p>Na wyspie Wolin znajduje się obiekt militarny, którego tajemnica przez lata była pilnie strzeżona. To sieć podziemnych korytarzy łączących kilka wielkich schronów, ukrytych pod nadmorskimi wydmami.\r\n	<br>\r\n	<br>W czasie II wojny światowej stały tu potężne działa, które chronione setkami ton betonu miały bronić bazę Kriegsmarine w Świnoujściu. Po wojnie kompleks przebudowano a schrony połączono kilometrem podziemnych korytarz tworząc w pełni autonomiczne „podziemne miasto\". To stąd polscy generałowie mieli dowodzić lądowaniem jednostek Ludowego Wojska Polskiego w Skandynawii! Kompleks służył m.in. jako Wysunięte Stanowisko Dowodzenia Dowódcy Frontu Polskiego (Nadmorskiego).\r\n	<br>\r\n	<br>Już dziś przenieś się w czasie i poznaj niesamowitą historię ziemnej wojny- konfliktu który miał pogrążyć Polskę w piekle jądrowych uderzeń! Nie możesz tego przegapić! \r\n	<br>\r\n	<br>Zwiedzanie kompleksu w interaktywny sposób pod okiem polskiego żołnierza to prawdziwa podróż w czasie. </p>\r\n\r\n<p>\r\n	<br>\r\n</p>', 'podziemne-miasto-militarne-na-wyspie-wolin', 0, 3),
(7, '2020-04-03 10:16:00', '2020-07-09 10:41:18', NULL, 'Latarnia morska', 'To najwyższy znak nawigacyjny wybrzeża Morza Bałtyckiego - została wybudowana w 1854 roku, na prawym brzegu rzeki Świny w nieistniejącej już dzielnicy Osternothafen.', '<p>To najwyższy znak nawigacyjny wybrzeża Morza Bałtyckiego - została wybudowana w 1854 roku, na prawym brzegu rzeki Świny w nieistniejącej już dzielnicy Osternothafen. Początkowo miała formę ośmiokątnej wieży wybudowanej z żółtej cegły, o wysokości prawie 65 metrów. W wyniku generalnego remontu w wieku XX, wieża zmieniła wygląd - stała się w przekroju okrągła, osadzona na ośmiokątnej podstawie. II Wojna Światowa, a w jej trakcie naloty alianckie, spowodowały poważne zniszczenia, kolejno naprawiane. Generalny remont na przełomie 1999 i 2000 roku doprowadził do jej obecnego wyglądu i otwarcia dla turystów.</p>', 'latarnia-morska', 1, 4),
(8, '2020-04-03 10:16:59', '2020-05-22 12:36:23', NULL, 'Rezerwat ptaków', 'Rezerwat Karsiborska Kępa jest położony na wyspie o tej samej nazwie, będącej częścią Delty Świny – ostoi ptaków o randze europejskiej.', '<p>Rezerwat Karsiborska Kępa jest położony na wyspie o tej samej nazwie, będącej częścią Delty Świny – ostoi ptaków o randze europejskiej. Rezerwat ten jest pierwszym rezerwatem należącym do Towarzystwa. Rezerwat Karsiborska Kępa jest jednym z pierwszych rezerwatów społecznych, i chyba pierwszym, w którym jako sposób ochrony przyjęto metody czynne (aktywne działania i prace – w odróżnieniu od rezerwatów ścisłych zamkniętych na wszelkie działania człowieka).</p>', 'rezerwat-ptakow', 0, 6),
(9, '2020-04-03 13:35:05', '2020-05-22 12:36:23', NULL, 'Cesarskie kurorty', 'Ozdobne rzeźby na balkonach, werandy, duże okna, portale przed wejściami, szerokie schody – architektura “Trzech Cesarskich Uzdrowisk” jest wyjątkowa na skalę światową.', '<p>Ozdobne rzeźby na balkonach, werandy, duże okna, portale przed wejściami, szerokie schody – architektura “Trzech Cesarskich Uzdrowisk” jest wyjątkowa na skalę światową. Nigdzie indziej nie ma takiej ilości zdobień i różnorodności. Ówcześni właściciele konkurowali ze sobą i uważali, że turystów należy przyciągnąć pięknem. Mieli gust i zasobne portfele, dzięki czemu zostawili po sobie wytworne wille i pensjonaty. Przez fascynację swoich właścicieli, różnią się od siebie. Jedne są drewniane i zdobione ornamentami, inne przypominają miniatury berlińskich kamienic.</p>\r\n\r\n<p>Budowle są zazwyczaj 2 lub 4 piętrowe. Letnie rezydencje powstały na przełomie XIX i XX wieku. Domy nie są podobne do siebie, lecz wyróżnia je właśnie różnorodność. Niemcy ten tym zabudowy określają jako architektura uzdrowiskowa (niem. Bäderarchitektur). Pełne przepychu wille kosztowały majątek. W tamtych czasach jednak pieniądze nie grały roli. Dla berlińczyków ceniących sobie uroki Ahlbecku, Heringsdorfu, Bansinu i przedwojennego Świnoujścia (niem. Swinemunde) miały być miejscem odpoczynku i synonimem luksusu.</p>\r\n\r\n<p>\r\n	<br>\r\n</p>', 'cesarskie-kurorty', 0, 7),
(10, '2020-04-03 13:36:14', '2020-05-22 12:36:23', NULL, 'Wiatrak „holenderski” w Benz', 'Około 20 kilometrów od Świnoujścia w miejscowości Benz, na wzgórzu usytuowany jest wiatrak, dawny młyn wiatrowy.', '<p>Około 20 kilometrów od Świnoujścia w miejscowości Benz, na wzgórzu usytuowany jest wiatrak, dawny młyn wiatrowy. &nbsp;Z góry roztacza się malowniczy widok na okolicę, widać &nbsp;zróżnicowane ukształtowanie terenu, okoliczne akweny i miejscowości.&nbsp;</p>\r\n\r\n<p>We wnętrzu wiatraka mieści się interesujące muzeum młynarstwa (wstęp płatny). Sam obiekt i miejscowość Benz uwieczniał na swoich obrazach słynny amerykański malarz, niemieckiego pochodzenia &nbsp;Lyonel Feiniger. Artysta przybył 100 lat temu na wyspę Uznam, gdzie spędził część swojego życia, malując i rysując pejzaże, uwieczniając piękno architektury tych ziem. Ulubionym jego motywem był wiatrak. &nbsp;</p>', 'wiatrak-holenderski-w-benz', 0, 8),
(11, '2020-04-03 13:36:55', '2020-05-22 12:36:23', NULL, 'Kamminke', 'Kamminke to jedna z najstarszych wsi rybackich na terenie wyspy Uznam.  Leży nad Zalewem Szczecińskim, przy polskiej granicy.', '<p>Kamminke to jedna z najstarszych wsi rybackich na terenie wyspy Uznam. &nbsp;Leży nad Zalewem Szczecińskim, przy polskiej granicy. Mieszkańcy osady już od XVII wieku utrzymywali się z &nbsp;rybołówstwa. Zamieszkiwali chaty pokryte strzechą, które można&nbsp;</p>\r\n\r\n<p>w Kamminke oglądać po dzień dzisiejszy. Miejscowość jest malowniczo położona - część domów znajduje się na ponad 20-metrowych urwiskach, które otaczają zatoczkę Zalewu. W środku Kamminke znajduje się miejsce widokowe, z którego widać Świnoujście i Zalew Szczeciński. Jedna z uliczek o długości tylko 210 metrów zaczyna się na wysokości 6, a kończy na aż 24 metrach nad poziomem morza. Nad wodami Zalewu znajduje się mały port rybacki, gdzie w sezonie letnim dobijąją jachty i łodzie motorowe z turystami. Obok znajduje się niewielka plaża z niestrzeżonym kąpieliskiem, małe pole na przyczepy campingowe, obszerny parking, trawiaste boisko do gry w piłkę nożną i siatkówkę. Warto wiedzieć, że w Kamminke znajduje się najwyższe na wyspie Uznam wzniesienie (71 m.n.p.m.) Golm z &nbsp;Niemieckim Cmentarzem Ofiar Wojennych, gdzie są pochowane ofiary dywanowego nalotu alianckiego na Świnoujście w 1944 roku. Ponad 20 000 grobów czyni go największym cmentarzem wojennym w Meklemburgii Pomorzu Przednim oraz jednym z największych w Niemczech.</p>\r\n\r\n<p>\r\n	<br>\r\n</p>', 'kamminke', 0, 9),
(12, '2020-04-03 13:37:49', '2020-05-22 12:36:23', NULL, 'Zamek na wodzie i średniowieczny kościół w Mellenthin', 'To co bezwzględnie należy zobaczyć w pobliżu Świnoujścia to miejscowość Mellenthin.', '<p>To co bezwzględnie należy zobaczyć w pobliżu Świnoujścia to miejscowość Mellenthin. Otoczona polami i lasami, leży w środkowej części wyspy Uznam i jako jedna z nielicznych na wyspie nie ma dostępu ani do morza, ani do Zalewu Szczecińskiego, ani do jeziora. Najstarszym i najciekawszym miejscem do zwiedzenia w Mellenthin jest średniowieczny kościół, wybudowany w 1330 roku z kamienia i czerwonej cegły. Chór, wzniesiony prawdopodobnie w XIV wieku, posiada sklepienie krzyżowe, na którym do dzisiaj zachowały się unikatowe malowidła, część z nich z 1420 roku. Wokół kościoła znajduje się stary cmentarz otoczony ceglanym murem - do dzisiaj zachowały się metalowe krzyże. W kościele pochowany jest pierwszy właściciel zamku Mellenthin, Rüdiger von Neuenkirchen i jego żona Ilsabe z Eickstädt. Najstarszym elementem kościoła to kamień młyński z czasów wczesnosłowiańskich. Obecnie wbudowany jest w mur przy wejściu i używany jako misa ze święconą wodą.</p>', 'zamek-na-wodzie-i-sredniowieczny-kosciol-w-mellenthin', 0, 10),
(13, '2020-04-03 13:39:09', '2020-05-22 12:36:23', NULL, 'Stolpe', 'Malownicze Stolpe leży w południowo-zachodniej części wyspy i jest jednym z najstarszych miast na Uznamie.', '<p>Malownicze Stolpe leży w południowo-zachodniej części wyspy i jest jednym z najstarszych miast na Uznamie. &nbsp;Przez większość istnienia była w posiadaniu rodziny Schwerin aż do II wojny światowej. Po wojnie Stolpe nie rozwinęło się. W XV wieku w Stolpe zbudowano kościół, który został zniszczony przez piorun w 1867 roku. &nbsp;</p>\r\n\r\n<p>W latach 1871-73 zostaje odbudowany z czerwonej cegły, zamontowano organy wykonane w pracowni Grüneberga w Szczecinie. Wnętrze zaprojektowali miejscowi cieśle. Kościół należy do parafii luterańskiej w Usedom. Przed kościołem znajduje się pomnik pamięci ofiar I wojny światowej - żołnierz trzymający granat. Atrakcją Stolpe jest zamek, obecnie odnawiany i rekonstruowany przez utworzone specjalnie w tym celu Stowarzyszenie. Pierwsze jego części wzniesiono w latach 1570 i 1600. Odnowiony i rozbudowany został pod koniec XVII wieku. Ponownie zamek przebudował Friedrich von Schwerin w 1905 roku. &nbsp;Aktualnie w jego wnętrzu organizowane są kilka razy w roku imprezy, między innymi koncerty. Ciekawe są również zabudowania w pobliżu zamku.</p>\r\n\r\n<p>\r\n	<br>\r\n</p>', 'stolpe', 0, 11),
(14, '2020-04-03 13:40:25', '2020-05-22 12:36:23', NULL, 'Zinnowitz', 'Zinnowitz zwane perłą Bałtyku leży w północnej części wyspy. Jest to trzecie, po Heringsdorf i Świnoujściu najstarsze uzdrowisko na Uznamie.', '<p>Zinnowitz zwane perłą Bałtyku leży w północnej części wyspy. Jest to trzecie, po Heringsdorf i Świnoujściu najstarsze uzdrowisko na Uznamie. Przypadający na lata dwudzieste ubiegłego wieku rozkwit miasta zaowocował pięknymi budynkami, zarówno dużych hoteli, jak i małych rodzinnych pensjonatów, willi i kamienic. Molo, którego długość wynosi 315 metrów posiada dodatkową atrakcję w postaci gondoli, zanurzającej się na ruchomym trzpieniu kilka metrów pod wodę. Przy promenadzie nową atrakcją jest Promenade Hall - dom z wieżą widokową, której taras można podnieść o 20 metrów w górę. Jednorazowo na tarasie widokowym mieści się 35 osób. Zinnowitz posiada kryty basen, korty tenisowe.</p>', 'zinnowitz', 0, 12),
(15, '2020-04-14 09:56:11', '2020-07-06 09:34:55', NULL, 'Truskawkowe Miasteczko w Koserow', 'W położonym 20 kilometrów od Świnoujścia niemieckim Koserow można zwiedzać największą atrakcję turystyczną – park rozrywki rodziny Karls.', '<p>W położonym 20 kilometrów od Świnoujścia niemieckim Koserow można zwiedzać największą atrakcję turystyczną – park rozrywki rodziny Karls. Jest to kolejny tego rodzaju park tej popularnej w Niemczech sieci.</p>\r\n\r\n<p>Park rozrywki położony jest na powierzchni 4,25 ha tuż przy głównej drodze nr 111. Pierwsze rodzinne przedsiębiorstwo otwarto w 1921 roku na farmie truskawek w Rövershagen niedaleko Rostocku. Zaczęło się bardzo niewinnie od sprzedaży truskawek. Właściciele zauważyli, że klientów jest tak dużo, że zaczęli handlować także innymi produktami takimi jak: soki, marmolady z truskawek, wino, truskawkowy marcepan, czy słodycze. W 1993 roku otworzyli pierwszy park rozrywki. </p>\r\n\r\n<p>W tym w Koserow można zjechać ze zjeżdżalni na poduszce, pojeździć na kucyku, czy traktorem. Wstęp do parku jest darmowy. Zapłacić trzeba za niektóre atrakcje i oczywiście zakupy. </p>\r\n\r\n<p>\r\n	<br>\r\n</p>', 'truskawkowe-miasteczko-w-koserow', 0, 13),
(16, '2020-04-14 09:57:39', '2020-05-22 12:36:23', NULL, 'Oceanarium w Straslundzie', 'Sercem OZEANEUM i wszystkich akwariów, a zarazem największym zbiornikiem wypełnionym 2,6 milionami litrów wody jest „Otwarty Atlantyk“.', '<p>Sercem OZEANEUM i wszystkich akwariów, a zarazem największym zbiornikiem wypełnionym 2,6 milionami litrów wody jest „Otwarty Atlantyk“. Ten basen o 17-to metrowej przekątnej i 9-cio metrowej głębokości można podziwiać z dwóch poziomów. Akrylowa szyba panoramiczna o powierzchni 50 metrów kwadratowych ma 30 centymetrów grubości, by sprostać olbrzymiemu ciśnieniu wody.</p>\r\n\r\n<p>Nową atrakcją akwarium jest 11 metrowy wrak. Wrak ten zapewnia schronienie dla różnorodnych mieszkańców zbiornika, takich jak dorady czy okonie morskie. Sam wrak jest miniaturową repliką zatopionego statku towarowego z 1909 roku.</p>\r\n\r\n<p>Ulubieńcami wszystkich są pingwiny peruwiańskie. Można je zobaczyć na tarasie widokowym.&nbsp;</p>\r\n\r\n<p>\r\n	<br>\r\n</p>', 'oceanarium-w-straslundzie', 0, 14),
(17, '2020-04-14 10:05:57', '2020-05-22 12:36:23', NULL, 'Greifswald', 'Rynek w Greifswaldzie zaskakuje swoją wielkością. Rozpościerający się na powierzchni 11 tys. m2 łużycki granit wygląda niczym misternie utkany dywan.', '<p>Rynek w Greifswaldzie zaskakuje swoją wielkością. Rozpościerający się na powierzchni 11 tys. m2 łużycki granit wygląda niczym misternie utkany dywan. Dzisiejszy wygląd rynku jest wynikiem realizacji zwycięskiego projektu konkursu architektonicznego, który został zorganizowany z okazji 750-lecia założenia miasta. Gotyckie spichlerze mieszkalne, domy mieszczańskie z ich kolorowymi fasadami i ratusz – to wszystko trzeba zobaczyć.</p>\r\n\r\n<p>Stary port miejski jest dziś żywym muzeum, które świadczy o umiejętnościach przodków w tradycyjnej sztuce budowy łodzi i statków oraz o ich morskim życiu«. Pod tym hasłem stowarzyszenie Museumshafen Greifswald e.V. prowadzi największy w Niemczech dawny port miejski. Jest on schronieniem dla pokaźnej kolekcji starych łodzi rybackich i frachtowców żaglowych.</p>\r\n\r\n<p>\r\n	<br>\r\n</p>', 'greifswald', 0, 15),
(18, '2020-05-13 13:43:44', '2020-07-06 09:31:44', NULL, 'Stawa Młyny', 'Wiatrak jest jednym z bardziej znanych symboli Świnoujścia, Jego wizerunek można znaleźć w broszurach i informatorach.', '<h2>Wiatrak symbolem młodości</h2>\r\n\r\n<p>Wiatrak jest jednym z bardziej znanych symboli Świnoujścia, Jego wizerunek można znaleźć w broszurach i informatorach. Osoby  chcące zobaczyć wiatrak z bliska z pewnością przeżyją niezapomnianą przygodę, znajduje się on bowiem w bardzo malowniczym miejscu. Ze Stawą Młyny powiązana jest legenda, głosi ona, że w momencie gdy Świnoujście stało się miastem portowym, mieszkańcy zaczęli pracować na statkach i wypływać na długie rejsy. Po powrocie do domu byli zawsze starsi, och twarze były zniszczone przez długie przebywanie na morzu. Żona jednego z marynarzy nie mogła się pogodzić z tym, że jej mąż Krzysztof tak się zestarzał. Udała się w nocy na brzeg i płakała. Usłyszał to stary młynarz, który kazał jej następnego dnia przyjść z mężem. Marynarz miał spacerować, kąpać się w morzu oraz okładać błotem. Po tygodniu młynarz zabrał marynarza do wnętrza wiatraka i tam poddał go sekretnej kuracji, Krzysztof wyszedł stamtąd odmłodzony. Wieść szybko się rozeszła i inni marynarze również zaczęli odwiedzać wiatrak. Przyszedł jednak czas, w którym śmierć zabrała starego młynarza. Nikt nie znał jego sekretnego sposobu na odmładzanie, a do tego w momencie śmierci młynarza mechanizm wiatraka stanął w miejscu. Mimo to ludzie walczący o swój młody wygląd przyjeżdżają do Świnoujścia i stosują do rad jakich młynarz udzielił Krzysztofowi.</p>', 'stawa-mlyny', 0, 5);

-- --------------------------------------------------------

--
-- Struktura tabeli dla tabeli `ssi_galeria_galeria`
--

